000
CXUS53 KGLD 061907
CLMITR

CLIMATE REPORT
NATIONAL WEATHER SERVICE GOODLAND
107 PM MDT MON JUL 6 2015

...................................

...THE BURLINGTON CLIMATE SUMMARY FOR THE MONTH OF JUNE 2015...

CLIMATE NORMAL PERIOD 1981 TO 2010
CLIMATE RECORD PERIOD 1896 TO 2015

WEATHER         OBSERVED          NORMAL  DEPART  LAST YEAR`S
                 VALUE   DATE(S)  VALUE   FROM    VALUE  DATE(S)
                                          NORMAL
................................................................
TEMPERATURE (F)
RECORD
 HIGH             112   06/15/1952
 LOW               31   06/04/1919
HIGHEST            95   06/30        99      -4       96  06/20
LOWEST             53   06/01        45       8       41  06/10
AVG. MAXIMUM     84.9              82.8     2.1     83.7
AVG. MINIMUM     58.6              54.2     4.4     54.3
MEAN             71.8              68.5     3.3     69.0
DAYS MAX >= 90      8               6.9     1.1        8
DAYS MAX <= 32      0               0.0     0.0        0
DAYS MIN <= 32      0               0.0     0.0        0
DAYS MIN <= 0       0               0.0     0.0        0

PRECIPITATION (INCHES)
RECORD
 MAXIMUM         7.87   1965
 MINIMUM         0.00   1952
TOTALS           2.91              2.88    0.03     2.36
DAILY AVG.       0.10              0.10    0.00     0.08
DAYS >= .01         9                MM      MM       14
DAYS >= .10         7                MM      MM        8
DAYS >= .50         2                MM      MM        1
DAYS >= 1.00        1                MM      MM        0
GREATEST
 24 HR. TOTAL    1.21   06/05 TO 06/05              1.00
 STORM TOTAL       MM
 (MM/DD(HH))            MM

.................................................................

-  INDICATES NEGATIVE NUMBERS.
R  INDICATES RECORD WAS SET OR TIED.
MM INDICATES DATA IS MISSING.
T  INDICATES TRACE AMOUNT.

$$
