000
CXUS53 KGLD 090212 RRA
CLMITR

CLIMATE REPORT
NATIONAL WEATHER SERVICE GOODLAND
809 PM MDT THU JUN 8 2017

...................................

...THE BURLINGTON CLIMATE SUMMARY FOR THE MONTH OF MAY 2017...

CLIMATE NORMAL PERIOD 1981 TO 2010
CLIMATE RECORD PERIOD 1896 TO 2017

WEATHER         OBSERVED          NORMAL  DEPART  LAST YEAR`S
                 VALUE   DATE(S)  VALUE   FROM    VALUE  DATE(S)
                                          NORMAL
................................................................
TEMPERATURE (F)
RECORD
 HIGH             101   05/29/2000
 LOW               21   05/03/1907
HIGHEST            86   05/07        91      -5       90  05/21
LOWEST             30   05/01        31      -1       28  05/02
AVG. MAXIMUM     71.5              72.8    -1.3     71.0
AVG. MINIMUM     43.3              44.4    -1.1     43.8
MEAN             57.4              58.6    -1.2     57.4
DAYS MAX >= 90      0               1.1    -1.1        1
DAYS MAX <= 32      0               0.0     0.0        0
DAYS MIN <= 32      2               1.3     0.7        2
DAYS MIN <= 0       0               0.0     0.0        0

PRECIPITATION (INCHES)
RECORD
 MAXIMUM         7.20   2015
 MINIMUM         0.03   1927
TOTALS           4.96              2.58    2.38     1.71
DAILY AVG.       0.16              0.08    0.08     0.06
DAYS >= .01        18                MM      MM       10
DAYS >= .10        13                MM      MM        6
DAYS >= .50         3                MM      MM        0
DAYS >= 1.00        1                MM      MM        0
GREATEST
 24 HR. TOTAL    1.72   05/09 TO 05/09              0.58


.................................................................



-  INDICATES NEGATIVE NUMBERS.
R  INDICATES RECORD WAS SET OR TIED.
MM INDICATES DATA IS MISSING.
T  INDICATES TRACE AMOUNT.

$$
