000
CXUS54 KJAN 011551
CLMJAN


CLIMATE REPORT
NATIONAL WEATHER SERVICE JACKSON MS
949 AM CST WED MAR 1 2017

...................................

...THE JACKSON CLIMATE SUMMARY FOR THE MONTH OF FEBRUARY 2017...

CLIMATE NORMAL PERIOD 1981 TO 2010
CLIMATE RECORD PERIOD 1896 TO 2017

WEATHER         OBSERVED          NORMAL  DEPART  LAST YEAR`S
                 VALUE   DATE(S)  VALUE   FROM    VALUE  DATE(S)
                                          NORMAL
................................................................
TEMPERATURE (F)
RECORD
 HIGH              89   02/25/1918
 LOW                1   02/02/1951
HIGHEST            83   02/28        79       4       77  02/02
                        02/20
                        02/12
LOWEST             30   02/04        20      10       23  02/10
AVG. MAXIMUM     71.5              60.5    11.0     64.5
AVG. MINIMUM     47.0              38.5     8.5     40.8
MEAN             59.2              49.5     9.7     52.6
DAYS MAX >= 90      0               0.0     0.0        0
DAYS MAX <= 32      0               0.2    -0.2        0
DAYS MIN <= 32      2               8.1    -6.1        7
DAYS MIN <= 0       0               0.0     0.0        0

PRECIPITATION (INCHES)
RECORD
 MAXIMUM        12.94   1896
 MINIMUM         1.15   1947
TOTALS           2.31              4.76   -2.45     8.23
DAILY AVG.       0.08              0.17   -0.09     0.28
DAYS >= .01         7               9.8    -2.8        6
DAYS >= .10         5               6.4    -1.4        5
DAYS >= .50         1               3.4    -2.4        4
DAYS >= 1.00        1               1.4    -0.4        2
GREATEST
 24 HR. TOTAL    1.13   02/27 TO 02/27              5.15

SNOWFALL (INCHES)
RECORDS
 TOTAL            9.1   1960
TOTALS            0.0               0.1    -0.1      0.0
SINCE 7/1         0.8               0.7     0.1        T
DAYS >= TRACE       0
DAYS >= 1.0         0               0.0     0.0        0
GREATEST
 24 HR TOTAL      0.0   02/28 TO 02/28

DEGREE_DAYS
HEATING TOTAL     190               440    -250      362
 SINCE 7/1       1118              1992    -874     1391
COOLING TOTAL      35                 6      29        9
 SINCE 1/1         58                10      48        9
.................................................................

WIND (MPH)
AVERAGE WIND SPEED              8.3
HIGHEST WIND SPEED/DIRECTION    28/350    DATE  02/08
HIGHEST GUST SPEED/DIRECTION    38/350    DATE  02/08

SKY COVER
POSSIBLE SUNSHINE (PERCENT)   MM
AVERAGE SKY COVER           0.50
NUMBER OF DAYS FAIR           11
NUMBER OF DAYS PC             12
NUMBER OF DAYS CLOUDY          5

AVERAGE RH (PERCENT)     66

WEATHER CONDITIONS. NUMBER OF DAYS WITH
THUNDERSTORM              3     MIXED PRECIP               0
HEAVY RAIN                5     RAIN                       7
LIGHT RAIN               12     FREEZING RAIN              0
LT FREEZING RAIN          0     HAIL                       1
HEAVY SNOW                0     SNOW                       0
LIGHT SNOW                0     SLEET                      0
FOG                      16     FOG W/VIS <= 1/4 MILE      2
HAZE                      2

-  INDICATES NEGATIVE NUMBERS.
R  INDICATES RECORD WAS SET OR TIED.
MM INDICATES DATA IS MISSING.
T  INDICATES TRACE AMOUNT.

$$
