000
CXUS54 KMEG 011832
CLMJBR

CLIMATE REPORT...CORRECTED
NATIONAL WEATHER SERVICE MEMPHIS TN
1218 PM CST SUN FEB 1 2015

...................................

...THE JONESBORO CLIMATE SUMMARY FOR THE MONTH OF JANUARY 2015...

CLIMATE NORMAL PERIOD 1981 TO 2010
CLIMATE RECORD PERIOD 1897 TO 2015

WEATHER         OBSERVED          NORMAL  DEPART  LAST YEAR`S
                 VALUE   DATE(S)  VALUE   FROM    VALUE  DATE(S)
                                          NORMAL
................................................................
TEMPERATURE (F)
RECORD
 HIGH              82   01/21/1906
 LOW              -18   01/12/1918
HIGHEST            64   01/19        45      19       62  01/13
LOWEST              8   01/08        27     -19        4  01/07
AVG. MAXIMUM     45.5              46.2    -0.7     44.4
AVG. MINIMUM     27.5              28.7    -1.2     21.6
MEAN             36.5              37.5    -1.0     33.0
DAYS MAX >= 90      0               0.0     0.0        0
DAYS MAX <= 32      5               3.5     1.5        5
DAYS MIN <= 32     24              20.8     3.2       27
DAYS MIN <= 0       0               0.0     0.0        0

PRECIPITATION (INCHES)
RECORD
 MAXIMUM        18.95   1937
 MINIMUM         0.05   1905
TOTALS           1.50              3.43   -1.93     2.12
DAILY AVG.       0.05              0.11   -0.06     0.07
DAYS >= .01         5                MM      MM        7
DAYS >= .10         4                MM      MM        3
DAYS >= .50         1                MM      MM        1
DAYS >= 1.00        0                MM      MM        1
GREATEST
 24 HR. TOTAL    0.73   01/02 TO 01/03

SNOWFALL (INCHES)
RECORDS
 TOTAL           16.5   1918
TOTALS              T               2.2    -2.2        T
SINCE 7/1         0.3               2.8    -2.5      1.0
SNOWDEPTH AVG.      0                MM      MM        0
DAYS >= 1.0         0                MM      MM        0
GREATEST
 SNOW DEPTH         0   MM                             0  MM
 24 HR TOTAL        T   01/11 TO 01/11

DEGREE_DAYS
HEATING TOTAL     878               854      24      983
 SINCE 7/1       2324              2296      28     2543
COOLING TOTAL       0                 0       0        0
 SINCE 1/1          0                 0       0        0
.................................................................

WIND (MPH)
AVERAGE WIND SPEED              7.7
HIGHEST WIND SPEED/DIRECTION    26/290    DATE  01/25
HIGHEST GUST SPEED/DIRECTION    35/020    DATE  01/07

SKY COVER
POSSIBLE SUNSHINE (PERCENT)   MM
AVERAGE SKY COVER           0.40
NUMBER OF DAYS FAIR           18
NUMBER OF DAYS PC              6
NUMBER OF DAYS CLOUDY          7

AVERAGE RH (PERCENT)     71

WEATHER CONDITIONS. NUMBER OF DAYS WITH
THUNDERSTORM              0     MIXED PRECIP               0
HEAVY RAIN                2     RAIN                       3
LIGHT RAIN                7     FREEZING RAIN              0
LT FREEZING RAIN          0     HAIL                       0
HEAVY SNOW                0     SNOW                       0
LIGHT SNOW                1     SLEET                      3
FOG                       7     FOG W/VIS <= 1/4 MILE      0
HAZE                      0

-  INDICATES NEGATIVE NUMBERS.
R  INDICATES RECORD WAS SET OR TIED.
MM INDICATES DATA IS MISSING.
T  INDICATES TRACE AMOUNT.

$$
