000
CXUS51 KOKX 011721
CLMJFK

NYCCLMJFK 000
TTAA00 KOKX 011712


CLIMATE REPORT
NATIONAL WEATHER SERVICE NEW YORK NY
1221 PM EST SUN FEB 1 2015

...................................

...THE KENNEDY NY CLIMATE SUMMARY FOR THE MONTH OF JANUARY 2015...

CLIMATE NORMAL PERIOD 1981 TO 2010
CLIMATE RECORD PERIOD 1949 TO 2015

WEATHER         OBSERVED          NORMAL  DEPART  LAST YEAR`S
                 VALUE   DATE(S)  VALUE   FROM    VALUE  DATE(S)
                                          NORMAL
................................................................
TEMPERATURE (F)
RECORD
 HIGH              71   01/06/2007
 LOW               -2   01/21/1985
HIGHEST            55   01/04        MM      MM       54  01/11
LOWEST              8   01/08        MM      MM        3  01/04
AVG. MAXIMUM     37.3              39.1    -1.8     36.1
AVG. MINIMUM     24.1              26.3    -2.2     21.1
MEAN             30.7              32.7    -2.0     28.6
DAYS MAX >= 90      0               0.0     0.0        0
DAYS MAX <= 32      8               7.0     1.0       11
DAYS MIN <= 32     26              21.8     4.2       26
DAYS MIN <= 0       0               0.0     0.0        0

PRECIPITATION (INCHES)
RECORD
 MAXIMUM         8.33   1979
 MINIMUM         0.49   1981
TOTALS           5.31              3.16    2.15     3.01
DAILY AVG.       0.17              0.10    0.07     0.10
DAYS >= .01        11              10.5     0.5       12
DAYS >= .10         7               5.9     1.1        9
DAYS >= .50         4               2.1     1.9        2
DAYS >= 1.00        1               0.7     0.3        0
GREATEST
 24 HR. TOTAL    1.62   01/18 TO 01/18           01/10 TO 01/11

 STORM TOTAL       MM                                 MM
 (MM/DD(HH))            MM

SNOWFALL (INCHES)
RECORDS
 TOTAL           23.0   1996
 24 HR TOTAL       MM
TOTALS           17.1               6.3    10.8     17.0
 LIQUID EQUIV    1.71              0.60    1.11     1.70
SINCE 7/1        17.5              11.2     6.3
 LIQUID 7/1      1.75              1.10             2.39
DAYS >= TRACE      11               4.6     6.4       13
DAYS >= 1.0         5               1.5     3.5        4
GREATEST
 SNOW DEPTH        10   01/28                          7  01/23
                                                          01/22
                                                          01/04
 24 HR TOTAL      5.6   01/27 TO 01/27            01/11 TO 01/11

 STORM TOTAL       MM                                 MM
 (MM/DD(HH))            MM

DEGREE_DAYS
HEATING TOTAL    1058              1001      57     1124
 SINCE 7/1       2564              2670    -106     2766
COOLING TOTAL       0                 0       0        0
 SINCE 1/1          0                 0       0        0
..................................................

WIND (MPH)
AVERAGE WIND SPEED              13.6
HIGHEST WIND SPEED/DIRECTION    MM        DATE   MM
HIGHEST GUST SPEED/DIRECTION    MM        DATE   MM

SKY COVER
POSSIBLE SUNSHINE (PERCENT)   MM
AVERAGE SKY COVER           0.60
NUMBER OF DAYS FAIR            6
NUMBER OF DAYS PC             15
NUMBER OF DAYS CLOUDY         10

AVERAGE RH (PERCENT)     55

WEATHER CONDITIONS. NUMBER OF DAYS WITH
THUNDERSTORM              0     MIXED PRECIP               0
HEAVY RAIN                2     RAIN                       4
LIGHT RAIN                5     FREEZING RAIN              0
LT FREEZING RAIN          0     HAIL                       0
HEAVY SNOW                0     SNOW                       4
LIGHT SNOW               10     SLEET                      0
FOG                       9     FOG W/VIS <= 1/4 MILE      2
HAZE                      0

-  INDICATES NEGATIVE NUMBERS.
R  INDICATES RECORD WAS SET OR TIED.
MM INDICATES DATA IS MISSING.
T  INDICATES TRACE AMOUNT.

$$
