000
CXUS52 KILM 011433
CLMLBT


CLIMATE REPORT
NATIONAL WEATHER SERVICE WILMINGTON NC
1029 AM EDT THU SEP 1 2016

...................................

...THE LUMBERTON NC CLIMATE SUMMARY FOR THE MONTH OF AUGUST 2016...

CLIMATE NORMAL PERIOD 1981 TO 2010
CLIMATE RECORD PERIOD 9999 TO 9999

WEATHER         OBSERVED          NORMAL  DEPART  LAST YEAR`S
                 VALUE   DATE(S)  VALUE   FROM    VALUE  DATE(S)
                                          NORMAL
................................................................
TEMPERATURE (F)
HIGHEST            96   08/26                         99
                        08/17
                        08/15
LOWEST             61   08/25                         63
AVG. MAXIMUM     91.8              88.3     3.5     91.1
AVG. MINIMUM     72.3              69.7     2.6     70.1
MEAN             82.0              79.0     3.0     80.6
DAYS MAX >= 90     25              10.8    14.2       19
DAYS MAX <= 32      0               0.0     0.0        0
DAYS MIN <= 32      0               0.0     0.0        0
DAYS MIN <= 0       0               0.0     0.0        0

PRECIPITATION (INCHES)
RECORD
 MAXIMUM        11.08   1992
 MINIMUM         0.72   2010
TOTALS           4.03              5.50   -1.47     3.98
DAILY AVG.       0.13              0.18   -0.05     0.13
DAYS >= .01        14                                  9
DAYS >= .10         8                                  7
DAYS >= .50         3                                  3
DAYS >= 1.00        1                                  2
GREATEST
 24 HR. TOTAL    1.47   08/02 TO 08/03

DEGREE_DAYS
HEATING TOTAL       0                 0       0        0
COOLING TOTAL     536               434     102      489
........................................................

WIND (MPH)
AVERAGE WIND SPEED              4.5
RESULTANT WIND SPEED/DIRECTION   1/159
HIGHEST WIND SPEED/DIRECTION    28/130    DATE  08/29
HIGHEST GUST SPEED/DIRECTION    36/120    DATE  08/29

SKY COVER
POSSIBLE SUNSHINE (PERCENT)   MM
AVERAGE SKY COVER           0.30
NUMBER OF DAYS FAIR           23
NUMBER OF DAYS PC              6
NUMBER OF DAYS CLOUDY          1

AVERAGE RH (PERCENT)     75

WEATHER CONDITIONS. NUMBER OF DAYS WITH
THUNDERSTORM             12     MIXED PRECIP              MM
HEAVY RAIN                7     RAIN                       9
LIGHT RAIN               14     FREEZING RAIN              0
LT FREEZING RAIN          0     HAIL                      MM
HEAVY SNOW                0     SNOW                       0
LIGHT SNOW                0     SLEET                     MM
FOG                      18     FOG W/VIS <= 1/4 MILE      1
HAZE                      2

-  INDICATES NEGATIVE NUMBERS.
R  INDICATES RECORD WAS SET OR TIED.
MM INDICATES DATA IS MISSING.
T  INDICATES TRACE AMOUNT.

$$
