677
CXUS51 KOKX 011537 RRA
CLMLGA

CLIMATE REPORT
NATIONAL WEATHER SERVICE NEW YORK NY
1037 AM EST MON FEB 1 2016

...................................

...THE LAGUARDIA NY CLIMATE SUMMARY FOR THE MONTH OF JANUARY 2016...

CLIMATE NORMAL PERIOD 1981 TO 2010
CLIMATE RECORD PERIOD 1945 TO 2016

WEATHER         OBSERVED          NORMAL  DEPART  LAST YEAR`S
                 VALUE   DATE(S)  VALUE   FROM    VALUE  DATE(S)
                                          NORMAL
................................................................
TEMPERATURE (F)
RECORD
 HIGH              95   01/12/2015
 LOW               -3   01/19/1994
                        01/21/1985
HIGHEST            59   01/10        MM      MM       57  01/04
LOWEST             13   01/05        MM      MM        8  01/08
AVG. MAXIMUM     41.9              39.3     2.6     36.0
AVG. MINIMUM     29.4              26.6     2.8     23.6
MEAN             35.6              32.9     2.7     29.8
DAYS MAX >= 90      0               0.0     0.0        0
DAYS MAX <= 32      5               7.1    -2.1        9
DAYS MIN <= 32     20              20.7    -0.7       27
DAYS MIN <= 0       0               0.1    -0.1        0

PRECIPITATION (INCHES)
RECORD
 MAXIMUM         8.68   1979
 MINIMUM         0.51   1981
TOTALS           4.17              3.17    1.00     4.98
DAILY AVG.       0.13              0.10    0.03     0.16
DAYS >= .01         7              10.3    -3.3       11
DAYS >= .10         3               5.8    -2.8        9
DAYS >= .50         2               2.1    -0.1        3
DAYS >= 1.00        2               0.7     1.3        1
GREATEST
 24 HR. TOTAL    2.40   01/23 TO 01/23           01/18 TO 01/18
                                                          01/26 TO 01/26
                                                          01/26 TO 01/26
 STORM TOTAL       MM                                 MM
 (MM/DD(HH))            MM                    01/18(00) TO 01/18(00)
                                                 01/26(00) TO 01/26(00)6
                                                 01/26(00) TO 01/26(00)6

SNOWFALL (INCHES)
RECORDS
 TOTAL           32.6   2011
 24 HR TOTAL       MM
TOTALS           28.8               7.4    21.4     19.7
 LIQUID EQUIV    2.88              0.70    2.18     1.97
SINCE 7/1        28.8              12.9    15.9     21.4
 LIQUID 7/1      2.88              1.30             2.14
DAYS >= TRACE       7               4.6     2.4       11
DAYS >= 1.0         1               1.9    -0.9        6
GREATEST
 SNOW DEPTH        27   01/24                          9  01/27
 24 HR TOTAL     27.9   MM                       01/26 TO 01/26
                                                          01/26 TO 01/26
                                                          01/26 TO 01/26
 STORM TOTAL       MM                                 MM
 (MM/DD(HH))            MM                    01/26(00) TO 01/26(00)
                                                 01/26(00) TO 01/26(00)6
                                                 01/26(00) TO 01/26(00)6

DEGREE_DAYS
HEATING TOTAL     902               993     -91     1083
 SINCE 7/1       1897              2599    -702     2586
COOLING TOTAL       0                 0       0        0
 SINCE 1/1          0                 0       0        0
.......................................................

WIND (MPH)
AVERAGE WIND SPEED              12.2
HIGHEST WIND SPEED/DIRECTION    38/050    DATE  01/23
HIGHEST GUST SPEED/DIRECTION    51/270    DATE  01/13

SKY COVER
POSSIBLE SUNSHINE (PERCENT)   MM
AVERAGE SKY COVER           0.60
NUMBER OF DAYS FAIR            7
NUMBER OF DAYS PC             16
NUMBER OF DAYS CLOUDY          8

AVERAGE RH (PERCENT)     53

WEATHER CONDITIONS. NUMBER OF DAYS WITH
THUNDERSTORM              0     MIXED PRECIP               0
HEAVY RAIN                1     RAIN                       2
LIGHT RAIN                6     FREEZING RAIN              0
LT FREEZING RAIN          0     HAIL                       0
HEAVY SNOW                1     SNOW                       1
LIGHT SNOW                7     SLEET                      0
FOG                       6     FOG W/VIS <= 1/4 MILE      1
HAZE                      4

-  INDICATES NEGATIVE NUMBERS.
R  INDICATES RECORD WAS SET OR TIED.
MM INDICATES DATA IS MISSING.
T  INDICATES TRACE AMOUNT.

$$
