000
CXHW51 PHFO 071847
CLMLIH


CLIMATE REPORT
NATIONAL WEATHER SERVICE HONOLULU HI
847 AM HST FRI NOV 7 2014

...................................

...THE LIHUE HI CLIMATE SUMMARY FOR THE MONTH OF OCTOBER 2014...

CLIMATE NORMAL PERIOD 1981 TO 2010
CLIMATE RECORD PERIOD 1946 TO 2014

WEATHER         OBSERVED          NORMAL  DEPART  LAST YEAR`S
                 VALUE   DATE(S)  VALUE   FROM    VALUE  DATE(S)
                                          NORMAL
................................................................
TEMPERATURE (F)
RECORD
 HIGH              91   10/09/2012
 LOW               61   10/17/2006
                        10/27/1993
HIGHEST            89   10/06        84       5       84  10/28
                                                          10/27
                                                          10/07
LOWEST             70   10/27        73      -3       68  10/21
                        10/06                             10/20
                        10/05                             10/19
AVG. MAXIMUM     85.6              83.4     2.2     82.7
AVG. MINIMUM     74.6              72.9     1.7     71.8
MEAN             80.1              78.1     2.0     77.3
DAYS MAX >= 90      0               0.0     0.0        0
DAYS MAX <= 32      0               0.0     0.0        0
DAYS MIN <= 32      0               0.0     0.0        0
DAYS MIN <= 0       0               0.0     0.0        0

PRECIPITATION (INCHES)
RECORD
 MAXIMUM        18.04   1982
 MINIMUM         0.35   2012
TOTALS           2.74              3.82   -1.08     7.99
DAILY AVG.       0.09              0.12   -0.03     0.26
DAYS >= .01        21              17.2     3.8       17
DAYS >= .10        11               6.5     4.5        4
DAYS >= .50         0               2.0    -2.0        2
DAYS >= 1.00        0               0.8    -0.8        2
GREATEST
 24 HR. TOTAL    0.62   10/30 TO 10/31              5.93

SNOWFALL (INCHES)
RECORDS
 TOTAL             MM   5
TOTALS            0.0               0.0     0.0      0.0
SINCE 7/1         0.0               0.0     0.0      0.0
SNOWDEPTH AVG.      0                MM      MM        0
DAYS >= 1.0         0               0.0     0.0        0
GREATEST
 SNOW DEPTH         0   MM                             0  MM
 24 HR TOTAL      0.0   10/31 TO 10/31               0.0

DEGREE_DAYS
HEATING TOTAL       0                 0       0        0
 SINCE 7/1          0                 0       0        0
COOLING TOTAL     479               408      71      390
 SINCE 1/1       3474              3367     107     3146
.................................................................

WIND (MPH)
AVERAGE WIND SPEED              11.6
HIGHEST WIND SPEED/DIRECTION    32/070    DATE  10/30
HIGHEST GUST SPEED/DIRECTION    39/070    DATE  10/30

SKY COVER
POSSIBLE SUNSHINE (PERCENT)   MM
AVERAGE SKY COVER           0.50
NUMBER OF DAYS FAIR            4
NUMBER OF DAYS PC             24
NUMBER OF DAYS CLOUDY          3

AVERAGE RH (PERCENT)     74

WEATHER CONDITIONS. NUMBER OF DAYS WITH
THUNDERSTORM              0     MIXED PRECIP               0
HEAVY RAIN                4     RAIN                       4
LIGHT RAIN               20     FREEZING RAIN              0
LT FREEZING RAIN          0     HAIL                       0
HEAVY SNOW                0     SNOW                       0
LIGHT SNOW                0     SLEET                      0
FOG                      11     FOG W/VIS <= 1/4 MILE      0
HAZE                      6

-  INDICATES NEGATIVE NUMBERS.
R  INDICATES RECORD WAS SET OR TIED.
MM INDICATES DATA IS MISSING.
T  INDICATES TRACE AMOUNT.

$$
