000
CXHW51 PHFO 011612
CLMLIH


CLIMATE REPORT
NATIONAL WEATHER SERVICE HONOLULU HI
611 AM HST WED NOV 1 2017

...................................

...THE LIHUE HI CLIMATE SUMMARY FOR THE MONTH OF OCTOBER 2017...

CLIMATE NORMAL PERIOD 1981 TO 2010
CLIMATE RECORD PERIOD 1946 TO 2017

WEATHER         OBSERVED          NORMAL  DEPART  LAST YEAR`S
                 VALUE   DATE(S)  VALUE   FROM    VALUE  DATE(S)
                                          NORMAL
................................................................
TEMPERATURE (F)
RECORD
 HIGH              91   10/09/2012
 LOW               61   10/17/2006
                        10/27/1993
HIGHEST            87   10/11        84       3       86  10/12
                        10/10                             10/06
                        10/05                             10/05
LOWEST             64   10/26        73      -9       70  10/09
AVG. MAXIMUM     84.7              83.4     1.3     84.5
AVG. MINIMUM     72.3              72.9    -0.6     74.4
MEAN             78.5              78.1     0.4     79.4
DAYS MAX >= 90      0               0.0     0.0        0
DAYS MAX <= 32      0               0.0     0.0        0
DAYS MIN <= 32      0               0.0     0.0        0
DAYS MIN <= 0       0               0.0     0.0        0

PRECIPITATION (INCHES)
RECORD
 MAXIMUM        18.04   1982
 MINIMUM         0.35   2012
TOTALS           2.80              3.82   -1.02     0.45
DAILY AVG.       0.10              0.12   -0.02     0.01
DAYS >= .01        17              17.2    -0.2       16
DAYS >= .10         3               6.5    -3.5        1
DAYS >= .50         2               2.0     0.0        0
DAYS >= 1.00        1               0.8     0.2        0
GREATEST
 24 HR. TOTAL    1.55   10/23 TO 10/23              0.12

SNOWFALL (INCHES)
RECORDS
 TOTAL             MM   5
TOTALS            0.0               0.0     0.0      0.0
SINCE 7/1         0.0               0.0     0.0      0.0
SNOWDEPTH AVG.     MM                MM      MM        0
DAYS >= 1.0         0               0.0     0.0        0
GREATEST
 SNOW DEPTH        MM                                  0  MM
 24 HR TOTAL      0.0   10/31 TO 10/31               0.0

DEGREE_DAYS
HEATING TOTAL       0                 0       0        0
 SINCE 7/1          0                 0       0        0
COOLING TOTAL     396               408     -12      443
 SINCE 1/1       3779              3367     412     3602
.................................................................

WIND (MPH)
AVERAGE WIND SPEED              13.2
HIGHEST WIND SPEED/DIRECTION    33/060    DATE  10/18
HIGHEST GUST SPEED/DIRECTION    43/050    DATE  10/18

SKY COVER
POSSIBLE SUNSHINE (PERCENT)   MM
AVERAGE SKY COVER             MM
NUMBER OF DAYS FAIR            0
NUMBER OF DAYS PC              0
NUMBER OF DAYS CLOUDY          0

AVERAGE RH (PERCENT)     MM

WEATHER CONDITIONS. NUMBER OF DAYS WITH
THUNDERSTORM              0     MIXED PRECIP               0
HEAVY RAIN                0     RAIN                       0
LIGHT RAIN                0     FREEZING RAIN              0
LT FREEZING RAIN          0     HAIL                       0
HEAVY SNOW                0     SNOW                       0
LIGHT SNOW                0     SLEET                      0
FOG                      11     FOG W/VIS <= 1/4 MILE      0
HAZE                     10

-  INDICATES NEGATIVE NUMBERS.
R  INDICATES RECORD WAS SET OR TIED.
MM INDICATES DATA IS MISSING.
T  INDICATES TRACE AMOUNT.

$$
