000
CXUS53 KARX 011336
CLMLSE

CLIMATE REPORT
NATIONAL WEATHER SERVICE LA CROSSE WI
415 AM CDT WED NOV 1 2017

...MUCH ABOVE NORMAL TEMPERATURES AND PRECIPITATION AT LA CROSSE
WISCONSIN IN OCTOBER...
...4TH WETTEST OCTOBER ON RECORD...

THE AVERAGE TEMPERATURE FOR THE MONTH OF OCTOBER WAS 54.1 DEGREES
WHICH WAS 3.9 DEGREES ABOVE NORMAL. THE AVERAGE HIGH WAS 61.8
DEGREES...WHILE THE AVERAGE LOW TEMPERATURE WAS 46.5 DEGREES. THE
HIGHEST TEMPERATURE DURING THE MONTH WAS 81 DEGREES ON THE 2ND...AND
THE LOWEST READING WAS 25 DEGREES WHICH OCCURRED ON THE 31ST.

LA CROSSE RECEIVED 6.01 INCHES OF PRECIPITATION DURING THE MONTH OF
OCTOBER WHICH WAS 3.84 INCHES ABOVE NORMAL AND RANKED AS THE 4TH
WETTEST OCTOBER ON RECORD. THE WETTEST OCTOBER ON RECORD WAS IN 1900
WHEN 12.09 INCHES FELL.  THE GREATEST 24-HOUR PRECIPITATION AMOUNT
WAS 1.56 INCHES WHICH FELL ON THE 6TH.

A TRACE OF SNOW WAS RECORDED DURING THE MONTH...ON THE 27TH, 30TH
AND 31ST.

...RECORDS...

4TH WETTEST OCTOBER ON RECORD.

...DISCUSSION...

OCTOBER 2017 WAS UNSEASONABLY WARM WITH 24 DAYS RECORDING ABOVE
NORMAL TEMPERATURES. THIS WARMER PATTERN ALSO BROUGHT 7 DAYS WITH
THUNDERSTORMS DURING THE MONTH, NORMALLY THERE WOULD ONLY BE 1 DAY.
THE WETTEST PERIOD DURING THE MONTH WAS FROM THE 6TH TO THE 7TH WHEN
2.04 INCHES OF RAIN FELL FROM THUNDERSTORMS. THE FIRST FREEZE
OCCURRED ON THE 29TH WHEN THE TEMPERATURE DROPPED TO 30 DEGREES.

...................................

...THE LA CROSSE WI CLIMATE SUMMARY FOR THE MONTH OF OCTOBER 2017...

CLIMATE NORMAL PERIOD 1981 TO 2010
CLIMATE RECORD PERIOD 1873 TO 2017

WEATHER         OBSERVED          NORMAL  DEPART  LAST YEAR`S
                 VALUE   DATE(S)  VALUE   FROM    VALUE  DATE(S)
                                          NORMAL
................................................................
TEMPERATURE (F)
RECORD
 HIGH              93   10/06/1963
 LOW                6   10/25/1887
HIGHEST            81   10/02        MM      MM       77  10/17
                                                          10/11
                                                          10/04
LOWEST             25   10/31        MM      MM       34  10/21
AVG. MAXIMUM     61.8              59.9     1.9     65.8
AVG. MINIMUM     46.5              40.4     6.1     46.3
MEAN             54.1              50.2     3.9     56.0
DAYS MAX >= 90      0               0.0     0.0        0
DAYS MAX <= 32      0               0.0     0.0        0
DAYS MIN <= 32      2               5.7    -3.7        0
DAYS MIN <= 0       0               0.0     0.0        0

PRECIPITATION (INCHES)
RECORD
 MAXIMUM        12.09   1900
 MINIMUM         0.02   1952
TOTALS           6.01              2.17    3.84     2.23
DAILY AVG.       0.19              0.07    0.12     0.07
DAYS >= .01        16               9.3     6.7        8
DAYS >= .10         9               4.8     4.2        6
DAYS >= .50         3               1.2     1.8        1
DAYS >= 1.00        2               0.4     1.6        1
GREATEST
 24 HR. TOTAL    1.56   10/06 TO 10/06

SNOWFALL (INCHES)
RECORDS
 TOTAL            7.0   1917
TOTALS              T               0.2    -0.2      0.0
SINCE 7/1           T               0.2    -0.2      0.0
SNOWDEPTH AVG.      0                MM      MM        0
DAYS >= TRACE       3               0.3     2.7        0
DAYS >= 1.0         0               0.1    -0.1        0
GREATEST
 SNOW DEPTH         0   MM                             0  MM
 24 HR TOTAL        T   10/31 TO 10/31

DEGREE_DAYS
HEATING TOTAL     344               468    -124      283
 SINCE 7/1        392               628    -236      303
COOLING TOTAL      14                 8       6       13
 SINCE 1/1       1001               782     219     1033
.................................................................

WIND (MPH)
AVERAGE WIND SPEED              9.6
HIGHEST WIND SPEED/DIRECTION    30/330    DATE  10/24
HIGHEST GUST SPEED/DIRECTION    36/330    DATE  10/24

SKY COVER
POSSIBLE SUNSHINE (PERCENT)   MM
AVERAGE SKY COVER           0.50
NUMBER OF DAYS FAIR            9
NUMBER OF DAYS PC             10
NUMBER OF DAYS CLOUDY         12

AVERAGE RH (PERCENT)     70

WEATHER CONDITIONS. NUMBER OF DAYS WITH
THUNDERSTORM              7     MIXED PRECIP               0
HEAVY RAIN                5     RAIN                       7
LIGHT RAIN               20     FREEZING RAIN              0
LT FREEZING RAIN          0     HAIL                       0
HEAVY SNOW                0     SNOW                       0
LIGHT SNOW                3     SLEET                      0
FOG                      13     FOG W/VIS <= 1/4 MILE      2
HAZE                      0

-  INDICATES NEGATIVE NUMBERS.
R  INDICATES RECORD WAS SET OR TIED.
MM INDICATES DATA IS MISSING.
T  INDICATES TRACE AMOUNT.

$$

BOYNE/TMS
