000
CXUS51 KRNK 011229
CLMLYH


CLIMATE REPORT
NATIONAL WEATHER SERVICE BLACKSBURG VA
725 AM EST THU DEC 1 2016

...................................

...THE LYNCHBURG VA CLIMATE SUMMARY FOR THE MONTH OF NOVEMBER 2016...

CLIMATE NORMAL PERIOD 1981 TO 2010
CLIMATE RECORD PERIOD 1893 TO 2016

WEATHER         OBSERVED          NORMAL  DEPART  LAST YEAR`S
                 VALUE   DATE(S)  VALUE   FROM    VALUE
                                          NORMAL
.............................................................
TEMPERATURE (F)
RECORD
 HIGH              83   11/02/2016
                        11/02/1974
                        11/01/1974
 LOW                8   11/25/1970
HIGHEST            83R  11/02                         77
LOWEST             21   11/22                         24
AVG. MAXIMUM     62.8              58.5     4.3     61.9
AVG. MINIMUM     35.9              35.1     0.8     40.8
MEAN             49.4              46.8     2.6     51.3
DAYS MAX >= 90      0               0.0     0.0        0
DAYS MAX <= 32      0               0.0     0.0        0
DAYS MIN <= 32     13              12.0     1.0        6
DAYS MIN <= 0       0               0.0     0.0        0

PRECIPITATION (INCHES)
RECORD
 MAXIMUM         8.77   1985
 MINIMUM         0.19   1922
TOTALS           1.17              3.41   -2.24     4.39
DAILY AVG.       0.04              0.11   -0.07     0.15
DAYS >= .01         5               8.3    -3.3        9
DAYS >= .10         3               5.4    -2.4        6
DAYS >= .50         1               2.5    -1.5        3
DAYS >= 1.00        0               1.1    -1.1        2
GREATEST
 24 HR. TOTAL    0.64                               2.16

SNOWFALL (INCHES)
TOTALS            0.0                                0.0
DAYS >= TRACE       0                                  0
DAYS >= 1.0         0                                  0
GREATEST
 24 HR TOTAL      0.0                                0.0

DEGREE_DAYS
HEATING TOTAL     469               547     -78      407
COOLING TOTAL       6                 1       5        3
..............................................................

WIND (MPH)
AVERAGE WIND SPEED              3.6
HIGHEST WIND SPEED/DIRECTION    30/210    DATE  11/30
HIGHEST GUST SPEED/DIRECTION    40/200    DATE  11/30

SKY COVER
AVERAGE SKY COVER           0.20

AVERAGE RH (PERCENT)     62

WEATHER CONDITIONS. NUMBER OF DAYS WITH
THUNDERSTORM              0     MIXED PRECIP               0
HEAVY RAIN                1     RAIN                       2
LIGHT RAIN                6     FREEZING RAIN              0
LT FREEZING RAIN          0     HAIL                       0
HEAVY SNOW                0     SNOW                       0
LIGHT SNOW                0     SLEET                      0
FOG                       8     FOG W/VIS <= 1/4 MILE      2
HAZE                      0

-  INDICATES NEGATIVE NUMBERS.
R  INDICATES RECORD WAS SET OR TIED.
MM INDICATES DATA IS MISSING.
T  INDICATES TRACE AMOUNT.

$$

RAB
