000
CXUS54 KLZK 041423
CLMLZK


CLIMATE REPORT
NATIONAL WEATHER SERVICE LITTLE ROCK AR
918 AM CDT MON SEP 4 2017

...................................

...THE NORTH LITTLE ROCK CLIMATE SUMMARY FOR THE MONTH OF AUGUST 2017...

CLIMATE NORMAL PERIOD 1981 TO 2010
CLIMATE RECORD PERIOD 1975 TO 2017

WEATHER         OBSERVED          NORMAL  DEPART  LAST YEAR`S
                 VALUE   DATE(S)  VALUE   FROM    VALUE  DATE(S)
                                          NORMAL
................................................................
TEMPERATURE (F)
RECORD
 HIGH             111   08/03/2011
                        08/30/2000
 LOW               53   08/29/1986
HIGHEST            95   08/20        93       2       97  08/02
LOWEST             63   08/25        72      -9       66  08/22
AVG. MAXIMUM     85.5              92.0    -6.5     88.3
AVG. MINIMUM     70.6              72.0    -1.4     73.7
MEAN             78.1              82.0    -3.9     81.0
DAYS MAX >= 90      7              20.6   -13.6       19
DAYS MAX <= 32      0               0.0     0.0        0
DAYS MIN <= 32      0               0.0     0.0        0
DAYS MIN <= 0       0               0.0     0.0        0

PRECIPITATION (INCHES)
RECORD
 MAXIMUM         8.43   1991
 MINIMUM         0.01   2007
TOTALS           4.75              2.80    1.95     7.61
DAILY AVG.       0.15              0.09    0.06     0.25
DAYS >= .01        13               6.7     6.3       11
DAYS >= .10         7                                  8
DAYS >= .50         4                                  6
DAYS >= 1.00        2               0.8     1.2        2
GREATEST
 24 HR. TOTAL    1.36   08/18 TO 08/18

SNOWFALL (INCHES)
TOTALS            0.0               0.0     0.0      0.0
 LIQUID EQUIV    0.00              0.00    0.00     0.00
SINCE 7/1           T               0.0     0.0        T
 LIQUID 7/1         T              0.00      MM       MM
SNOWDEPTH AVG.      0
DAYS >= TRACE       0               0.0     0.0        0
DAYS >= 1.0         0                                  0
GREATEST
 SNOW DEPTH         0   MM
 24 HR TOTAL      0.0

DEGREE_DAYS
HEATING TOTAL       0                 0       0        0
 SINCE 7/1          0                 0       0        0
COOLING TOTAL     413               527    -114      503
 SINCE 1/1       1597              1777    -180     1795

FREEZE DATES
RECORD
 EARLIEST     10/20/1989
 LATEST       04/19/1983
EARLIEST                        11/13
LATEST                          03/19
..................................................

WIND (MPH)
AVERAGE WIND SPEED              4.3
HIGHEST WIND SPEED/DIRECTION    18/060    DATE  08/30
HIGHEST GUST SPEED/DIRECTION    31/090    DATE  08/31

SKY COVER
POSSIBLE SUNSHINE (PERCENT)   MM
AVERAGE SKY COVER             MM
NUMBER OF DAYS FAIR          MM
NUMBER OF DAYS PC            MM
NUMBER OF DAYS CLOUDY        MM

AVERAGE RH (PERCENT)     80

WEATHER CONDITIONS. NUMBER OF DAYS WITH
THUNDERSTORM              0     MIXED PRECIP               0
HEAVY RAIN                3     RAIN                       5
LIGHT RAIN               14     FREEZING RAIN              0
LT FREEZING RAIN          0     HAIL                       0
HEAVY SNOW                0     SNOW                       0
LIGHT SNOW                0     SLEET                      0
FOG                       6     FOG W/VIS <= 1/4 MILE      2
HAZE                      0

-  INDICATES NEGATIVE NUMBERS.
R  INDICATES RECORD WAS SET OR TIED.
MM INDICATES DATA IS MISSING.
T  INDICATES TRACE AMOUNT.

&&

...Data for North Little Rock for August 2017...

.Summary...
For the fourth month in a row, temperatures were below the 30-year
average in North Little Rock.

For the second year in a row, there were no 100-degree days in
August. For the first time in two years, there were no low
temperatures at or above 80 degrees. Also, North Little Rock saw its
fewest 90-degree days in August in 25 years.

Rainfall was above average for the second year in a row, though the
4.75 inches of rain that fell was the least in the month of August
in two years.

.Monthly Temperatures...
The average high temperature was the coolest since 1992, and the
coolest on record. The average low temperature was the coolest since
2015. The average monthly temperature was the coolest since 2009,
and the 2nd coolest on record.

.Daily Temperatures...
Daily temperatures were above average on four days, average on one
day and below average on 26 days.

There were seven days with temperatures at or above 90 degrees,
which, for the month, was the fewest since 1992, and the fewest on
record. The previous record was nine days, from 1992.

.Daily Record Temperatures Tied or Broken During the Month...
Date  Record Type               New Record          Previous Record
13th  Coolest High Temperature  76 in 2017             81 in 2004
26th  Coolest High Temperature  79 in 2017             80 in 1991
31st  Coolest High Temperature  75 in 2017             75 in 2001

On the 13th, the high temperature of 76 degrees marked the coolest
high temperature in the month of August since 2013, and most
recently tied August 20, 2008 for the 5th coolest high temperature
on record during the month of August.

.Monthly Rainfall...
For the second August in a row, rainfall was above the 30-year
average. However, it was the least amount of rain in August since
2015. Regardless of that, this August ranks as the 10th wettest on
record at North Little Rock.

.Daily Rainfall Records Tied or Broken...
Date     New Record     Previous Record
14th    1.30 in 2017      1.08 in 2016

$$

57
