000
CXUS54 KLZK 020512
CLMLZK


CLIMATE REPORT
NATIONAL WEATHER SERVICE LITTLE ROCK AR
1208 AM CDT SAT JUL 2 2016

...................................

...THE NORTH LITTLE ROCK CLIMATE SUMMARY FOR THE MONTH OF JUNE 2016...

CLIMATE NORMAL PERIOD 1981 TO 2010
CLIMATE RECORD PERIOD 1975 TO 2016

WEATHER         OBSERVED          NORMAL  DEPART  LAST YEAR`S
                 VALUE   DATE(S)  VALUE   FROM    VALUE  DATE(S)
                                          NORMAL
................................................................
TEMPERATURE (F)
RECORD
 HIGH             105   06/25/2012
 LOW               53   06/13/1985
HIGHEST            96   06/17        89       7       96  06/25
LOWEST             64   06/06        69      -5       62  06/02
                                                          06/01
AVG. MAXIMUM     89.8              88.2     1.6     88.6
AVG. MINIMUM     71.8              69.3     2.5     71.0
MEAN             80.8              78.7     2.1     79.8
DAYS MAX >= 90     18              12.5     5.5       16
DAYS MAX <= 32      0               0.0     0.0        0
DAYS MIN <= 32      0               0.0     0.0        0
DAYS MIN <= 0       0               0.0     0.0        0

PRECIPITATION (INCHES)
RECORD
 MAXIMUM         7.58   2014
 MINIMUM         0.64   1980
TOTALS           1.94              3.31   -1.37     2.41
DAILY AVG.       0.06              0.11   -0.05     0.08
DAYS >= .01         8               9.0    -1.0        7
DAYS >= .10         6                                  5
DAYS >= .50         1                                  2
DAYS >= 1.00        0               1.0    -1.0        1
GREATEST
 24 HR. TOTAL    0.74   06/01 TO 06/01

SNOWFALL (INCHES)
TOTALS            0.0               0.0     0.0      0.0
 LIQUID EQUIV    0.00              0.00    0.00     0.00
SINCE 7/1         7.2               4.4     2.8     10.6
 LIQUID 7/1      0.72              0.50    0.22     1.06
SNOWDEPTH AVG.      0
DAYS >= TRACE       0               0.0     0.0        0
DAYS >= 1.0         0                                  0
GREATEST
 SNOW DEPTH         0   MM

DEGREE_DAYS
HEATING TOTAL       0                 1      -1        0
 SINCE 7/1       2321              3006    -685     3312
COOLING TOTAL     483               413      70      450
 SINCE 1/1        711               709       2      733

FREEZE DATES
RECORD
 EARLIEST     10/20/1989
 LATEST       04/19/1983
EARLIEST      11/22             11/13
LATEST        02/26             03/19
.................................................

WIND (MPH)
AVERAGE WIND SPEED              3.5
HIGHEST WIND SPEED/DIRECTION    10/MM     DATE   MM
HIGHEST GUST SPEED/DIRECTION    23/200    DATE  06/13

SKY COVER
POSSIBLE SUNSHINE (PERCENT)   MM
AVERAGE SKY COVER           0.00
NUMBER OF DAYS FAIR          MM
NUMBER OF DAYS PC            MM
NUMBER OF DAYS CLOUDY        MM

AVERAGE RH (PERCENT)     72

WEATHER CONDITIONS. NUMBER OF DAYS WITH
THUNDERSTORM              0     MIXED PRECIP               0
HEAVY RAIN                2     RAIN                       2
LIGHT RAIN                7     FREEZING RAIN              0
LT FREEZING RAIN          0     HAIL                       0
HEAVY SNOW                0     SNOW                       0
LIGHT SNOW                0     SLEET                      0
FOG                       3     FOG W/VIS <= 1/4 MILE      1
HAZE                      0

-  INDICATES NEGATIVE NUMBERS.
R  INDICATES RECORD WAS SET OR TIED.
MM INDICATES DATA IS MISSING.
T  INDICATES TRACE AMOUNT.

&&

...DATA FOR NORTH LITTLE ROCK FOR JUNE 2016...

.SUMMARY...
ABOVE AVERAGE TEMPERATURES RETURNED IN JUNE. THE COOLEST PERIODS
DURING THE MONTH WERE IN THE FIRST WEEK...AND THE WARMEST PERIODS
WERE IN THE SECOND AND THIRD WEEKS OF THE MONTH. HUMIDITY PLAYED
MORE OF A PART IN INFLUENCING TEMPERATURES THIS YEAR...AND AS A
RESULT...LOW TEMPERATURES WERE WARMER THAN PREVIOUS YEARS.

RAINFALL WAS BELOW AVERAGE...AND IT WAS THE DRIEST JUNE IN SEVERAL
YEARS. HOWEVER...THIS MONTH FAILED TO CRACK THE TOP TEN DRIEST
JUNES.

.MONTHLY TEMPERATURES...
THE AVERAGE HIGH TEMPERATURE WAS THE WARMEST SINCE 2012. THE AVERAGE
LOW TEMPERATURE WAS THE WARMEST SINCE 2011...AND THE 4TH WARMEST ON
RECORD. THE AVERAGE MONTHLY TEMPERATURE WAS THE WARMEST SINCE 2012...
AND THE 6TH WARMEST ON RECORD.

.DAILY TEMPERATURES...
ABOVE AVERAGE ON 23 DAYS...AVERAGE ON ONE DAY...AND BELOW AVERAGE
ON SIX DAYS.

.TEMPERATURE RECORDS TIED OR BROKEN DURING THE MONTH...

DATE  RECORD TYPE               NEW RECORD        PREVIOUS RECORD
16TH  HIGH TEMPERATURE          94 IN 2016          94 IN 1996...1990...
                                                          1985
17TH  WARMEST LOW TEMPERATURE   78 IN 2016          77 IN 1990
23RD  WARMEST LOW TEMPERATURE   78 IN 2016          78 IN 2010...2009...
                                                          1984
24TH  WARMEST LOW TEMPERATURE   78 IN 2016          78 IN 2011...1998

.MONTHLY RAINFALL...
IT WAS THE DRIEST JUNE SINCE 2013.

.DAILY RAINFALL RECORDS TIED OR BROKEN...
NONE.

$$

57
