920
CXAK59 PAFG 020310
CLMMCG


CLIMATE REPORT
NATIONAL WEATHER SERVICE FAIRBANKS, AK
702 PM AKDT TUE AUG 1 2017

...................................

...THE MCGRATH AK CLIMATE SUMMARY FOR THE MONTH OF JULY 2017...

CLIMATE NORMAL PERIOD 1981 TO 2010
CLIMATE RECORD PERIOD 1946 TO 2017

WEATHER         OBSERVED          NORMAL  DEPART  LAST YEAR`S
                 VALUE   DATE(S)  VALUE   FROM    VALUE  DATE(S)
                                          NORMAL
................................................................
TEMPERATURE (F)
RECORD
 HIGH              89   07/07/2009
                        07/30/1977
                        07/11/1975
 LOW               31   07/17/2003
HIGHEST            85   07/13        MM      MM       87  07/13
LOWEST             49   07/22        MM      MM       46  07/12
                        07/08
AVG. MAXIMUM     73.2              69.3     3.9     69.1
AVG. MINIMUM     54.2              50.7     3.5     54.1
MEAN             63.7              60.0     3.7     61.6
DAYS MAX >= 90      0               0.0     0.0        0
DAYS MAX <= 32      0               0.0     0.0        0
DAYS MIN <= 32      0               0.0     0.0        0
DAYS MIN <= 0       0               0.0     0.0        0

PRECIPITATION (INCHES)
RECORD
 MAXIMUM         5.37   1975
 MINIMUM         0.38   1993
TOTALS           1.78              2.38   -0.60     4.20
DAILY AVG.       0.06              0.08   -0.02     0.14
DAYS >= .01        12              15.0    -3.0       20
DAYS >= .10         4               7.3    -3.3       15
DAYS >= .50         1               0.9     0.1        1
DAYS >= 1.00        0               0.1    -0.1        0
GREATEST
 24 HR. TOTAL    0.90   07/09 TO 07/09           07/19 TO 07/20

SNOWFALL (INCHES)
RECORDS
 TOTAL              T   2007
                        1990
                        1950
 24 HR TOTAL       MM
 SNOW DEPTH         0   MM
TOTALS            0.0               0.0     0.0      0.0
SINCE 7/1         0.0               0.0     0.0      0.0
SNOWDEPTH AVG.      0                 0       0        0
DAYS >= TRACE       0               0.0     0.0        0
DAYS >= 1.0         0               0.0     0.0        0
GREATEST
 SNOW DEPTH         0   MM                             0  MM
 24 HR TOTAL      0.0   07/31 TO 07/31           07/31 TO 07/31

DEGREE_DAYS
HEATING TOTAL      62               167    -105      110
 SINCE 7/1         62               167    -105      110
COOLING TOTAL      31                12      19       23
 SINCE 1/1         32                18      14       29
..................................................

WIND (MPH)
AVERAGE WIND SPEED              5.0
HIGHEST WIND SPEED/DIRECTION    24/210    DATE  07/31
HIGHEST GUST SPEED/DIRECTION    35/210    DATE  07/31

SKY COVER
AVERAGE SKY COVER           0.60


WEATHER CONDITIONS. NUMBER OF DAYS WITH
THUNDERSTORM              0     MIXED PRECIP               0
HEAVY RAIN                3     RAIN                       2
LIGHT RAIN               16     FREEZING RAIN              0
LT FREEZING RAIN          0     HAIL                       0
HEAVY SNOW                0     SNOW                       0
LIGHT SNOW                0     SLEET                      0
FOG                       8     FOG W/VIS <= 1/4 MILE      0
HAZE                      2

-  INDICATES NEGATIVE NUMBERS.
R  INDICATES RECORD WAS SET OR TIED.
MM INDICATES DATA IS MISSING.
T  INDICATES TRACE AMOUNT.

$$
