851
CXUS53 KEAX 011314
CLMMCI

CLIMATE REPORT
NATIONAL WEATHER SERVICE KANSAS CITY/PLEASANT HILL MO
1254 AM CST SUN JAN 1 2017

...................................

...THE KANSAS CITY INTERNATIONAL MO CLIMATE SUMMARY FOR THE MONTH OF DECEMBER 2016...

CLIMATE NORMAL PERIOD 1981 TO 2010
CLIMATE RECORD PERIOD 1888 TO 2016

WEATHER         OBSERVED          NORMAL  DEPART  LAST YEAR`S
                 VALUE   DATE(S)  VALUE   FROM    VALUE  DATE(S)
                                          NORMAL
................................................................
TEMPERATURE (F)
RECORD
 HIGH              74   12/03/2012
                        12/05/2001
                        12/06/1939
 LOW              -23   12/23/1989
                        12/22/1989
HIGHEST            65   12/25        62       3       65  12/12
LOWEST             -9   12/18         2     -11       15  12/29
AVG. MAXIMUM     39.5              40.3    -0.8     49.4
AVG. MINIMUM     20.7              22.6    -1.9     30.0
MEAN             30.1              31.5    -1.4     39.7
DAYS MAX >= 90      0               0.0     0.0        0
DAYS MAX <= 32     11               7.7     3.3        3
DAYS MIN <= 32     30              25.6     4.4       19
DAYS MIN <= 0       2               1.6     0.4        0

PRECIPITATION (INCHES)
RECORD
 MAXIMUM         5.42   1980
 MINIMUM         0.03   1996
                        2002
TOTALS           1.19              1.53   -0.34     3.24
DAILY AVG.       0.04              0.05   -0.01     0.10
DAYS >= .01         8               7.2     0.8        9
DAYS >= .10         3               3.2    -0.2        4
DAYS >= .50         1               0.9     0.1        2
DAYS >= 1.00        0               0.3    -0.3        1
GREATEST
 24 HR. TOTAL    0.63   12/03 TO 12/04

SNOWFALL (INCHES)
RECORDS
 TOTAL           16.6   1961
                        0
                        0
TOTALS            2.3               4.8    -2.5      2.5
SINCE 7/1         2.3               6.2    -3.9      2.5
SNOWDEPTH AVG.      0                MM      MM        0
DAYS >= 1.0         1               1.5    -0.5        1
GREATEST
 SNOW DEPTH         2   12/17                          2  12/31
                                                          12/30
                                                          12/29
 24 HR TOTAL      2.0   12/17 TO 12/17

DEGREE_DAYS
HEATING TOTAL    1073              1040      33      776
 SINCE 7/1       1657              2042    -385     1523
COOLING TOTAL       0                 0       0        0
 SINCE 1/1       1585              1360     225     1370
.................................................................

WIND (MPH)
AVERAGE WIND SPEED              9.2
HIGHEST WIND SPEED/DIRECTION    31/210    DATE  12/30
HIGHEST GUST SPEED/DIRECTION    41/160    DATE  12/25

SKY COVER
POSSIBLE SUNSHINE (PERCENT)   MM
AVERAGE SKY COVER           0.50
NUMBER OF DAYS FAIR           12
NUMBER OF DAYS PC             11
NUMBER OF DAYS CLOUDY          8

AVERAGE RH (PERCENT)     63

WEATHER CONDITIONS. NUMBER OF DAYS WITH
THUNDERSTORM              0     MIXED PRECIP               0
HEAVY RAIN                0     RAIN                       2
LIGHT RAIN                6     FREEZING RAIN              0
LT FREEZING RAIN          2     HAIL                       0
HEAVY SNOW                0     SNOW                       1
LIGHT SNOW                3     SLEET                      1
FOG                       7     FOG W/VIS <= 1/4 MILE      2
HAZE                      4

-  INDICATES NEGATIVE NUMBERS.
R  INDICATES RECORD WAS SET OR TIED.
MM INDICATES DATA IS MISSING.
T  INDICATES TRACE AMOUNT.

$$
