000
CXUS53 KEAX 010759
CLMMCI

CLIMATE REPORT
NATIONAL WEATHER SERVICE KANSAS CITY/PLEASANT HILL MO
255 AM CDT FRI JUL 1 2016

...................................

...THE KANSAS CITY INTERNATIONAL MO CLIMATE SUMMARY FOR THE MONTH OF JUNE 2016...

CLIMATE NORMAL PERIOD 1981 TO 2010
CLIMATE RECORD PERIOD 1888 TO 2016

WEATHER         OBSERVED          NORMAL  DEPART  LAST YEAR`S
                 VALUE   DATE(S)  VALUE   FROM    VALUE  DATE(S)
                                          NORMAL
................................................................
TEMPERATURE (F)
RECORD
 HIGH             108   06/23/1934
 LOW               37   06/27/2013
HIGHEST            99   06/22        93       6       95  06/20
LOWEST             55   06/07        50       5       57  06/02
                                                          06/01
AVG. MAXIMUM     89.7              83.5     6.2     83.7
AVG. MINIMUM     67.4              63.6     3.8     65.8
MEAN             78.6              73.5     5.1     74.8
DAYS MAX >= 90     18               4.5    13.5        7
DAYS MAX <= 32      0               0.0     0.0        0
DAYS MIN <= 32      0               0.0     0.0        0
DAYS MIN <= 0       0               0.0     0.0        0

PRECIPITATION (INCHES)
RECORD
 MAXIMUM        11.86   2001
 MINIMUM         0.33   1911
TOTALS           0.98              5.23   -4.25     7.58
DAILY AVG.       0.03              0.17   -0.14     0.25
DAYS >= .01         6              10.8    -4.8       14
DAYS >= .10         4               7.5    -3.5       12
DAYS >= .50         0               3.8    -3.8        5
DAYS >= 1.00        0               1.7    -1.7        2
GREATEST
 24 HR. TOTAL    0.36   06/28 TO 06/28
                        06/27 TO 06/28
                        06/28 TO 06/28

SNOWFALL (INCHES)
RECORDS
 TOTAL            0.0   0
                        0
                        0
TOTALS            0.0               0.0     0.0      0.0
SINCE 7/1         5.9              18.8   -12.9     14.2
SNOWDEPTH AVG.      0                MM      MM        0
DAYS >= 1.0         0               0.0     0.0        0
GREATEST
 SNOW DEPTH         0   MM                             0  MM
 24 HR TOTAL      0.0   06/30 TO 06/30

DEGREE_DAYS
HEATING TOTAL       0                 9      -9        3
 SINCE 7/1       4162              5133    -971     5119
COOLING TOTAL     417               266     151      305
 SINCE 1/1        488               382     106      373
.................................................................

WIND (MPH)
AVERAGE WIND SPEED              8.9
HIGHEST WIND SPEED/DIRECTION    39/180    DATE  06/12
HIGHEST GUST SPEED/DIRECTION    49/180    DATE  06/12

SKY COVER
POSSIBLE SUNSHINE (PERCENT)   MM
AVERAGE SKY COVER           0.40
NUMBER OF DAYS FAIR            9
NUMBER OF DAYS PC             21
NUMBER OF DAYS CLOUDY          0

AVERAGE RH (PERCENT)     62

WEATHER CONDITIONS. NUMBER OF DAYS WITH
THUNDERSTORM              7     MIXED PRECIP               0
HEAVY RAIN                1     RAIN                       4
LIGHT RAIN                7     FREEZING RAIN              0
LT FREEZING RAIN          0     HAIL                       0
HEAVY SNOW                0     SNOW                       0
LIGHT SNOW                0     SLEET                      0
FOG                       7     FOG W/VIS <= 1/4 MILE      1
HAZE                     14

-  INDICATES NEGATIVE NUMBERS.
R  INDICATES RECORD WAS SET OR TIED.
MM INDICATES DATA IS MISSING.
T  INDICATES TRACE AMOUNT.

$$
