000
CXUS42 KFFC 030829
CLMMCN


CLIMATE REPORT
NATIONAL WEATHER SERVICE PEACHTREE CITY GA
429 AM EDT SUN JUL 3 2016

...................................

...THE MACON CLIMATE SUMMARY FOR THE MONTH OF JUNE 2016...

CLIMATE NORMAL PERIOD 1981 TO 2010
CLIMATE RECORD PERIOD 1899 TO 2016

WEATHER         OBSERVED          NORMAL  DEPART  LAST YEAR`S
                 VALUE   DATE(S)  VALUE   FROM    VALUE  DATE(S)
                                          NORMAL
................................................................
TEMPERATURE (F)
RECORD
 HIGH             108   06/30/2012
 LOW               46   06/02/1972
                        06/12/1913
HIGHEST           103   06/25       105      -2      100  06/18
                                                          06/17
LOWEST             58   06/09        46      12       62  06/29
                                                          06/05
AVG. MAXIMUM     93.9              90.3     3.6     92.7
AVG. MINIMUM     68.6              67.6     1.0     68.9
MEAN             81.3              78.9     2.4     80.8
DAYS MAX >= 90     24              17.2     6.8       22
DAYS MAX <= 32      0               0.0     0.0        0
DAYS MIN <= 32      0               0.0     0.0        0
DAYS MIN <= 0       0               0.0     0.0        0

PRECIPITATION (INCHES)
RECORD
 MAXIMUM        12.25   2013
 MINIMUM         0.40   1917
TOTALS           1.89              4.06   -2.17
DAILY AVG.       0.06              0.14   -0.08     0.13
DAYS >= .01         8              10.3    -2.3       12
DAYS >= .10         4               6.7    -2.7        7
DAYS >= .50         1               2.5    -1.5        2
DAYS >= 1.00        0               1.1    -1.1        1
GREATEST
 24 HR. TOTAL    0.66   06/28 TO 06/28           06/18 TO 06/18
                                                          06/17 TO 06/18
                                                          06/18 TO 06/18

DEGREE_DAYS
HEATING TOTAL       0                 0       0        0
 SINCE 7/1       1798              2322    -524     2471
COOLING TOTAL     495               419      76      481
 SINCE 1/1        847               732     115      866
.........................................................

WIND (MPH)
AVERAGE WIND SPEED              5.6
HIGHEST WIND SPEED/DIRECTION    35/030    DATE  06/28
HIGHEST GUST SPEED/DIRECTION    39/040    DATE  06/28

SKY COVER
POSSIBLE SUNSHINE (PERCENT)   MM
AVERAGE SKY COVER           0.20
NUMBER OF DAYS FAIR           27
NUMBER OF DAYS PC              2
NUMBER OF DAYS CLOUDY          1

AVERAGE RH (PERCENT)     65

WEATHER CONDITIONS. NUMBER OF DAYS WITH
THUNDERSTORM              0     MIXED PRECIP               0
HEAVY RAIN                4     RAIN                       1
LIGHT RAIN                7     FREEZING RAIN              0
LT FREEZING RAIN          0     HAIL                       0
HEAVY SNOW                0     SNOW                       0
LIGHT SNOW                0     SLEET                      0
FOG                      11     FOG W/VIS <= 1/4 MILE      1
HAZE                      5

-  INDICATES NEGATIVE NUMBERS.
R  INDICATES RECORD WAS SET OR TIED.
MM INDICATES DATA IS MISSING.
T  INDICATES TRACE AMOUNT.

$$
