000
CXUS54 KMEG 011440
CLMMEG


CLIMATE REPORT
NATIONAL WEATHER SERVICE MEMPHIS TN
937 AM CDT TUE APR 1 2014

...................................

...THE MEMPHIS/GERMANTOWN WFO CLIMATE SUMMARY FOR THE MONTH OF MARCH 2014...

CLIMATE NORMAL PERIOD 1981 TO 2010
CLIMATE RECORD PERIOD 1988 TO 2014

WEATHER         OBSERVED          NORMAL  DEPART  LAST YEAR`S
                 VALUE   DATE(S)  VALUE   FROM    VALUE  DATE(S)
                                          NORMAL
................................................................
TEMPERATURE (F)
RECORD
 HIGH              89   03/29/2007
 LOW               13   03/03/2014
HIGHEST            78   03/11        MM      MM       76  03/15
LOWEST             13R  03/03        MM      MM       21  03/03
AVG. MAXIMUM     60.4              62.5    -2.1     56.8
AVG. MINIMUM     35.5              40.1    -4.6     36.9
MEAN             48.0              51.3    -3.3     46.9
DAYS MAX >= 90      0               0.0     0.0        0
DAYS MAX <= 32      2               0.2     1.8        0
DAYS MIN <= 32     12               7.3     4.7       11
DAYS MIN <= 0       0               0.0     0.0        0

PRECIPITATION (INCHES)
RECORD
 MAXIMUM           MM   MM
 MINIMUM           MM   MM
TOTALS           6.04              4.95    1.09     3.24
DAILY AVG.       0.19              0.16    0.03     0.10
DAYS >= .01         9              11.2    -2.2       11
DAYS >= .10         5               7.7    -2.7        8
DAYS >= .50         4               3.7     0.3        1
DAYS >= 1.00        2               1.4     0.6        1
GREATEST
 24 HR. TOTAL    2.85   03/02 TO 03/02

SNOWFALL (INCHES)
RECORDS
 TOTAL             MM   5
TOTALS            0.3               0.8    -0.5      0.1
SINCE 7/1         0.8               2.4    -1.6      0.8
SNOWDEPTH AVG.      0                MM      MM        0
DAYS >= 1.0         0               0.1    -0.1        0
GREATEST
 SNOW DEPTH         0   MM                            -1  03/02
 24 HR TOTAL      0.3   MM

DEGREE_DAYS
HEATING TOTAL     522               436      86      556
 SINCE 7/1       3526              3182     344     2976
COOLING TOTAL       2                11      -9        1
 SINCE 1/1          2                12     -10        7
.................................................................



-  INDICATES NEGATIVE NUMBERS.
R  INDICATES RECORD WAS SET OR TIED.
MM INDICATES DATA IS MISSING.
T  INDICATES TRACE AMOUNT.

$$
