000
CXUS54 KMEG 011351
CLMMEG


CLIMATE REPORT
NATIONAL WEATHER SERVICE MEMPHIS TN
843 AM CDT MON JUN 1 2015

...................................

...THE MEMPHIS/GERMANTOWN WFO CLIMATE SUMMARY FOR THE MONTH OF MAY 2015...

CLIMATE NORMAL PERIOD 1981 TO 2010
CLIMATE RECORD PERIOD 1988 TO 2015

WEATHER         OBSERVED          NORMAL  DEPART  LAST YEAR`S
                 VALUE   DATE(S)  VALUE   FROM    VALUE  DATE(S)
                                          NORMAL
................................................................
TEMPERATURE (F)
RECORD
 HIGH              96   05/28/2012
                        05/26/1989
                        05/31/2006
 LOW               35   05/04/2013
HIGHEST            88   05/10        MM      MM       91  05/26
                        05/07
LOWEST             44   05/22        MM      MM       43  05/01
AVG. MAXIMUM     81.1              80.4     0.7     81.5
AVG. MINIMUM     61.1              59.0     2.1     60.4
MEAN             71.1              69.7     1.4     70.9
DAYS MAX >= 90      0               2.0    -2.0        4
DAYS MAX <= 32      0               0.0     0.0        0
DAYS MIN <= 32      0               0.0     0.0        0
DAYS MIN <= 0       0               0.0     0.0        0

PRECIPITATION (INCHES)
RECORD
 MAXIMUM           MM   MM
 MINIMUM           MM   MM
TOTALS           5.52              5.59   -0.07     4.86
DAILY AVG.       0.18              0.18    0.00     0.16
DAYS >= .01        15              10.6     4.4       10
DAYS >= .10        11               7.8     3.2        8
DAYS >= .50         5               3.5     1.5        5
DAYS >= 1.00        1               1.5    -0.5        1
GREATEST
 24 HR. TOTAL    1.11   05/09 TO 05/09

SNOWFALL (INCHES)
RECORDS
 TOTAL             MM   5
TOTALS            0.0               0.0     0.0      0.0
SINCE 7/1         6.3               2.4     3.9      0.8
SNOWDEPTH AVG.      0                MM      MM        0
DAYS >= 1.0         0               0.0     0.0        0
GREATEST
 SNOW DEPTH         0   MM                             0  MM
 24 HR TOTAL      0.0   05/31 TO 05/31

DEGREE_DAYS
HEATING TOTAL      25                39     -14       57
 SINCE 7/1       3459              3412      47     3743
COOLING TOTAL     223               185      38      251
 SINCE 1/1        300               251      49      299
.................................................................



-  INDICATES NEGATIVE NUMBERS.
R  INDICATES RECORD WAS SET OR TIED.
MM INDICATES DATA IS MISSING.
T  INDICATES TRACE AMOUNT.

$$
