000
CXUS51 KCLE 011935
CLMMFD


CLIMATE REPORT
NATIONAL WEATHER SERVICE CLEVELAND OH
334 PM EDT SUN OCT 1 2017

...................................

...THE MANSFIELD OH CLIMATE SUMMARY FOR THE MONTH OF SEPTEMBER 2017...

CLIMATE NORMAL PERIOD 1981 TO 2010
CLIMATE RECORD PERIOD 1916 TO 2017

WEATHER         OBSERVED          NORMAL  DEPART  LAST YEAR`S
                 VALUE   DATE(S)  VALUE   FROM    VALUE
                                          NORMAL
.............................................................
TEMPERATURE (F)
RECORD
 HIGH              95   09/10/2013
 LOW               33   09/28/1991
                        09/24/1989
HIGHEST            90   09/26
LOWEST             43   09/29
AVG. MAXIMUM     76.3              73.3     3.0     79.3
AVG. MINIMUM     54.6              52.6     2.0     57.6
MEAN             65.4              63.0     2.4     68.5
DAYS MAX >= 90      1               0.3     0.7        2
DAYS MAX <= 32      0               0.0     0.0        0
DAYS MIN <= 32      0               0.0     0.0        0
DAYS MIN <= 0       0               0.0     0.0        0

PRECIPITATION (INCHES)
RECORD
 MAXIMUM         7.76   1986
 MINIMUM         0.70   1998
TOTALS           1.60              3.32   -1.72     3.71
DAYS >= .01         7               9.5    -2.5        8
DAYS >= .10         4               5.9    -1.9        7
DAYS >= .50         1               2.1    -1.1        3
DAYS >= 1.00        0               1.1    -1.1        0
GREATEST
 24 HR. TOTAL    0.85   09/04 TO 09/04              0.96

SNOWFALL (INCHES)
RECORDS
 TOTAL              T   1970
TOTALS            0.0               0.0     0.0      0.0
SINCE 7/1         0.0               0.0     0.0      0.0
DAYS >= 1.0         0               0.0     0.0        0
GREATEST
 24 HR TOTAL      0.0   09/30 TO 09/30

DEGREE_DAYS
HEATING TOTAL      90               125     -35       34
 SINCE 7/1        104               150     -46       35
COOLING TOTAL     112                63      49      146
 SINCE 1/1        729               625     104     1050
..............................................................

WIND (MPH)
AVERAGE WIND SPEED              5.8
HIGHEST WIND SPEED/DIRECTION    32/290    DATE  09/04
HIGHEST GUST SPEED/DIRECTION    47/240    DATE  09/04

SKY COVER
AVERAGE SKY COVER           0.30

AVERAGE RH (PERCENT)     73

WEATHER CONDITIONS. NUMBER OF DAYS WITH
THUNDERSTORM              0     MIXED PRECIP               0
HEAVY RAIN                2     RAIN                       2
LIGHT RAIN                7     FREEZING RAIN              0
LT FREEZING RAIN          0     HAIL                       0
HEAVY SNOW                0     SNOW                       0
LIGHT SNOW                0     SLEET                      0
FOG                      12     FOG W/VIS <= 1/4 MILE      1
HAZE                      3

-  INDICATES NEGATIVE NUMBERS.
R  INDICATES RECORD WAS SET OR TIED.
MM INDICATES DATA IS MISSING.
T  INDICATES TRACE AMOUNT.

$$
