000
CXUS54 KBMX 041405
CLMMGM


CLIMATE REPORT
NATIONAL WEATHER SERVICE BIRMINGHAM, AL
903 AM CDT TUE JUL 4 2017

...................................

...THE MONTGOMERY CLIMATE SUMMARY FOR THE MONTH OF JUNE 2017...

CLIMATE NORMAL PERIOD 1981 TO 2010
CLIMATE RECORD PERIOD 1872 TO 2017

WEATHER         OBSERVED          NORMAL  DEPART  LAST YEAR`S
                 VALUE   DATE(S)  VALUE   FROM    VALUE  DATE(S)
                                          NORMAL
................................................................
TEMPERATURE (F)
RECORD
 HIGH             106   06/27/1881
 LOW               48   06/01/1889
HIGHEST            94   06/15        MM      MM      100  06/26
LOWEST             62   06/09        MM      MM       62  06/09
AVG. MAXIMUM     87.9              89.8    -1.9     93.3
AVG. MINIMUM     70.8              68.1     2.7     70.8
MEAN             79.4                               82.1
DAYS MAX >= 90     11              15.9    -4.9       25
DAYS MAX <= 32      0               0.0     0.0        0
DAYS MIN <= 32      0               0.0     0.0        0
DAYS MIN <= 0       0               0.0     0.0        0

PRECIPITATION (INCHES)
RECORD
 MAXIMUM        15.59   1928
 MINIMUM         0.33   1979
TOTALS          12.04              4.07    7.97     2.73
DAILY AVG.       0.40              0.14    0.26     0.09
DAYS >= .01        19               9.7     9.3       10
DAYS >= .10        12               6.2     5.8        6
DAYS >= .50         7               2.8     4.2        2
DAYS >= 1.00        3               1.1     1.9        0

DEGREE_DAYS
HEATING TOTAL       0                 0       0        0
 SINCE 7/1       1206              2236   -1030     1488
COOLING TOTAL     436               419      17      518
 SINCE 1/1       1018               758     260      979
.................................................................

WIND (MPH)
AVERAGE WIND SPEED              5.0
HIGHEST WIND SPEED/DIRECTION    24/320    DATE  06/15
HIGHEST GUST SPEED/DIRECTION    33/330    DATE  06/15

AVERAGE RH (PERCENT)     69

WEATHER CONDITIONS. NUMBER OF DAYS WITH
THUNDERSTORM              0     MIXED PRECIP               0
HEAVY RAIN               12     RAIN                      11
LIGHT RAIN               18     FREEZING RAIN              0
LT FREEZING RAIN          0     HAIL                       0
HEAVY SNOW                0     SNOW                       0
LIGHT SNOW                0     SLEET                      0
FOG                      12     FOG W/VIS <= 1/4 MILE      0
HAZE                     13

-  INDICATES NEGATIVE NUMBERS.
R  INDICATES RECORD WAS SET OR TIED.
MM INDICATES DATA IS MISSING.
T  INDICATES TRACE AMOUNT.

$$
