000
CXUS53 KTOP 011429
CLMMHK


CLIMATE REPORT
NATIONAL WEATHER SERVICE TOPEKA KS
921 AM CDT FRI AUG 1 2014

...................................

...THE MANHATTAN KS CLIMATE SUMMARY FOR THE MONTH OF JULY 2014...

CLIMATE NORMAL PERIOD 1981 TO 2010
CLIMATE RECORD PERIOD 9999 TO 9999

WEATHER         OBSERVED          NORMAL  DEPART  LAST YEAR`S
                 VALUE   DATE(S)  VALUE   FROM    VALUE
                                          NORMAL
.............................................................
TEMPERATURE (F)
HIGHEST           107   07/25                        107
LOWEST             47R  07/03                         53
AVG. MAXIMUM     90.7              91.1    -0.4     88.9
AVG. MINIMUM     63.6              67.0    -3.4     65.8
MEAN             77.2              79.0    -1.8     77.3
DAYS MAX >= 90     16              18.0    -2.0       17
DAYS MAX <= 32      0               0.0     0.0        0
DAYS MIN <= 32      0               0.0     0.0        0
DAYS MIN <= 0       0               0.0     0.0        0

PRECIPITATION (INCHES)
TOTALS           0.85              3.97   -3.12     4.33
DAILY AVG.       0.03                               0.14
DAYS >= .01         6                                 11
DAYS >= .10         3                                  6
DAYS >= .50         0                                  2
DAYS >= 1.00        0                                  1
GREATEST
 24 HR. TOTAL    0.40   07/30 TO 07/30              2.41

DEGREE_DAYS
HEATING TOTAL       1                 1       0        3
 SINCE 7/1          1                 1       0        3
COOLING TOTAL     388               436     -48      393
 SINCE 1/1        896               806      90      847
..............................................................

WIND (MPH)
AVERAGE WIND SPEED              7.2
HIGHEST WIND SPEED/DIRECTION    48/020    DATE  07/08
HIGHEST GUST SPEED/DIRECTION    68/020    DATE  07/08

SKY COVER
POSSIBLE SUNSHINE (PERCENT)   MM
AVERAGE SKY COVER           0.20
NUMBER OF DAYS FAIR           25
NUMBER OF DAYS PC              5
NUMBER OF DAYS CLOUDY          1

AVERAGE RH (PERCENT)     63

WEATHER CONDITIONS. NUMBER OF DAYS WITH
THUNDERSTORM              3     MIXED PRECIP               0
HEAVY RAIN                1     RAIN                       3
LIGHT RAIN               12     FREEZING RAIN              0
LT FREEZING RAIN          0     HEAVY SNOW                 0
SNOW                      0     LIGHT SNOW                 0
FOG                       8     FOG W/VIS <= 1/4 MILE      0
HAZE                      2

-  INDICATES NEGATIVE NUMBERS.
R  INDICATES RECORD WAS SET OR TIED.
MM INDICATES DATA IS MISSING.
T  INDICATES TRACE AMOUNT.

$$
