000
CXUS53 KIND 011515
CLMMIE


CLIMATE REPORT
NATIONAL WEATHER SERVICE INDIANAPOLIS IN
1110 AM EDT THU JUN 1 2017

...................................

...THE MUNCIE IN CLIMATE SUMMARY FOR THE MONTH OF MAY 2017...

CLIMATE NORMAL PERIOD 1981 TO 2010
CLIMATE RECORD PERIOD 9999 TO 9999

WEATHER         OBSERVED          NORMAL  DEPART  LAST YEAR`S
                 VALUE   DATE(S)  VALUE   FROM    VALUE  DATE(S)
                                          NORMAL
................................................................
TEMPERATURE (F)
HIGHEST            88   05/18                         91  05/31
LOWEST             32   05/08                         39  05/16
                                                          05/15
AVG. MAXIMUM     71.9              72.0    -0.1     73.0
AVG. MINIMUM     52.9              51.6     1.3     52.1
MEAN             62.4              61.8     0.6     62.5
DAYS MAX >= 90      0               0.3    -0.3        2
DAYS MAX <= 32      0               0.0     0.0        0
DAYS MIN <= 32      1               0.3     0.7        0
DAYS MIN <= 0       0               0.0     0.0        0

PRECIPITATION (INCHES)
TOTALS           3.56              4.41   -0.85     2.70
DAILY AVG.       0.12              0.14   -0.02     0.09
DAYS >= .01        15              12.8     2.2       14
DAYS >= .10         6               8.8    -2.8        8
DAYS >= .50         2               3.6    -1.6        1
DAYS >= 1.00        1               1.1    -0.1        0
GREATEST
 24 HR. TOTAL    1.86   05/04 TO 05/04

DEGREE_DAYS
HEATING TOTAL     154               167     -13      166
 SINCE 7/1       4361              5759   -1398     4637
COOLING TOTAL      82                68      14       97
 SINCE 1/1        116                83      33      107
.................................................................

WIND (MPH)
AVERAGE WIND SPEED              9.8
HIGHEST WIND SPEED/DIRECTION    33/270    DATE  05/02
HIGHEST GUST SPEED/DIRECTION    44/270    DATE  05/02

SKY COVER
POSSIBLE SUNSHINE (PERCENT)   MM
AVERAGE SKY COVER           0.40
NUMBER OF DAYS FAIR           17
NUMBER OF DAYS PC              6
NUMBER OF DAYS CLOUDY          8

AVERAGE RH (PERCENT)     65

WEATHER CONDITIONS. NUMBER OF DAYS WITH
THUNDERSTORM              7     MIXED PRECIP               0
HEAVY RAIN                5     RAIN                       5
LIGHT RAIN               17     FREEZING RAIN              0
LT FREEZING RAIN          0     HAIL                       0
HEAVY SNOW                0     SNOW                       0
LIGHT SNOW                0     SLEET                      0
FOG                      15     FOG W/VIS <= 1/4 MILE      0
HAZE                      5

-  INDICATES NEGATIVE NUMBERS.
R  INDICATES RECORD WAS SET OR TIED.
MM INDICATES DATA IS MISSING.
T  INDICATES TRACE AMOUNT.

$$
