000
CXUS54 KMEG 011718
CLMMKL


CLIMATE REPORT
NATIONAL WEATHER SERVICE MEMPHIS TN
1216 PM CDT SAT APR 1 2017

...................................

...THE JACKSON CLIMATE SUMMARY FOR THE MONTH OF MARCH 2017...

CLIMATE NORMAL PERIOD 1981 TO 2010
CLIMATE RECORD PERIOD 1948 TO 2017

WEATHER         OBSERVED          NORMAL  DEPART  LAST YEAR`S
                 VALUE   DATE(S)  VALUE   FROM    VALUE  DATE(S)
                                          NORMAL
................................................................
TEMPERATURE (F)
RECORD
 HIGH              87   03/15/2016
                        03/30/1986
                        03/28/1895
 LOW                3   03/06/2015
HIGHEST            85   03/20        62      23       87  03/15
LOWEST             24   03/16        40     -16       26  03/02
                        03/15
AVG. MAXIMUM     64.7              62.6     2.1     66.1
AVG. MINIMUM     42.5              39.4     3.1     43.5
MEAN             53.6              51.0     2.6     54.8
DAYS MAX >= 90      0               0.0     0.0        0
DAYS MAX <= 32      0               0.1    -0.1        0
DAYS MIN <= 32     10               8.2     1.8        5
DAYS MIN <= 0       0               0.0     0.0        0

PRECIPITATION (INCHES)
RECORD
 MAXIMUM        12.65   2016
 MINIMUM         1.69   2007
TOTALS           7.67              4.75    2.92    12.65
DAILY AVG.       0.25              0.15    0.10     0.41
DAYS >= .01        13              10.5     2.5       15
DAYS >= .10        11               7.0     4.0       10
DAYS >= .50         5               3.3     1.7        5
DAYS >= 1.00        3               1.3     1.7        3
GREATEST
 24 HR. TOTAL    2.04   03/09 TO 03/09

SNOWFALL (INCHES)
RECORDS
 TOTAL           13.0   1968
TOTALS            0.0               0.4    -0.4        T
SINCE 7/1           T               4.6    -4.6      1.5
SNOWDEPTH AVG.      0                MM      MM        0
DAYS >= 1.0         0               0.1    -0.1        0
GREATEST
 SNOW DEPTH         0   MM                             0  MM
 24 HR TOTAL      0.0   03/31 TO 03/31

DEGREE_DAYS
HEATING TOTAL     359               444     -85      313
 SINCE 7/1       2399              3328    -929     2681
COOLING TOTAL      13                10       3        6
 SINCE 1/1         15                11       4        6
.................................................................

WIND (MPH)
AVERAGE WIND SPEED              8.6
HIGHEST WIND SPEED/DIRECTION    36/350    DATE  03/09
HIGHEST GUST SPEED/DIRECTION    46/350    DATE  03/09

SKY COVER
POSSIBLE SUNSHINE (PERCENT)   MM
AVERAGE SKY COVER           0.40
NUMBER OF DAYS FAIR           13
NUMBER OF DAYS PC             13
NUMBER OF DAYS CLOUDY          5

AVERAGE RH (PERCENT)     65

WEATHER CONDITIONS. NUMBER OF DAYS WITH
THUNDERSTORM              0     MIXED PRECIP               0
HEAVY RAIN                5     RAIN                      10
LIGHT RAIN               14     FREEZING RAIN              0
LT FREEZING RAIN          0     HAIL                       1
HEAVY SNOW                0     SNOW                       0
LIGHT SNOW                1     SLEET                      1
FOG                      16     FOG W/VIS <= 1/4 MILE      2
HAZE                      3

-  INDICATES NEGATIVE NUMBERS.
R  INDICATES RECORD WAS SET OR TIED.
MM INDICATES DATA IS MISSING.
T  INDICATES TRACE AMOUNT.

$$
