000
CXUS54 KMEG 021905
CLMMKL


CLIMATE REPORT
NATIONAL WEATHER SERVICE MEMPHIS TN
102 PM CST FRI DEC 2 2016

...................................

...THE JACKSON CLIMATE SUMMARY FOR THE MONTH OF NOVEMBER 2016...

CLIMATE NORMAL PERIOD 1981 TO 2010
CLIMATE RECORD PERIOD 1948 TO 2016

WEATHER         OBSERVED          NORMAL  DEPART  LAST YEAR`S
                 VALUE   DATE(S)  VALUE   FROM    VALUE  DATE(S)
                                          NORMAL
................................................................
TEMPERATURE (F)
RECORD
 HIGH              88   11/01/2016
 LOW                1   11/25/1950
HIGHEST            88R  11/01        61      27       79  11/05
LOWEST             25   11/27        40     -15       21  11/23
                        11/21
AVG. MAXIMUM     68.2              61.4     6.8     65.3
AVG. MINIMUM     40.1              38.8     1.3     44.2
MEAN             54.2              50.1     4.1     54.8
DAYS MAX >= 90      0               0.0     0.0        0
DAYS MAX <= 32      0               0.0     0.0        0
DAYS MIN <= 32      9               9.1    -0.1        6
DAYS MIN <= 0       0               0.0     0.0        0

PRECIPITATION (INCHES)
RECORD
 MAXIMUM        11.21   1948
 MINIMUM         0.72   1949
TOTALS           2.82              4.90   -2.08     7.52
DAILY AVG.       0.09              0.16   -0.07     0.25
DAYS >= .01         7               9.9    -2.9       10
DAYS >= .10         6               6.4    -0.4        8
DAYS >= .50         2               3.5    -1.5        5
DAYS >= 1.00        1               1.8    -0.8        3
GREATEST
 24 HR. TOTAL    1.38   11/28 TO 11/28
                        11/27 TO 11/28
                        11/28 TO 11/28

SNOWFALL (INCHES)
RECORDS
 TOTAL            2.0   2011
TOTALS            0.0               0.1    -0.1      0.0
SINCE 7/1         0.0               0.1    -0.1      0.0
SNOWDEPTH AVG.      0                MM      MM        0
DAYS >= 1.0         0               0.1    -0.1        0
GREATEST
 SNOW DEPTH         0   MM                             0  MM
 24 HR TOTAL      0.0   11/30 TO 11/30

DEGREE_DAYS
HEATING TOTAL     335               453    -118      312
 SINCE 7/1        384               667    -283      475
COOLING TOTAL      18                 6      12       14
 SINCE 1/1       2092              1697     395     1855
.................................................................

WIND (MPH)
AVERAGE WIND SPEED              6.8
HIGHEST WIND SPEED/DIRECTION    30/170    DATE  11/28
HIGHEST GUST SPEED/DIRECTION    47/180    DATE  11/28

SKY COVER
POSSIBLE SUNSHINE (PERCENT)   MM
AVERAGE SKY COVER           0.20
NUMBER OF DAYS FAIR           25
NUMBER OF DAYS PC              2
NUMBER OF DAYS CLOUDY          3

AVERAGE RH (PERCENT)     72

WEATHER CONDITIONS. NUMBER OF DAYS WITH
THUNDERSTORM              0     MIXED PRECIP               0
HEAVY RAIN                2     RAIN                       3
LIGHT RAIN                9     FREEZING RAIN              0
LT FREEZING RAIN          0     HAIL                       0
HEAVY SNOW                0     SNOW                       0
LIGHT SNOW                0     SLEET                      0
FOG                       5     FOG W/VIS <= 1/4 MILE      0
HAZE                      3

-  INDICATES NEGATIVE NUMBERS.
R  INDICATES RECORD WAS SET OR TIED.
MM INDICATES DATA IS MISSING.
T  INDICATES TRACE AMOUNT.

$$
