000
CXUS56 KPQR 011606
CLMMMV


CLIMATE REPORT
NATIONAL WEATHER SERVICE PORTLAND OREGON
806 AM PST WED FEB 1 2017

...................................

...THE MCMINNVILLE OR CLIMATE SUMMARY FOR THE MONTH OF JANUARY 2017...

CLIMATE NORMAL PERIOD 1981 TO 2010
CLIMATE RECORD PERIOD 1894 TO 2017

WEATHER         OBSERVED          NORMAL  DEPART  LAST YEAR`S
                 VALUE   DATE(S)  VALUE   FROM    VALUE  DATE(S)
                                          NORMAL
................................................................
TEMPERATURE (F)
HIGHEST            55                                 61  01/28
                                                          01/27
LOWEST             11                                 26  01/03
                                                          01/02
AVG. MAXIMUM     42.1              47.7    -5.6     48.5
AVG. MINIMUM     28.9              33.9    -5.0     38.1
MEAN             35.5              40.8    -5.3     43.3
DAYS MAX >= 90      0               0.0     0.0        0
DAYS MAX <= 32      2               0.2     1.8        0
DAYS MIN <= 32     20              12.9     7.1        5
DAYS MIN <= 0       0               0.0     0.0        0

PRECIPITATION (INCHES)
RECORD
 MAXIMUM        15.58   1914
 MINIMUM         0.35   1985
TOTALS           3.68              6.10   -2.42     8.51
DAYS >= .01        13                MM      MM       26
DAYS >= .10         7                MM      MM       19
DAYS >= .50         3                MM      MM        6
DAYS >= 1.00        0                MM      MM        1
GREATEST
 24 HR. TOTAL    1.34   01/17 TO 01/18

DEGREE_DAYS
HEATING TOTAL     911               750     161      663
 SINCE 7/1       2680              2755     -75     2278
COOLING TOTAL       0                 0       0        0
 SINCE 1/1          0                 0       0        0
.................................................................

WIND (MPH)
AVERAGE WIND SPEED              6.0
RESULTANT WIND SPEED/DIRECTION   2/007
HIGHEST WIND SPEED/DIRECTION    39/180    DATE  01/18
HIGHEST GUST SPEED/DIRECTION    49/170    DATE  01/18

SKY COVER
POSSIBLE SUNSHINE (PERCENT)   MM
AVERAGE SKY COVER           0.60

AVERAGE RH (PERCENT)     79

WEATHER CONDITIONS. NUMBER OF DAYS WITH
THUNDERSTORM              0     MIXED PRECIP               0
HEAVY RAIN                0     RAIN                       5
LIGHT RAIN               14     FREEZING RAIN              2
LT FREEZING RAIN          2     HAIL                       0
HEAVY SNOW                0     SNOW                       0
LIGHT SNOW                4     SLEET                      0
FOG                      25     FOG W/VIS <= 1/4 MILE      4
HAZE                      4

-  INDICATES NEGATIVE NUMBERS.
R  INDICATES RECORD WAS SET OR TIED.
MM INDICATES DATA IS MISSING.
T  INDICATES TRACE AMOUNT.

$$
