000
CXUS56 KPQR 011630
CLMMMV


CLIMATE REPORT
NATIONAL WEATHER SERVICE PORTLAND OREGON
930 AM PDT FRI JUL 1 2016

...................................

...THE MCMINNVILLE OR CLIMATE SUMMARY FOR THE MONTH OF JUNE 2016...

CLIMATE NORMAL PERIOD 1981 TO 2010
CLIMATE RECORD PERIOD 1894 TO 2016

WEATHER         OBSERVED          NORMAL  DEPART  LAST YEAR`S
                 VALUE   DATE(S)  VALUE   FROM    VALUE  DATE(S)
                                          NORMAL
................................................................
TEMPERATURE (F)
HIGHEST            97                                 99  06/26
LOWEST             42                                 43  06/14
                                                          06/13
AVG. MAXIMUM     77.0              72.8     4.2     83.2
AVG. MINIMUM     50.6              47.0     3.6     51.9
MEAN             63.8              59.9     3.9     67.5
DAYS MAX >= 90      5               0.9     4.1        9
DAYS MAX <= 32      0               0.0     0.0        0
DAYS MIN <= 32      0               0.0     0.0        0
DAYS MIN <= 0       0               0.0     0.0        0

PRECIPITATION (INCHES)
RECORD
 MAXIMUM         3.76   1913
 MINIMUM            T   1965
                        1951
                        1918
TOTALS           1.56              1.53    0.03     0.67
DAYS >= .01        11                MM      MM        3
DAYS >= .10         6                MM      MM        1
DAYS >= .50         0                MM      MM        1
DAYS >= 1.00        0                MM      MM        0
GREATEST
 24 HR. TOTAL    0.49   06/13 TO 06/14

DEGREE_DAYS
HEATING TOTAL     101               169     -68       36
 SINCE 7/1       3805              4871   -1066     3565
COOLING TOTAL      72                16      56      122
 SINCE 1/1         91                22      69      130
.................................................................

WIND (MPH)
AVERAGE WIND SPEED              5.9
RESULTANT WIND SPEED/DIRECTION   2/271
HIGHEST WIND SPEED/DIRECTION    23/230    DATE  06/10
HIGHEST GUST SPEED/DIRECTION    33/230    DATE  06/10

SKY COVER
POSSIBLE SUNSHINE (PERCENT)   MM
AVERAGE SKY COVER           0.30

AVERAGE RH (PERCENT)     64

WEATHER CONDITIONS. NUMBER OF DAYS WITH
THUNDERSTORM              0     MIXED PRECIP               0
HEAVY RAIN                3     RAIN                       6
LIGHT RAIN               10     FREEZING RAIN              0
LT FREEZING RAIN          0     HAIL                       0
HEAVY SNOW                0     SNOW                       0
LIGHT SNOW                0     SLEET                      0
FOG                       8     FOG W/VIS <= 1/4 MILE      0
HAZE                      2

-  INDICATES NEGATIVE NUMBERS.
R  INDICATES RECORD WAS SET OR TIED.
MM INDICATES DATA IS MISSING.
T  INDICATES TRACE AMOUNT.

$$
