000
CXUS56 KPQR 011602
CLMMMV


CLIMATE REPORT
NATIONAL WEATHER SERVICE PORTLAND OREGON
902 AM PDT MON MAY 1 2017

...................................

...THE MCMINNVILLE OR CLIMATE SUMMARY FOR THE MONTH OF APRIL 2017...

CLIMATE NORMAL PERIOD 1981 TO 2010
CLIMATE RECORD PERIOD 1894 TO 2017

WEATHER         OBSERVED          NORMAL  DEPART  LAST YEAR`S
                 VALUE   DATE(S)  VALUE   FROM    VALUE  DATE(S)
                                          NORMAL
................................................................
TEMPERATURE (F)
HIGHEST            70                                 88  04/18
LOWEST             31                                 35  04/26
                                                          04/15
AVG. MAXIMUM     58.5              60.9    -2.4     67.9
AVG. MINIMUM     41.1              39.3     1.8     43.7
MEAN             49.8              50.1    -0.3     55.8
DAYS MAX >= 90      0               0.0     0.0        0
DAYS MAX <= 32      0               0.0     0.0        0
DAYS MIN <= 32      1               1.6    -0.6        0
DAYS MIN <= 0       0               0.0     0.0        0

PRECIPITATION (INCHES)
RECORD
 MAXIMUM         7.07   1937
 MINIMUM         0.30   1977
TOTALS           4.40              2.91    1.49     2.90
DAYS >= .01        24                MM      MM       12
DAYS >= .10        14                MM      MM        9
DAYS >= .50         2                MM      MM        2
DAYS >= 1.00        0                MM      MM        0
GREATEST
 24 HR. TOTAL    0.54   04/26 TO 04/26

DEGREE_DAYS
HEATING TOTAL     450               447       3      281
 SINCE 7/1       4283              4398    -115     3529
COOLING TOTAL       0                 0       0       11
 SINCE 1/1          0                 0       0       11
.................................................................

WIND (MPH)
AVERAGE WIND SPEED              6.8
RESULTANT WIND SPEED/DIRECTION   2/230
HIGHEST WIND SPEED/DIRECTION    40/200    DATE  04/07
HIGHEST GUST SPEED/DIRECTION    54/190    DATE  04/07

SKY COVER
POSSIBLE SUNSHINE (PERCENT)   MM
AVERAGE SKY COVER           0.60

AVERAGE RH (PERCENT)     73

WEATHER CONDITIONS. NUMBER OF DAYS WITH
THUNDERSTORM              0     MIXED PRECIP               0
HEAVY RAIN                1     RAIN                       9
LIGHT RAIN               25     FREEZING RAIN              0
LT FREEZING RAIN          0     HAIL                       0
HEAVY SNOW                0     SNOW                       0
LIGHT SNOW                0     SLEET                      0
FOG                      20     FOG W/VIS <= 1/4 MILE      0
HAZE                      1

-  INDICATES NEGATIVE NUMBERS.
R  INDICATES RECORD WAS SET OR TIED.
MM INDICATES DATA IS MISSING.
T  INDICATES TRACE AMOUNT.

$$
