000
CXUS54 KMOB 010731
CLMMOB


CLIMATE REPORT
NATIONAL WEATHER SERVICE MOBILE AL
122 AM CST SUN FEB 1 2015

...................................

...THE MOBILE CLIMATE SUMMARY FOR THE MONTH OF JANUARY 2015...

CLIMATE NORMAL PERIOD 1981 TO 2010
CLIMATE RECORD PERIOD 1842 TO 2015

WEATHER         OBSERVED          NORMAL  DEPART  LAST YEAR`S
                 VALUE   DATE(S)  VALUE   FROM    VALUE  DATE(S)
                                          NORMAL
................................................................
TEMPERATURE (F)
RECORD
 HIGH              84   01/11/1949
 LOW                3   01/21/1985
HIGHEST            78   01/12                         73  01/11
LOWEST             17   01/08                         14  01/07
AVG. MAXIMUM     59.7              60.8    -1.1     54.9
AVG. MINIMUM     37.2              40.0    -2.8     30.4
MEAN             48.5              50.4    -1.9     42.7
DAYS MAX >= 90      0               0.0     0.0        0
DAYS MAX <= 32      0               0.1    -0.1        1
DAYS MIN <= 32      8               7.7     0.3       19
DAYS MIN <= 0       0               0.0     0.0        0

PRECIPITATION (INCHES)

TOTALS           3.89              5.65   -1.76     2.92
DAILY AVG.       0.13              0.18   -0.05     0.09
DAYS >= .01         7               9.9    -2.9        9
DAYS >= .10         5               7.0    -2.0        7
DAYS >= .50         4               3.4     0.6        3
DAYS >= 1.00        1               1.8    -0.8        0
GREATEST
 24 HR. TOTAL    2.18   01/22 TO 01/23

SNOWFALL (INCHES)

TOTALS              T               0.0     0.0      1.3
SINCE 7/1           T                 T     0.0      1.3
SNOWDEPTH AVG.      0                                  0
DAYS >= 1.0         0               0.0     0.0        1
GREATEST
 SNOW DEPTH         0                                  1  01/29
                                                          01/28
 24 HR TOTAL        T   01/09 TO 01/09

DEGREE_DAYS
HEATING TOTAL     506               459      47      687
 SINCE 7/1       1216              1121      95     1365
COOLING TOTAL       3                 7      -4        0
 SINCE 1/1          3                 7      -4        0
.................................................................

WIND (MPH)
AVERAGE WIND SPEED              8.0
HIGHEST WIND SPEED/DIRECTION    26/010    DATE  01/07
HIGHEST GUST SPEED/DIRECTION    38/360    DATE  01/07

SKY COVER
POSSIBLE SUNSHINE (PERCENT)   MM
AVERAGE SKY COVER           0.50
NUMBER OF DAYS FAIR           13
NUMBER OF DAYS PC              9
NUMBER OF DAYS CLOUDY          9

AVERAGE RH (PERCENT)     71

WEATHER CONDITIONS. NUMBER OF DAYS WITH
THUNDERSTORM              2     MIXED PRECIP               0
HEAVY RAIN                5     RAIN                       5
LIGHT RAIN                8     FREEZING RAIN              0
LT FREEZING RAIN          0     HAIL                       0
HEAVY SNOW                0     SNOW                       0
LIGHT SNOW                1     SLEET                      1
FOG                      15     FOG W/VIS <= 1/4 MILE      1
HAZE                      9

-  INDICATES NEGATIVE NUMBERS.
R  INDICATES RECORD WAS SET OR TIED.
MM INDICATES DATA IS MISSING.
T  INDICATES TRACE AMOUNT.

$$
