000
CXUS54 KHUN 011949
CLMMSL


CLIMATE REPORT
NATIONAL WEATHER SERVICE HUNTSVILLE AL
247 PM CDT WED OCT 1 2014

...................................

...THE MUSCLE SHOALS CLIMATE SUMMARY FOR THE MONTH OF SEPTEMBER 2014...

CLIMATE NORMAL PERIOD 1981 TO 2010
CLIMATE RECORD PERIOD 1893 TO 2014

WEATHER         OBSERVED          NORMAL  DEPART  LAST YEAR`S
                 VALUE   DATE(S)  VALUE   FROM    VALUE
                                          NORMAL
.............................................................
TEMPERATURE (F)
RECORD
 HIGH             108   09/08/1925
 LOW               35   09/30/1901
HIGHEST            94   09/09        MM      MM       95
                        09/06
LOWEST             50   09/23        MM      MM       51
AVG. MAXIMUM     86.6              84.7     1.9     87.0
AVG. MINIMUM     63.5              61.6     1.9     63.0
MEAN             75.0              73.2     1.8     75.0
DAYS MAX >= 90      8               6.3     1.7       14
DAYS MAX <= 32      0               0.0     0.0        0
DAYS MIN <= 32      0               0.0     0.0        0
DAYS MIN <= 0       0               0.0     0.0        0

PRECIPITATION (INCHES)
RECORD
 MAXIMUM        10.13   1979
 MINIMUM         0.00   1897
TOTALS           2.71              3.72   -1.01     2.46
DAILY AVG.       0.09              0.12   -0.03
DAYS >= .01         6               7.7    -1.7        6
DAYS >= .10         4               5.2    -1.2        5
DAYS >= .50         2               2.5    -0.5        1
DAYS >= 1.00        1               1.2    -0.2        1
GREATEST
 24 HR. TOTAL    2.23   09/11 TO 09/12              1.55

SNOWFALL (INCHES)
RECORDS
 TOTAL            0.0   2002
                        2001
                        2000
 24 HR TOTAL      0.0   MM
TOTALS            0.0               0.0     0.0      0.0
SINCE 7/1         0.0               0.0     0.0      0.0
DAYS >= TRACE       0               0.0     0.0
DAYS >= 1.0         0               0.0     0.0
GREATEST
 24 HR TOTAL      0.0   09/30 TO 09/30               0.0

DEGREE_DAYS
HEATING TOTAL       0                15     -15        0
 SINCE 7/1          0                15     -15        0
COOLING TOTAL     307               259      48      309
 SINCE 1/1       1760              1802     -42     1790

FREEZE DATES
RECORD
 EARLIEST     10/03/1908
 LATEST       04/27/1919
EARLIEST                        11/07
LATEST                          03/28
..............................................................

WIND (MPH)
AVERAGE WIND SPEED              3.2
HIGHEST WIND SPEED/DIRECTION    23/220    DATE  09/02
HIGHEST GUST SPEED/DIRECTION    30/220    DATE  09/02

AVERAGE RH (PERCENT)     69


-  INDICATES NEGATIVE NUMBERS.
R  INDICATES RECORD WAS SET OR TIED.
MM INDICATES DATA IS MISSING.
T  INDICATES TRACE AMOUNT.

$$
