000
CXUS52 KKEY 020100
CLMMTH


CLIMATE REPORT
NATIONAL WEATHER SERVICE KEY WEST, FL
800 PM EST MON JAN 1 2018

...................................

...THE MARATHON CLIMATE SUMMARY FOR THE MONTH OF DECEMBER 2017...

CLIMATE NORMAL PERIOD 1981 TO 2010

WEATHER         OBSERVED          NORMAL  DEPART  LAST YEAR`S
                 VALUE   DATE(S)  VALUE   FROM    VALUE  DATE(S)
                                          NORMAL
................................................................
TEMPERATURE (F)
HIGHEST            86   12/08                         88  12/19
                                                          12/18
                                                          12/06
LOWEST             50   12/14                         62  12/31
AVG. MAXIMUM     78.7              76.7     2.0     83.8
AVG. MINIMUM     67.5              66.7     0.8     75.2
MEAN             73.1              71.7     1.4     79.5
DAYS MAX >= 90      0               0.0     0.0        0
DAYS MAX <= 32      0               0.0     0.0        0
DAYS MIN <= 32      0               0.0     0.0        0
DAYS MIN <= 0       0               0.0     0.0        0

PRECIPITATION (INCHES)
TOTALS           1.04              2.02   -0.98     1.90
DAILY AVG.       0.03              0.07   -0.04     0.06
DAYS >= .01         4                                 12
DAYS >= .10         2                                  6
DAYS >= .50         1                                  1
DAYS >= 1.00        0                                  0
GREATEST
 24 HR. TOTAL    0.86   12/09 TO 12/09

SNOWFALL (INCHES)
TOTALS            0.0                                0.0
SINCE 7/1         0.0                                0.0
SNOWDEPTH AVG.      0                                  0
DAYS >= 1.0         0                                  0
GREATEST
 SNOW DEPTH         0                                  0
 24 HR TOTAL      0.0   12/31 TO 12/31

DEGREE_DAYS
HEATING TOTAL      18                20      -2        0
 SINCE 7/1         18                21      -3        0
COOLING TOTAL     278               228      50      458
 SINCE 1/1       5657              4992     665     5423
.................................................................

WIND (MPH)
AVERAGE WIND SPEED              8.0
HIGHEST WIND SPEED/DIRECTION    29/320    DATE  12/09
HIGHEST GUST SPEED/DIRECTION    39/200    DATE  12/09

SKY COVER
POSSIBLE SUNSHINE (PERCENT)   MM
AVERAGE SKY COVER           0.10
NUMBER OF DAYS FAIR           30
NUMBER OF DAYS PC              1
NUMBER OF DAYS CLOUDY          0

AVERAGE RH (PERCENT)     71

WEATHER CONDITIONS. NUMBER OF DAYS WITH
THUNDERSTORM              1     MIXED PRECIP               0
HEAVY RAIN                2     RAIN                       2
LIGHT RAIN                5     FREEZING RAIN              0
LT FREEZING RAIN          0     HAIL                       0
HEAVY SNOW                0     SNOW                       0
LIGHT SNOW                0     SLEET                      0
FOG                       5     FOG W/VIS <= 1/4 MILE      0
HAZE                      3

-  INDICATES NEGATIVE NUMBERS.
R  INDICATES RECORD WAS SET OR TIED.
MM INDICATES DATA IS MISSING.
T  INDICATES TRACE AMOUNT.

$$

FOR THE SIXTH CONSECUTIVE MONTH, LAST MONTH WAS ON THE WARM SIDE FOR
MARATHON. DECEMBER 2017 ENDED 1.4 DEGREES ABOVE NORMAL, WITH AN
AVERAGE TEMPERATURE OF 73.1 DEGREES FAHRENHEIT. LOOKING BACK AT
2017, THE ANNUAL AVERAGE TEMPERATURE WAS 80.4 DEGREES. THIS WAS 2.0
DEGREES ABOVE NORMAL FOR THE YEAR.

FOLLOWING IN NOVEMBER`S FOOTSTEPS, DECEMBER ENDED THE MONTH WITH A
RAINFALL DEFICIT WHEN COMPARED TO NORMAL. WHILE 2017 ENDED WITH
31.61 INCHES OF RAINFALL, A DEFICIT OF 14.56 INCHES, IT IS IMPORTANT
TO NOTE THAT THIS VALUE IS MISSING SIGNIFICANT RAINFALL FROM
SEPTEMBER. THIS DATA LOSS WAS THE RESULT OF AN ASOS OUTAGE
ASSOCIATED WITH HURRICANE IRMA.

RECORDS ARE NOT YET TRACKED FOR THE MARATHON AREA DUE TO THE SHORT
PERIOD OF RECORD AT THE FLORIDA KEYS MARATHON INTERNATIONAL AIRPORT.
THE PERIOD OF RECORD HERE ONLY DATES BACK TO 1998 AND ONLY TO 1999
FOR COMPLETE YEARLY RECORDS.


ROSS
