000
CXUS55 KGJT 012023 CCA
CLMMTJ

CLIMATE REPORT...COR TO THUNDERSTORM AND SNOWFALL DAYS
NATIONAL WEATHER SERVICE GRAND JUNCTION CO
123 PM MST THU DEC 1 2016

...................................

...THE MONTROSE CO CLIMATE SUMMARY FOR THE MONTH OF NOVEMBER 2016...

CLIMATE NORMAL PERIOD 1981 TO 2010
CLIMATE RECORD PERIOD 9999 TO 9999

WEATHER         OBSERVED          NORMAL  DEPART  LAST YEAR`S
                 VALUE   DATE(S)  VALUE   FROM    VALUE  DATE(S)
                                          NORMAL
................................................................
TEMPERATURE (F)
HIGHEST            69   11/16        MM      MM       71  11/02
LOWEST             12   11/30        MM      MM       11  11/30
AVG. MAXIMUM     55.5              49.9     5.6     49.5
AVG. MINIMUM     30.0              24.8     5.2     25.3
MEAN             42.7              37.3     5.4     37.4
DAYS MAX >= 90      0               0.0     0.0        0
DAYS MAX <= 32      0               1.4    -1.4        2
DAYS MIN <= 32     18              25.5    -7.5       25
DAYS MIN <= 0       0               0.1    -0.1        0

PRECIPITATION (INCHES)
TOTALS           0.25              0.81   -0.56     1.14
DAILY AVG.       0.01              0.03   -0.02     0.04
DAYS >= .01         5                MM      MM        7
DAYS >= .10         0                MM      MM        4
DAYS >= .50         0                MM      MM        1
DAYS >= 1.00        0                MM      MM        0
GREATEST
 24 HR. TOTAL    0.11   11/21 TO 11/22              0.64

SNOWFALL (INCHES)
TOTALS             MM                MM      MM       MM
SINCE 7/1          MM                MM      MM       MM
SNOWDEPTH AVG.     MM                MM      MM       MM
DAYS >= 1.0        MM                MM      MM       MM
GREATEST
 SNOW DEPTH        MM                                 MM  MM
 24 HR TOTAL       MM                                 MM

DEGREE_DAYS
HEATING TOTAL     659               830    -171      818
 SINCE 7/1       1042              1421    -379     1141
COOLING TOTAL       0                 0       0        0
 SINCE 1/1        726               643      83      735
.................................................................

WIND (MPH)
AVERAGE WIND SPEED              6.6
HIGHEST WIND SPEED/DIRECTION    38/230    DATE  11/27
HIGHEST GUST SPEED/DIRECTION    50/220    DATE  11/27

SKY COVER
POSSIBLE SUNSHINE (PERCENT)   MM
AVERAGE SKY COVER           0.20
NUMBER OF DAYS FAIR           20
NUMBER OF DAYS PC              6
NUMBER OF DAYS CLOUDY          4

AVERAGE RH (PERCENT)     55

WEATHER CONDITIONS. NUMBER OF DAYS WITH
THUNDERSTORM              2     MIXED PRECIP               0
HEAVY RAIN                1     RAIN                       2
LIGHT RAIN                9     FREEZING RAIN              0
LT FREEZING RAIN          0     HAIL                       0
HEAVY SNOW                0     SNOW                       2
LIGHT SNOW                5     SLEET                      0
FOG                       5     FOG W/VIS <= 1/4 MILE      0
HAZE                      3

-  INDICATES NEGATIVE NUMBERS.
R  INDICATES RECORD WAS SET OR TIED.
MM INDICATES DATA IS MISSING.
T  INDICATES TRACE AMOUNT.

$$
