000
CXUS53 KLIX 022219
CLMNEW


CLIMATE REPORT
NATIONAL WEATHER SERVICE NEW ORLEANS
510 PM CDT FRI JUN 2 2017

...................................

...THE NEW ORLEANS CLIMATE SUMMARY FOR THE MONTH OF MAY 2017...

CLIMATE NORMAL PERIOD 1981 TO 2010
CLIMATE RECORD PERIOD 1946 TO 2017

WEATHER         OBSERVED          NORMAL  DEPART  LAST YEAR`S
                 VALUE   DATE(S)  VALUE   FROM    VALUE  DATE(S)
                                          NORMAL
................................................................
TEMPERATURE (F)
RECORD
 HIGH              96   05/28/1953
                        05/31/1951
 LOW               41   05/13/1960
HIGHEST            90   05/28                         92  05/30
LOWEST             53   05/04                         59  05/08
                                                          05/07
AVG. MAXIMUM     82.3              85.2    -2.9     85.1
AVG. MINIMUM     65.5              68.1    -2.6     69.9
MEAN             73.9              76.7    -2.8     77.5
DAYS MAX >= 90      1               3.7    -2.7        5
DAYS MAX <= 32      0               0.0     0.0        0
DAYS MIN <= 32      0               0.0     0.0        0
DAYS MIN <= 0       0               0.0     0.0        0

PRECIPITATION (INCHES)
RECORD
 MAXIMUM
 MINIMUM
TOTALS           9.93              4.63    5.30     4.95
DAILY AVG.       0.32              0.15    0.17     0.16
DAYS >= .01        10               7.7     2.3        8
DAYS >= .10         9               5.1     3.9        4
DAYS >= .50         6               2.4     3.6        3
DAYS >= 1.00        3               1.4     1.6        2
GREATEST
 24 HR. TOTAL    3.66   05/03 TO 05/03

SNOWFALL (INCHES)
RECORDS
 TOTAL
 24 HR TOTAL
 SNOW DEPTH
TOTALS            0.0               0.0     0.0      0.0
SINCE 7/1         0.0                 T     0.0      0.0
SNOWDEPTH AVG.      0                                  0
DAYS >= TRACE       0               0.0     0.0        0
DAYS >= 1.0         0               0.0     0.0        0
GREATEST
 SNOW DEPTH         0                                  0
 24 HR TOTAL

DEGREE_DAYS
HEATING TOTAL       5                 1       4        0
 SINCE 7/1        635              1280    -645      755
COOLING TOTAL     288               362     -74      396
 SINCE 1/1        755               619     136      780
..................................................

WIND (MPH)
AVERAGE WIND SPEED              7.8
HIGHEST WIND SPEED/DIRECTION    35/300    DATE  05/03
HIGHEST GUST SPEED/DIRECTION    43/330    DATE  05/12

SKY COVER
POSSIBLE SUNSHINE (PERCENT)
AVERAGE SKY COVER           0.50
NUMBER OF DAYS FAIR           11
NUMBER OF DAYS PC             15
NUMBER OF DAYS CLOUDY          5

AVERAGE RH (PERCENT)     74

WEATHER CONDITIONS. NUMBER OF DAYS WITH
THUNDERSTORM              0     MIXED PRECIP               0
HEAVY RAIN                7     RAIN                       8
LIGHT RAIN               11     FREEZING RAIN              0
LT FREEZING RAIN          0     HAIL                       0
HEAVY SNOW                0     SNOW                       0
LIGHT SNOW                0     SLEET                      0
FOG                      16     FOG W/VIS <= 1/4 MILE      0
HAZE                      4

-  INDICATES NEGATIVE NUMBERS.
R  INDICATES RECORD WAS SET OR TIED.
MM INDICATES DATA IS MISSING.
T  INDICATES TRACE AMOUNT.

$$
