674
CXUS53 KGID 011651
CLMODX


CLIMATE REPORT
NATIONAL WEATHER SERVICE HASTINGS NE
1045 AM CST MON FEB 1 2016

...................................

...THE ORD NE CLIMATE SUMMARY FOR THE MONTH OF JANUARY 2016...

CLIMATE NORMAL PERIOD 1981 TO 2010
CLIMATE RECORD PERIOD 1895 TO 2016

WEATHER         OBSERVED          NORMAL  DEPART  LAST YEAR`S
                 VALUE   DATE(S)  VALUE   FROM    VALUE
                                          NORMAL
.............................................................
TEMPERATURE (F)
HIGHEST            54   01/29        MM      MM       66
LOWEST             -9   01/10        MM      MM       -5
AVG. MAXIMUM     36.0              36.9    -0.9     39.5
AVG. MINIMUM     16.1              12.3     3.8     12.2
MEAN             26.0              24.6     1.4     25.8
DAYS MAX >= 90      0               0.0     0.0        0
DAYS MAX <= 32     12
DAYS MIN <= 32     31              30.7     0.3       31
DAYS MIN <= 0       4

PRECIPITATION (INCHES)
TOTALS           0.30              0.37   -0.07     0.17
DAILY AVG.       0.01              0.01    0.00     0.01
DAYS >= .01         5                MM      MM        3
DAYS >= .10         1                MM      MM        1
DAYS >= .50         0                MM      MM        0
DAYS >= 1.00        0                MM      MM        0
GREATEST
 24 HR. TOTAL    0.20   01/19 TO 01/19

DEGREE_DAYS
HEATING TOTAL    1203
 SINCE 7/1       3453
COOLING TOTAL       0
 SINCE 1/1          0
..............................................................

WIND (MPH)
AVERAGE WIND SPEED              8.8
HIGHEST WIND SPEED/DIRECTION    35/330    DATE  01/15
HIGHEST GUST SPEED/DIRECTION    47/320    DATE  01/14

SKY COVER
POSSIBLE SUNSHINE (PERCENT)   MM
NUMBER OF DAYS FAIR           15
NUMBER OF DAYS PC              6
NUMBER OF DAYS CLOUDY         10

AVERAGE RH (PERCENT)     78

WEATHER CONDITIONS. NUMBER OF DAYS WITH
THUNDERSTORM              0     MIXED PRECIP               0
HEAVY RAIN                0     RAIN                       0
LIGHT RAIN                2     FREEZING RAIN              0
LT FREEZING RAIN          0     HAIL                       0
HEAVY SNOW                0     SNOW                       0
LIGHT SNOW                9     SLEET                      0
FOG                      13     FOG W/VIS <= 1/4 MILE      3
HAZE                      1

-  INDICATES NEGATIVE NUMBERS.
R  INDICATES RECORD WAS SET OR TIED.
MM INDICATES DATA IS MISSING.
T  INDICATES TRACE AMOUNT.

$$
