000
CXHW52 PHFO 011625
CLMOGG


CLIMATE REPORT
NATIONAL WEATHER SERVICE HONOLULU HI
625 AM HST SUN MAY 1 2016

...................................

...THE KAHULUI HI CLIMATE SUMMARY FOR THE MONTH OF APRIL 2016...

CLIMATE NORMAL PERIOD 1981 TO 2010
CLIMATE RECORD PERIOD 1946 TO 2016

WEATHER         OBSERVED          NORMAL  DEPART  LAST YEAR`S
                 VALUE   DATE(S)  VALUE   FROM    VALUE  DATE(S)
                                          NORMAL
................................................................
TEMPERATURE (F)
RECORD
 HIGH              96   04/08/2005
 LOW               54   04/04/1985
HIGHEST            90   04/04        83       7       90  04/24
                                                          04/22
LOWEST             63   04/01        66      -3       63  04/22
                                                          04/07
AVG. MAXIMUM     85.0              82.4     2.6     84.5
AVG. MINIMUM     68.4              65.7     2.7     68.5
MEAN             76.7              74.0     2.7     76.5
DAYS MAX >= 90      1               0.0     1.0        2
DAYS MAX <= 32      0               0.0     0.0        0
DAYS MIN <= 32      0               0.0     0.0        0
DAYS MIN <= 0       0               0.0     0.0        0

PRECIPITATION (INCHES)
RECORD
 MAXIMUM        14.29   1989
 MINIMUM         0.03   2008
TOTALS           1.20              1.55   -0.35     2.81
DAILY AVG.       0.04              0.05   -0.01     0.09
DAYS >= .01        13               9.2     3.8       10
DAYS >= .10         4               2.9     1.1        4
DAYS >= .50         1               0.8     0.2        2
DAYS >= 1.00        0               0.3    -0.3        2
GREATEST
 24 HR. TOTAL    0.53   04/06 TO 04/07              2.35

SNOWFALL (INCHES)
RECORDS
 TOTAL             MM   5
TOTALS            0.0               0.0     0.0      0.0
SINCE 7/1         0.0               0.0     0.0      0.0
SNOWDEPTH AVG.      0                MM      MM        0
DAYS >= 1.0         0               0.0     0.0        0
GREATEST
 SNOW DEPTH         0   MM                             0  MM
 24 HR TOTAL      0.0   04/30 TO 04/30               0.0

DEGREE_DAYS
HEATING TOTAL       0                 0       0        0
 SINCE 7/1          0                 0       0        0
COOLING TOTAL     358               272      86      351
 SINCE 1/1       1105               926     179      981
.................................................................

WIND (MPH)
AVERAGE WIND SPEED              14.1
HIGHEST WIND SPEED/DIRECTION    32/050    DATE  04/13
HIGHEST GUST SPEED/DIRECTION    45/070    DATE  04/13

SKY COVER
POSSIBLE SUNSHINE (PERCENT)   MM
AVERAGE SKY COVER           0.40
NUMBER OF DAYS FAIR            8
NUMBER OF DAYS PC             20
NUMBER OF DAYS CLOUDY          2

AVERAGE RH (PERCENT)     71

WEATHER CONDITIONS. NUMBER OF DAYS WITH
THUNDERSTORM              0     MIXED PRECIP               0
HEAVY RAIN                3     RAIN                       4
LIGHT RAIN               15     FREEZING RAIN              0
LT FREEZING RAIN          0     HAIL                       0
HEAVY SNOW                0     SNOW                       0
LIGHT SNOW                0     SLEET                      0
FOG                      14     FOG W/VIS <= 1/4 MILE      0
HAZE                      5

-  INDICATES NEGATIVE NUMBERS.
R  INDICATES RECORD WAS SET OR TIED.
MM INDICATES DATA IS MISSING.
T  INDICATES TRACE AMOUNT.

$$
