000
CXUS53 KEAX 032158
CLMOJC

STLCLMWK4 000
TTAA00 KEAX 032152


CLIMATE REPORT
NATIONAL WEATHER SERVICE KANSAS CITY/PLEASANT HILL MO
449 PM CDT WED SEP 3 2014

...................................

...THE JOHNSON COUNTY EXECUTIVE CLIMATE SUMMARY FOR THE MONTH OF AUGUST 2014...

CLIMATE NORMAL PERIOD 1981 TO 2010
CLIMATE RECORD PERIOD 9999 TO 9999

WEATHER         OBSERVED          NORMAL  DEPART  LAST YEAR`S
                 VALUE   DATE(S)  VALUE   FROM    VALUE  DATE(S)
                                          NORMAL
................................................................
TEMPERATURE (F)
HIGHEST            96   08/23        98      -2       98  08/30
LOWEST             58   08/13        57       1       57  08/17
AVG. MAXIMUM     87.6              87.4     0.2     85.0
AVG. MINIMUM     67.9              67.9     0.0     66.7
MEAN             77.8              77.6     0.2     75.9
DAYS MAX >= 90     14              12.1     1.9        9
DAYS MAX <= 32      0               0.0     0.0        0
DAYS MIN <= 32      0               0.0     0.0        0
DAYS MIN <= 0       0               0.0     0.0        0

PRECIPITATION (INCHES)
TOTALS           4.77              3.72    1.05     2.68
DAILY AVG.       0.15              0.12    0.03     0.09
DAYS >= .01         8               8.8    -0.8       10
DAYS >= .10         5               5.8    -0.8        5
DAYS >= .50         4               2.3     1.7        2
DAYS >= 1.00        3               1.3     1.7        0
GREATEST
 24 HR. TOTAL    1.61   08/06 TO 08/07

DEGREE_DAYS
HEATING TOTAL       0                 1      -1        0
 SINCE 7/1          1                 1       0        0
COOLING TOTAL     404               393      11      343
 SINCE 1/1       1089              1165     -76     1113
.................................................................

WIND (MPH)
AVERAGE WIND SPEED              6.7
HIGHEST WIND SPEED/DIRECTION    43/320    DATE  08/31
HIGHEST GUST SPEED/DIRECTION    53/330    DATE  08/31

SKY COVER
POSSIBLE SUNSHINE (PERCENT)   MM
AVERAGE SKY COVER           0.20
NUMBER OF DAYS FAIR           23
NUMBER OF DAYS PC              7
NUMBER OF DAYS CLOUDY          1

AVERAGE RH (PERCENT)     71

WEATHER CONDITIONS. NUMBER OF DAYS WITH
THUNDERSTORM              0     MIXED PRECIP               0
HEAVY RAIN                4     RAIN                       6
LIGHT RAIN                9     FREEZING RAIN              0
LT FREEZING RAIN          0     HAIL                       0
HEAVY SNOW                0     SNOW                       0
LIGHT SNOW                0     SLEET                      0
FOG                       8     FOG W/VIS <= 1/4 MILE      1
HAZE                      3

-  INDICATES NEGATIVE NUMBERS.
R  INDICATES RECORD WAS SET OR TIED.
MM INDICATES DATA IS MISSING.
T  INDICATES TRACE AMOUNT.

$$
