294
CXUS54 KOUN 011411
CLMOKC

CLIMATE REPORT
NATIONAL WEATHER SERVICE NORMAN OK
744 AM CST THU DEC 1 2016

...................................

...THE OKLAHOMA CITY CLIMATE SUMMARY FOR THE MONTH OF NOVEMBER
2016...

CLIMATE NORMAL PERIOD 1981 TO 2010
CLIMATE RECORD PERIOD 1890 TO 2016

WEATHER         OBSERVED          NORMAL  DEPART  LAST YEAR`S
                 VALUE   DATE(S)  VALUE   FROM    VALUE
                                          NORMAL
.............................................................
TEMPERATURE (F)
RECORD
 HIGH              87   11/08/1980
                        11/05/1891
 LOW                9   11/17/1894
HIGHEST            86   11/16        78       8       78
LOWEST             27   11/26        22       5       22
AVG. MAXIMUM     68.0              61.5     6.5     62.7
AVG. MINIMUM     44.6              40.0     4.6     40.5
MEAN             56.3              50.7     5.6     51.6
DAYS MAX >= 90      0               0.0     0.0        0
DAYS MAX <= 32      0               0.2    -0.2        0
DAYS MIN <= 32      4               5.7    -1.7        7
DAYS MIN <= 0       0               0.0     0.0        0

PRECIPITATION (INCHES)
RECORD
 MAXIMUM         9.63   1931
 MINIMUM            T   1910
                        1949
                        2005
TOTALS           0.52              1.98   -1.46     4.57
DAILY AVG.       0.02              0.07   -0.05     0.15
DAYS >= .01         5               6.0    -1.0        9
DAYS >= .10         2               3.5    -1.5        6
DAYS >= .50         0               1.5    -1.5        4
DAYS >= 1.00        0               0.5    -0.5        2
GREATEST
 24 HR. TOTAL    0.34   11/02 TO 11/02

SNOWFALL (INCHES)
TOTALS            0.0               0.4    -0.4
SINCE 7/1           T               0.4    -0.4

DEGREE_DAYS
HEATING TOTAL     277               435    -158      396
 SINCE 7/1        323               599    -276      485
..............................................................

WIND (MPH)
AVERAGE WIND SPEED              10.7
HIGHEST WIND SPEED/DIRECTION    33/330    DATE  11/18
HIGHEST GUST SPEED/DIRECTION    41/180    DATE  11/17


WEATHER CONDITIONS. NUMBER OF DAYS WITH
THUNDERSTORM              0     MIXED PRECIP               0
HEAVY RAIN                1     RAIN                       2
LIGHT RAIN                7     FREEZING RAIN              0
LT FREEZING RAIN          0     HAIL                       0
HEAVY SNOW                0     SNOW                       0
LIGHT SNOW                0     SLEET                      0
FOG                      11     FOG W/VIS <= 1/4 MILE      0
HAZE                      4

-  INDICATES NEGATIVE NUMBERS.
R  INDICATES RECORD WAS SET OR TIED.
MM INDICATES DATA IS MISSING.
T  INDICATES TRACE AMOUNT.
&&
..........................................................
RECORD EVENTS/REMARKS

RECORD MAXIMUM TEMPERATURE OF 83 DEGREES TIED ON THE  1ST.
RECORD MAXIMUM TEMPERATURE OF 84 DEGREES TIED ON THE 2ND.
RECORD MAXIMUM TEMPERATURE OF 86 DEGREES ON THE 16TH.
TIED FOR THE 2ND WARMEST NOVEMBER ON RECORD AT 56.3 DEGREES.
2ND WARMEST AUTUMN ON RECORD AT 66.6 DEGREES.
THE JANUARY THROUGH NOVEMBER TOTAL PRECIPITATION.

$$
