326
CXUS54 KOUN 011218 CCA
CLMOKC

CLIMATE REPORT...CORRECTED
NATIONAL WEATHER SERVICE NORMAN OK
717 AM CDT FRI APR 1 2016

...................................

...THE OKLAHOMA CITY CLIMATE SUMMARY FOR THE MONTH OF MARCH 2016...

CLIMATE NORMAL PERIOD 1981 TO 2010
CLIMATE RECORD PERIOD 1890 TO 2016

WEATHER         OBSERVED          NORMAL  DEPART  LAST YEAR`S
                 VALUE   DATE(S)  VALUE   FROM    VALUE
                                          NORMAL
.............................................................
TEMPERATURE (F)
RECORD
 HIGH              97   03/19/1907
 LOW                1   03/11/1948
HIGHEST            84                83       1       86
LOWEST             27                20       7       10
AVG. MAXIMUM     67.9              63.4     4.5     65.2
AVG. MINIMUM     43.1              41.0     2.1     42.1
MEAN             55.5              52.2     3.3     53.6
DAYS MAX >= 90      0               0.1    -0.1        0
DAYS MAX <= 32      0               0.3    -0.3        0
DAYS MIN <= 32      5               5.2    -0.2        6
DAYS MIN <= 0       0               0.0     0.0        0

PRECIPITATION (INCHES)
RECORD
 MAXIMUM         8.02   2007
 MINIMUM         0.02   1940
                        1911
TOTALS           1.02              3.06   -2.04     2.62
DAILY AVG.       0.03              0.10   -0.07     0.08
DAYS >= .01         7               7.6    -0.6        9
DAYS >= .10         3               5.1    -2.1        5
DAYS >= .50         1               1.9    -0.9        3
DAYS >= 1.00        0               1.1    -1.1        0
GREATEST
 24 HR. TOTAL    0.70   03/07 TO 03/08

SNOWFALL (INCHES)
TOTALS            0.0               0.9    -0.9
SINCE 7/1         1.2               7.6    -6.4

DEGREE_DAYS
HEATING TOTAL     292               409    -117      356
 SINCE 7/1       2649              3159    -510     3131
COOLING TOTAL       8                12      -4       10
 SINCE 1/1         12                13      -1       10
..............................................................

WIND (MPH)
AVERAGE WIND SPEED              13.9
HIGHEST WIND SPEED/DIRECTION    37/310    DATE  03/23
HIGHEST GUST SPEED/DIRECTION    47/180    DATE  03/23


WEATHER CONDITIONS. NUMBER OF DAYS WITH
THUNDERSTORM              0     MIXED PRECIP               0
HEAVY RAIN                1     RAIN                       2
LIGHT RAIN               10     FREEZING RAIN              0
LT FREEZING RAIN          0     HAIL                       1
HEAVY SNOW                0     SNOW                       0
LIGHT SNOW                0     SLEET                      0
FOG                       9     FOG W/VIS <= 1/4 MILE      2
HAZE                      3

-  INDICATES NEGATIVE NUMBERS.
R  INDICATES RECORD WAS SET OR TIED.
MM INDICATES DATA IS MISSING.
T  INDICATES TRACE AMOUNT.

...............................................................
RECORDS/REMARKS

THE JANUARY THROUGH MARCH 2016 TOTAL PRECIPITATION IS 2.48 INCHES.

$$
