000
CXUS56 KOTX 020440 CCA
CLMOMK

CLIMATE REPORT
NATIONAL WEATHER SERVICE SPOKANE, WA
443 AM PDT SAT JUL 1 2017

...................................

...THE OMAK WA AIRPORT CLIMATE SUMMARY FOR THE MONTH OF JUNE 2017...

CLIMATE NORMAL PERIOD 1981 TO 2010
CLIMATE RECORD PERIOD 9999 TO 9999

WEATHER         OBSERVED          NORMAL  DEPART  LAST YEAR`S
                 VALUE   DATE(S)  VALUE   FROM    VALUE  DATE(S)
                                          NORMAL
................................................................
TEMPERATURE (F)
RECORD
 HIGH             110   06/28/2015
 LOW               30   06/01/1976
HIGHEST            96   06/25        MM      MM      100  06/06
LOWEST             43   06/09        MM      MM       36  06/15
AVG. MAXIMUM     80.9              79.6     1.3     81.1
AVG. MINIMUM     50.0              51.4    -1.4     51.8
MEAN             65.4              65.5    -0.1     66.5
DAYS MAX >= 90      5               3.5     1.5        8
DAYS MAX <= 32      0               0.0     0.0        0
DAYS MIN <= 32      0               0.0     0.0        0
DAYS MIN <= 0       0               0.0     0.0        0

PRECIPITATION (INCHES)
RECORD
 MAXIMUM         4.55   1936
 MINIMUM            T   1932
TOTALS           0.26              1.23   -0.97     1.65
DAILY AVG.       0.01              0.04   -0.03     0.05
DAYS >= .01         5                MM      MM        7
DAYS >= .10         2                MM      MM        3
DAYS >= .50         0                MM      MM        2
DAYS >= 1.00        0                MM      MM        0
GREATEST
 24 HR. TOTAL    0.11   06/15 TO 06/15           06/09 TO 06/10

DEGREE_DAYS
HEATING TOTAL      58                69     -11       85
 SINCE 7/1       6461              6342     119     5476
COOLING TOTAL      80                84      -4      137
 SINCE 1/1        111               107       4      162
.................................................

WIND (MPH)
AVERAGE WIND SPEED              7.9
HIGHEST WIND SPEED/DIRECTION    29/360    DATE  06/28
HIGHEST GUST SPEED/DIRECTION    37/010    DATE  06/28

SKY COVER
POSSIBLE SUNSHINE (PERCENT)   MM
AVERAGE SKY COVER           0.20
NUMBER OF DAYS FAIR           25
NUMBER OF DAYS PC              5
NUMBER OF DAYS CLOUDY          0

AVERAGE RH (PERCENT)     48

WEATHER CONDITIONS. NUMBER OF DAYS WITH
THUNDERSTORM              2     MIXED PRECIP               0
HEAVY RAIN                0     RAIN                       0
LIGHT RAIN                6     FREEZING RAIN              0
LT FREEZING RAIN          0     HAIL                       0
HEAVY SNOW                0     SNOW                       0
LIGHT SNOW                0     SLEET                      0
FOG                       0     FOG W/VIS <= 1/4 MILE      0
HAZE                      0

-  INDICATES NEGATIVE NUMBERS.
R  INDICATES RECORD WAS SET OR TIED.
MM INDICATES DATA IS MISSING.
T  INDICATES TRACE AMOUNT.

$$
