000
CXUS51 KBOX 021443
CLMORH


CLIMATE REPORT
NATIONAL WEATHER SERVICE TAUNTON MA
1041 AM EDT WED JUL 2 2014

...................................

...THE WORCESTER MA CLIMATE SUMMARY FOR THE MONTH OF JUNE 2014...

CLIMATE NORMAL PERIOD 1981 TO 2010
CLIMATE RECORD PERIOD 1892 TO 2014

WEATHER         OBSERVED          NORMAL  DEPART
                 VALUE   DATE(S)  VALUE   FROM
                                          NORMAL
................................................
TEMPERATURE (F)
RECORD
 HIGH              94   06/10/2008
 LOW               37   06/01/2009
HIGHEST            84   06/30
                        06/17
LOWEST             48   06/01
AVG. MAXIMUM     75.5              74.1     1.4
AVG. MINIMUM     56.8              56.0     0.8
MEAN             66.1              65.0     1.1
DAYS MAX >= 90      0               0.4    -0.4
DAYS MAX <= 32      0               0.0     0.0
DAYS MIN <= 32      0               0.0     0.0
DAYS MIN <= 0       0               0.0     0.0

PRECIPITATION (INCHES)
RECORD
 MAXIMUM        12.17   1982
 MINIMUM         0.32   1999
TOTALS           1.56              4.19   -2.63
DAYS >= .01         7              12.3    -5.3
DAYS >= .10         5               7.4    -2.4
DAYS >= .50         1               2.6    -1.6
DAYS >= 1.00        0               0.9    -0.9
GREATEST
 24 HR. TOTAL    0.54   06/26 TO 06/26
                        06/25 TO 06/26
                        06/26 TO 06/26

SNOWFALL (INCHES)
RECORDS
 TOTAL            0.0   MM
 SNOW DEPTH         0   MM
TOTALS            0.0               0.0     0.0
SINCE 7/1        85.2              64.1    21.1
SNOWDEPTH AVG.      0
GREATEST
 SNOW DEPTH         0   MM
 24 HR TOTAL      0.0   06/30 TO 06/30

DEGREE_DAYS
HEATING TOTAL      45                83     -38
 SINCE 7/1       7073              6717     356
COOLING TOTAL      84                84       0
 SINCE 1/1         92               106     -14
.................................................

WIND (MPH)
AVERAGE WIND SPEED              9.0
RESULTANT WIND SPEED/DIRECTION   4/272
HIGHEST WIND SPEED/DIRECTION    33/270    DATE  06/18
HIGHEST GUST SPEED/DIRECTION    47/280    DATE  06/18

SKY COVER
POSSIBLE SUNSHINE (PERCENT)   MM
AVERAGE SKY COVER           0.40
NUMBER OF DAYS FAIR           19
NUMBER OF DAYS PC              4
NUMBER OF DAYS CLOUDY          7

AVERAGE RH (PERCENT)     67

WEATHER CONDITIONS. NUMBER OF DAYS WITH
THUNDERSTORM              0     MIXED PRECIP               0
HEAVY RAIN                1     RAIN                       5
LIGHT RAIN               11     FREEZING RAIN              0
LT FREEZING RAIN          0     HAIL                       0
HEAVY SNOW                0     SNOW                       0
LIGHT SNOW                0     SLEET                      0
FOG                      10     FOG W/VIS <= 1/4 MILE      4
HAZE                      1

-  INDICATES NEGATIVE NUMBERS.
R  INDICATES RECORD WAS SET OR TIED.
MM INDICATES DATA IS MISSING.
T  INDICATES TRACE AMOUNT.

$$
