036
CXUS54 KLZK 080132 CCA
CLMPBF

CLIMATE REPORT...CORRECTED
NATIONAL WEATHER SERVICE LITTLE ROCK AR
1014 AM CDT MON APR 4 2016

...................................

...THE PINE BLUFF CLIMATE SUMMARY FOR THE MONTH OF MARCH 2016...

CLIMATE NORMAL PERIOD 1981 TO 2010
CLIMATE RECORD PERIOD 1883 TO 2016

WEATHER         OBSERVED          NORMAL  DEPART  LAST YEAR`S
                 VALUE   DATE(S)  VALUE   FROM    VALUE  DATE(S)
                                          NORMAL
................................................................
TEMPERATURE (F)
RECORD
 HIGH              96   03/05/1918
 LOW               11   03/09/1932
HIGHEST            86   03/15        65      21       82  03/17
LOWEST             32   03/21        44     -12       17  03/06
AVG. MAXIMUM     68.3              65.0     3.3     60.2
AVG. MINIMUM     47.9              43.7     4.2     43.2
MEAN             58.1              54.4     3.7     51.7
DAYS MAX >= 90      0               0.0     0.0        0
DAYS MAX <= 32      0               0.0     0.0        0
DAYS MIN <= 32      1               2.6    -1.6        5
DAYS MIN <= 0       0               0.0     0.0        0

PRECIPITATION (INCHES)
RECORD
 MAXIMUM        18.20   1894
 MINIMUM         0.39   1966
TOTALS          15.68              5.40   10.28     8.04
DAILY AVG.       0.51              0.17    0.34     0.26
DAYS >= .01        13              10.7     2.3       15
DAYS >= .10        12                                 14
DAYS >= .50         7                                  7
DAYS >= 1.00        3               1.9     1.1        3
GREATEST
 24 HR. TOTAL    5.74   03/08 TO 03/09

SNOWFALL (INCHES)
RECORDS
 TOTAL           14.0   1892
 24 HR TOTAL     14.0   03/17/1892 TO 03/17/1892
 SNOW DEPTH        14   03/17/1892
TOTALS            0.0               0.0     0.0      2.0
 LIQUID EQUIV    0.00              0.00    0.00     0.20
SINCE 7/1         3.6               3.1     0.5      9.2
 LIQUID 7/1      0.36              0.30    0.06     0.92
SNOWDEPTH AVG.      0
DAYS >= TRACE       0               0.0     0.0        2
DAYS >= 1.0         0                                  1
GREATEST
 SNOW DEPTH         0   MM
 24 HR TOTAL      0.0

DEGREE_DAYS
HEATING TOTAL     226               347    -121      415
 SINCE 7/1       2133              2735    -602     3149
COOLING TOTAL      21                17       4       10
 SINCE 1/1         25                20       5       10

FREEZE DATES
RECORD
 EARLIEST     10/10/2000
 LATEST       04/25/1910
EARLIEST                        11/12
LATEST                          03/16
......................................................

WIND (MPH)
AVERAGE WIND SPEED              8.8
HIGHEST WIND SPEED/DIRECTION    32/190    DATE  03/30
HIGHEST GUST SPEED/DIRECTION    47/300    DATE  03/03

SKY COVER
POSSIBLE SUNSHINE (PERCENT)   MM
AVERAGE SKY COVER           0.40
NUMBER OF DAYS FAIR           17
NUMBER OF DAYS PC              6
NUMBER OF DAYS CLOUDY          8

AVERAGE RH (PERCENT)     69

WEATHER CONDITIONS. NUMBER OF DAYS WITH
THUNDERSTORM              0     MIXED PRECIP               0
HEAVY RAIN               10     RAIN                      11
LIGHT RAIN               16     FREEZING RAIN              0
LT FREEZING RAIN          0     HAIL                       0
HEAVY SNOW                0     SNOW                       0
LIGHT SNOW                0     SLEET                      0
FOG                      14     FOG W/VIS <= 1/4 MILE      2
HAZE                      2

-  INDICATES NEGATIVE NUMBERS.
R  INDICATES RECORD WAS SET OR TIED.
MM INDICATES DATA IS MISSING.
T  INDICATES TRACE AMOUNT.

&&

...DATA FOR PINE BLUFF FOR MARCH 2016...

.SUMMARY...
ABOVE AVERAGE TEMPERATURES CONTINUED THROUGH MUCH OF MARCH...
WITH ONLY BRIEF PERIODS OF COOLER TEMPERATURES NOTED.

RAINFALL WAS SCATTERED THROUGHOUT THE MONTH...ABUNDANT...AND
EVEN EXCESSIVE. THE WETTEST PERIOD WAS IN THE SECOND WEEK...
AND IN THE LAST TWO DAYS OF THE MONTH.

NO SNOW FELL DURING THE MONTH...WHICH WAS THE FIRST TIME
IN THREE YEARS.

.MONTHLY TEMPERATURES...
THE AVERAGE HIGH...LOW...AND MONTHLY TEMPERATURES WERE ALL THE
WARMEST SINCE 2012. THESE TEMPERATURES...HOWEVER...FAILED TO
CRACK THE TOP 10 WARMEST.

.DAILY TEMPERATURES...
AVERAGE ON FOUR DAYS...BELOW AVERAGE ON SEVEN DAYS...AND ABOVE AVERAGE
ON 20 DAYS. THERE WAS ONE DAY WITH FREEZING TEMPERATURES...WHICH WAS THE
FEWEST SINCE 2012.

THE FIRST 80-DEGREE DAY OF THE YEAR WAS ON MARCH 15TH...WHICH WAS THE
EARLIEST SINCE 2012.

.TEMPERATURE RECORDS TIED OR BROKEN DURING THE MONTH...
DATE    RECORD TYPE                NEW RECORD           PREVIOUS RECORD
15TH    HIGH TEMPERATURE           86 IN 2016             86 IN 1908

.MONTHLY RAINFALL...
IT WAS THE WETTEST MARCH SINCE 1894...AND THE 2ND WETTEST MARCH ON
RECORD.

MARCH 2016 WAS THE WETTEST MONTH SINCE FEBRUARY OF 1939...AND THE
4TH WETTEST MONTH OVERALL. ONLY FEBRUARY 1939 /16.69 INCHES/...AND
MAY 1905 /15.71 INCHES/ WERE WETTER.

.DAILY RAINFALL RECORDS TIED OR BROKEN...
DATE     NEW RECORD       PREVIOUS RECORD
 9TH    4.30 IN 2016        2.78 IN 1992
30TH    4.63 IN 2016        3.02 IN 1961

ON THE 30TH...THE 4.63 INCHES OF RAIN THAT FELL MARKED THE HIGHEST CALENDAR DAY
RAINFALL TOTAL IN THE MONTH OF MARCH SINCE 1934...AND THE 3RD HIGHEST MARCH
CALENDAR DAY RAINFALL ON RECORD.

ON THE 9TH...THE 4.30 INCHES OF RAIN THAT FELL RANKS AS THE 5TH WETTEST CALENDAR
DAY ON RECORD IN THE MONTH OF MARCH AT PINE BLUFF.

ON THE 30TH-31ST...THE 5.74 INCHES OF RAIN THAT FELL MARKED THE HIGHEST 24-HOUR
RAINFALL IN MARCH SINCE 1894...AND THE 2ND HIGHEST 24-HOUR RAINFALL RECORD
IN MARCH. THIS ALSO RANKS AS THE 7TH HIGHEST 24-HOUR RAINFALL AMOUNT ON RECORD
AT PINE BLUFF.

.MONTHLY SNOWFALL...
FOR THE FIRST TIME IN THREE YEARS...NO SNOW FELL DURING THE MONTH.

.DAILY SNOWFALL RECORDS TIED OR BROKEN...
NONE.

$$
