000
CXUS56 KPDT 011441
CLMPDT

CLIMATE REPORT
NATIONAL WEATHER SERVICE PENDLETON OREGON
726 AM PDT MON JUN 01 2015

....................................

...THE PENDLETON OR CLIMATE SUMMARY FOR THE MONTH OF MAY 2015...

CLIMATE NORMAL PERIOD 1981 TO 2010
CLIMATE RECORD PERIOD 1934 TO 2015

WEATHER         OBSERVED          NORMAL  DEPART  LAST YEAR`S
                 VALUE   DATE(S)  VALUE   FROM    VALUE  DATE(S)
                                          NORMAL

................................................................

TEMPERATURE (F)
RECORD
 HIGH             100   5/31/1986
 LOW               25   5/ 1/1954
HIGHEST            90   5/29       88         2            90   5/15
LOWEST             36   5/ 3       34         2            36   5/12
AVG. MAXIMUM     73.8            69.9       3.9          74.6
AVG. MINUMUM     47.2            45.6       1.6          45.7
MEAN             60.5            57.8       2.7          60.2
DAYS MAX >= 90      1               1         0             1
DAYS MAX <= 32      0               0         0             0
DAYS MIN <= 32      0               1        -1             0
DAYS MIN <= 0       0               0         0             0


PRECIPITATION (INCHES)
RECORD
 MAXIMUM          3.18   1991
 MINIMUM          0.03   1964
TOTALS            1.81            1.35      0.46          0.83
DAILY AVG.        0.06            0.04      0.02          0.03
DAYS >=  0.01       12               9         3             5
DAYS >=  0.10        5               4         1             3
DAYS >=  0.50        1               0         1             0
DAYS >=  1.00        0               0         0             0
GREATEST
 24 HR. TOTAL     0.58   5/13



SNOWFALL (INCHES)
RECORD
 MAXIMUM           0.0   2010
 MINIMUM           0.0   2014
TOTALS             0.0             0.0       0.0           0.0
SINCE 7/1          7.2            15.2      -8.0          21.7
DAYS >=  TRACE                       0         0
DAYS >=  1.0         0               0         0             0
GREATEST
 24 HR. TOTAL      0.0   5/31


DEGREE DAYS
HEATING TOTAL      157             246       -89           165
 SINCE 7/1        4596            5188      -592          5443
COOLING TOTAL       27              22         5            22
 SINCE 1/1          27              22         5            22

.............................................................

WIND (MPH)
AVERAGE WIND SPEED                     7.7
RESULTANT WIND SPEED/DIRECTION         5/171
HIGHEST WIND SPEED/DIRECTION          52/250      DATE          05/31
HIGHEST GUST SPEED/DIRECTION          68/240      DATE          05/31


WEATHER CONDITIONS. NUMBER OF DAYS WITH
THUNDERSTORM               4    MIXED PRECIP                           0
HEAVY RAIN                 1    RAIN                                   5
LIGHT RAIN                16    FREEZING RAIN                          0
LT FREEZING RAIN           0    HAIL                                   0
HEAVY SNOW                 0    SNOW                                   0
LIGHT SNOW                 0    SLEET                                  0
FOG                        7    FOG W/VIS <=1/4 MILE                   0
HAZE                       3

-  INDICATES NEGATIVE NUMBERS.
R  INDICATES RECORD WAS SET OR TIED.
MM INDICATES DATA IS MISSING.
T  INDICATES TRACE AMOUNT.

$$
