000
CXUS56 KPDT 011633
CLMPDT

CLIMATE REPORT
NATIONAL WEATHER SERVICE PENDLETON OREGON
921 AM PDT SUN MAY 01 2016

....................................

...THE PENDLETON OR CLIMATE SUMMARY FOR THE MONTH OF APRIL 2016...

CLIMATE NORMAL PERIOD 1981 TO 2010
CLIMATE RECORD PERIOD 1934 TO 2016

WEATHER         OBSERVED          NORMAL  DEPART  LAST YEAR`S
                 VALUE   DATE(S)  VALUE   FROM    VALUE  DATE(S)
                                          NORMAL

................................................................

TEMPERATURE (F)
RECORD
 HIGH              95   4/22/1934
 LOW               18   4/ 1/1936
HIGHEST            83   4/20       78         5            77   4/28
LOWEST             34   4/16       29         5            29   4/ 5
AVG. MAXIMUM     69.4            62.1       7.3          61.7
AVG. MINUMUM     43.0            39.2       3.8          36.2
MEAN             56.2            50.7       5.5          49.0
DAYS MAX >= 90      0               0         0             0
DAYS MAX <= 32      0               0         0             0
DAYS MIN <= 32      0               3        -3             7
DAYS MIN <= 0       0               0         0             7


PRECIPITATION (INCHES)
RECORD
 MAXIMUM          2.78   1978
 MINIMUM          0.01   1956
TOTALS            0.41            1.20     -0.79          0.39
DAILY AVG.        0.01            0.04     -0.03          0.01
DAYS >=  0.01        8               9        -1            10
DAYS >=  0.10        1               4        -3             2
DAYS >=  0.50        0               0         0             0
DAYS >=  1.00        0               0         0             0
GREATEST
 24 HR. TOTAL     0.15   4/22



SNOWFALL (INCHES)
RECORD
 MAXIMUM           2.2   1975
 MINIMUM           0.0   2014
TOTALS             0.0             0.0       0.0             T
SINCE 7/1          4.1            15.3     -11.2           7.2
DAYS >=  TRACE                       0         0             2
DAYS >=  1.0         0               0         0             0
GREATEST
 24 HR. TOTAL      0.0   4/30


DEGREE DAYS
HEATING TOTAL      257             432      -175           476
 SINCE 7/1        4412            4966      -554          4439
COOLING TOTAL        0               0         0             0
 SINCE 1/1           0               0         0             0

.............................................................

WIND (MPH)
AVERAGE WIND SPEED                     9.3
RESULTANT WIND SPEED/DIRECTION         6/197
HIGHEST WIND SPEED/DIRECTION          40/280      DATE          04/04
HIGHEST GUST SPEED/DIRECTION          48/260      DATE          04/04


WEATHER CONDITIONS. NUMBER OF DAYS WITH
THUNDERSTORM               1    MIXED PRECIP                        0
HEAVY RAIN                 0    RAIN                                2
LIGHT RAIN                11    FREEZING RAIN                       0
LT FREEZING RAIN           0    HAIL                                0
HEAVY SNOW                 0    SNOW                                0
LIGHT SNOW                 0    SLEET                               0
FOG                        1    FOG W/VIS <=1/4 MILE                0
HAZE                       1

-  INDICATES NEGATIVE NUMBERS.
R  INDICATES RECORD WAS SET OR TIED.
MM INDICATES DATA IS MISSING.
T  INDICATES TRACE AMOUNT.

$$
