847
CXUS56 KPDT 011420
CLMPDT

CLIMATE REPORT
NATIONAL WEATHER SERVICE PENDLETON OREGON
719 AM PDT MON MAY 01 2017

....................................

...THE PENDLETON OR CLIMATE SUMMARY FOR THE MONTH OF APRIL 2017...

CLIMATE NORMAL PERIOD 1981 TO 2010
CLIMATE RECORD PERIOD 1934 TO 2017

WEATHER         OBSERVED          NORMAL  DEPART  LAST YEAR`S
                 VALUE   DATE(S)  VALUE   FROM    VALUE  DATE(S)
                                          NORMAL

................................................................

TEMPERATURE (F)
RECORD
 HIGH              95   4/22/1934
 LOW               18   4/ 1/1936
HIGHEST            68   4/22       78       -10            83   4/20
LOWEST             29   4/ 9       29         0            34   4/16
AVG. MAXIMUM     59.8            62.1      -2.3          69.4
AVG. MINUMUM     38.8            39.2      -0.4          43.0
MEAN             49.3            50.7      -1.4          56.2
DAYS MAX >= 90      0               0         0             0
DAYS MAX <= 32      0               0         0             0
DAYS MIN <= 32      4               3         1             0
DAYS MIN <= 0       0               0         0             0


PRECIPITATION (INCHES)
RECORD
 MAXIMUM          2.78   1978
 MINIMUM          0.01   1956
TOTALS            1.94            1.20      0.74          0.41
DAILY AVG.        0.06            0.04      0.02          0.01
DAYS >=  0.01       13               9         4             8
DAYS >=  0.10        8               4         4             1
DAYS >=  0.50        0               0         0             0
DAYS >=  1.00        0               0         0             0
GREATEST
 24 HR. TOTAL     0.37   4/18

SNOWFALL (INCHES)
RECORD
 MAXIMUM           2.2   1975
 MINIMUM           0.0   2016
TOTALS               T             0.0       0.0           0.0
SINCE 7/1         44.4            15.2      29.2           4.1
DAYS >=  TRACE       1               0         0
DAYS >=  1.0         0               0         0             0
GREATEST
 24 HR. TOTAL        T   4/18

DEGREE DAYS
HEATING TOTAL      462             432        30           257
 SINCE 7/1        5349            4942       407          4411
COOLING TOTAL        0               0         0             0
 SINCE 1/1           0               0         0             0

.............................................................

WIND (MPH)
AVERAGE WIND SPEED                    10.6
RESULTANT WIND SPEED/DIRECTION         7/204
HIGHEST WIND SPEED/DIRECTION          47/200      DATE          04/07
HIGHEST GUST SPEED/DIRECTION          59/210      DATE          04/07


WEATHER CONDITIONS. NUMBER OF DAYS WITH
THUNDERSTORM               4    MIXED PRECIP                           0
HEAVY RAIN                 3    RAIN                                   7
LIGHT RAIN                19    FREEZING RAIN                          0
LT FREEZING RAIN           0    HAIL                                   2
HEAVY SNOW                 0    SNOW                                   0
LIGHT SNOW                 0    SLEET                                  0
FOG                        9    FOG W/VIS <=1/4 MILE                   0
HAZE                       1

-  INDICATES NEGATIVE NUMBERS.
R  INDICATES RECORD WAS SET OR TIED.
MM INDICATES DATA IS MISSING.
T  INDICATES TRACE AMOUNT.

$$
