000
CXUS53 KUNR 011618
CLMPHP


CLIMATE REPORT
NATIONAL WEATHER SERVICE RAPID CITY SD
1017 AM MDT MON AUG 1 2016

...................................

...THE PHILIP SD CLIMATE SUMMARY FOR THE MONTH OF JULY 2016...

CLIMATE NORMAL PERIOD 1981 TO 2010
CLIMATE RECORD PERIOD 9999 TO 9999

WEATHER         OBSERVED          NORMAL  DEPART  LAST YEAR`S
                 VALUE   DATE(S)  VALUE   FROM    VALUE  DATE(S)
                                          NORMAL
................................................................
TEMPERATURE (F)
HIGHEST           109   07/20                        100  07/23
LOWEST             51   07/08                         51  07/30
                                                          07/29
AVG. MAXIMUM     90.9              89.3     1.6     87.9
AVG. MINIMUM     59.5              59.9    -0.4     59.6
MEAN             75.2              74.6     0.6     73.8
DAYS MAX >= 90     17                                 15
DAYS MAX <= 32      0                                  0
DAYS MIN <= 32      0                                  0
DAYS MIN <= 0       0                                  0

PRECIPITATION (INCHES)
TOTALS           1.72              2.03   -0.31     0.62
DAILY AVG.       0.06              0.07   -0.01     0.02
DAYS >= .01        11                                  2
DAYS >= .10         5                                  2
DAYS >= .50         0                                  0
DAYS >= 1.00        0                                  0
GREATEST
 24 HR. TOTAL    0.42   07/01 TO 07/01              1.05
                        06/30 TO 07/01
                        07/01 TO 07/01

DEGREE_DAYS
HEATING TOTAL       4                 8      -4        0
 SINCE 7/1          4                 8      -4        0
COOLING TOTAL     326               305      21      281
 SINCE 1/1        567               455     112      397
.................................................................

WIND (MPH)
AVERAGE WIND SPEED              9.8
HIGHEST WIND SPEED/DIRECTION    38/250    DATE  07/05
HIGHEST GUST SPEED/DIRECTION    52/280    DATE  07/11

AVERAGE RH (PERCENT)     61

WEATHER CONDITIONS. NUMBER OF DAYS WITH
THUNDERSTORM              0     MIXED PRECIP               0
HEAVY RAIN                3     RAIN                       6
LIGHT RAIN               14     FREEZING RAIN              0
LT FREEZING RAIN          0     HAIL                       0
HEAVY SNOW                0     SNOW                       0
LIGHT SNOW                0     SLEET                      0
FOG                       7     FOG W/VIS <= 1/4 MILE      2
HAZE                      1

-  INDICATES NEGATIVE NUMBERS.
R  INDICATES RECORD WAS SET OR TIED.
MM INDICATES DATA IS MISSING.
T  INDICATES TRACE AMOUNT.

$$
