000
CXUS53 KUNR 031840
CLMPHP


CLIMATE REPORT
NATIONAL WEATHER SERVICE RAPID CITY SD
1139 AM MST FRI FEB 3 2017

...................................

...THE PHILIP SD CLIMATE SUMMARY FOR THE MONTH OF JANUARY 2017...

CLIMATE NORMAL PERIOD 1981 TO 2010
CLIMATE RECORD PERIOD 9999 TO 9999

WEATHER         OBSERVED          NORMAL  DEPART  LAST YEAR`S
                 VALUE   DATE(S)  VALUE   FROM    VALUE  DATE(S)
                                          NORMAL
................................................................
TEMPERATURE (F)
HIGHEST            45   01/30                         47  01/29
LOWEST            -16   01/04                        -17  01/10
AVG. MAXIMUM     25.7              34.7    -9.0     31.5
AVG. MINIMUM      6.8               9.5    -2.7     11.1
MEAN             16.3              22.1    -5.8     21.3
DAYS MAX >= 90      0                                  0
DAYS MAX <= 32     20                                 16
DAYS MIN <= 32     31                                 30
DAYS MIN <= 0      11                                  7

PRECIPITATION (INCHES)
TOTALS           0.81              0.30    0.51     0.21
DAILY AVG.       0.03              0.01    0.02     0.01
DAYS >= .01         7                                  9
DAYS >= .10         1                                  0
DAYS >= .50         1                                  0
DAYS >= 1.00        0                                  0
GREATEST
 24 HR. TOTAL    0.65   01/24 TO 01/24              0.07

DEGREE_DAYS
HEATING TOTAL    1504              1330     174     1347
 SINCE 7/1       4134              4265    -131     3949
COOLING TOTAL       0                 0       0        0
 SINCE 1/1          0                 0       0        0
.................................................................

WIND (MPH)
AVERAGE WIND SPEED              9.8
HIGHEST WIND SPEED/DIRECTION    36/320    DATE  01/28
HIGHEST GUST SPEED/DIRECTION    43/320    DATE  01/28

AVERAGE RH (PERCENT)     79

WEATHER CONDITIONS. NUMBER OF DAYS WITH
THUNDERSTORM              0     MIXED PRECIP               0
HEAVY RAIN                0     RAIN                       0
LIGHT RAIN                1     FREEZING RAIN              0
LT FREEZING RAIN          1     HAIL                       0
HEAVY SNOW                0     SNOW                       2
LIGHT SNOW                9     SLEET                      0
FOG                      10     FOG W/VIS <= 1/4 MILE      2
HAZE                      1

-  INDICATES NEGATIVE NUMBERS.
R  INDICATES RECORD WAS SET OR TIED.
MM INDICATES DATA IS MISSING.
T  INDICATES TRACE AMOUNT.

$$
