000
CXUS55 KPSR 010845
CLMPHX

CLIMATE REPORT
NATIONAL WEATHER SERVICE PHOENIX AZ
145 AM MST FRI SEP 1 2017

...................................

...THE PHOENIX AZ CLIMATE SUMMARY FOR THE MONTH OF AUGUST 2017...

CLIMATE NORMAL PERIOD 1981 TO 2010
CLIMATE RECORD PERIOD 1895 TO 2017

WEATHER         OBSERVED          NORMAL  DEPART
                 VALUE   DATE(S)  VALUE   FROM
                                          NORMAL
................................................
TEMPERATURE (F)
RECORD
 HIGH             117   08/14/2015
                        08/26/2011
                        00/11/2583
 LOW               58   08/20/1917
HIGHEST           111   08/27       113      -2
                        08/09
LOWEST             73   08/13        74      -1
AVG. MAXIMUM    105.4             104.4     1.0
AVG. MINIMUM     82.6              82.7    -0.1
MEAN             94.0              93.6     0.4
DAYS MAX >= 90     31              30.6     0.4
DAYS MAX <= 32      0               0.0     0.0
DAYS MIN <= 32      0               0.0     0.0
DAYS MIN <= 0       0               0.0     0.0

PRECIPITATION (INCHES)
RECORD
 MAXIMUM         5.33   1951
 MINIMUM         0.00   1973
                        1975
TOTALS           1.43              1.00    0.43
DAYS >= .01         5               5.0     0.0
DAYS >= .10         3               2.2     0.8
DAYS >= .50         1               0.7     0.3
DAYS >= 1.00        0               0.1    -0.1
GREATEST
 24 HR. TOTAL    0.92   08/03 TO 08/03

DEGREE_DAYS
HEATING TOTAL       0                 0       0
 SINCE 7/1          0                 0       0
COOLING TOTAL     907               885      22
 SINCE 1/1       3817              3469     348
.................................................

WIND (MPH)
AVERAGE WIND SPEED              6.7
HIGHEST GUST SPEED/DIRECTION    48/050    DATE  08/03

AVERAGE RH (PERCENT)     31

WEATHER CONDITIONS. NUMBER OF DAYS WITH
THUNDERSTORM              5     HEAVY RAIN                 2
RAIN                      1     LIGHT RAIN                 8
FOG W/VIS <= 1/4 MILE     0

-  INDICATES NEGATIVE NUMBERS.
R  INDICATES RECORD WAS SET OR TIED.
MM INDICATES DATA IS MISSING.
T  INDICATES TRACE AMOUNT.

$$
