493
CXUS51 KPBZ 291437
CLMPIT


CLIMATE REPORT
NATIONAL WEATHER SERVICE PITTSBURGH PA
1034 AM EDT FRI JUL 29 2016

...................................

...THE PITTSBURGH PA CLIMATE SUMMARY FOR THE SEASON, FROM
3/1/2016 TO 5/31/2016...

CLIMATE NORMAL PERIOD 1981 TO 2010
CLIMATE RECORD PERIOD 1871 TO 2016

WEATHER         OBSERVED          NORMAL  DEPART  LAST YEAR`S
                 VALUE   DATE(S)  VALUE   FROM    VALUE  DATE(S)
                                          NORMAL
................................................................
TEMPERATURE (F)
RECORD
 HIGH              95   05/03/1887
                        05/02/1887
                        05/29/1881
 LOW               -5   03/06/2015
HIGHEST            88                MM      MM       88  05/11
                                                          05/08
                                                          05/10
LOWEST             18                MM      MM       -5  03/06
AVG. MAXIMUM     64.0              60.5     3.5     62.3
AVG. MINIMUM     43.0              39.8     3.2     40.9
MEAN             53.5              50.2     3.3     51.6
DAYS MAX >= 90      0               0.0     0.0        0
DAYS MAX <= 32      0               2.7    -2.7        3
DAYS MIN <= 32     22              24.6    -2.6       25
DAYS MIN <= 0       0               0.0     0.0        1

PRECIPITATION (INCHES)
RECORD
 MAXIMUM        11.52   2007
 MINIMUM         5.94   2008
TOTALS           8.69             10.01   -1.32
DAILY AVG.       0.10              0.11   -0.01     0.12
DAYS >= .01        42              41.1     0.9       44
DAYS >= .10        26              24.2     1.8       29
DAYS >= .50         5               6.0    -1.0        8
DAYS >= 1.00        1               1.3    -0.3        0
GREATEST
 24 HR. TOTAL    1.09   MM                       05/31 TO 05/31
                                                          05/31 TO 05/31
                                                          05/31 TO 05/31

SNOWFALL (INCHES)
RECORDS
 TOTAL            9.7   2007
 24 HR TOTAL      4.2   MM
TOTALS            5.2               8.9    -3.7      9.3
SINCE 7/1        29.6              41.9   -12.3     47.5
SNOWDEPTH AVG.      0                MM      MM        1
DAYS >= TRACE      16
DAYS >= 1.0         2               2.7    -0.7        3
GREATEST
 24 HR TOTAL      1.5   MM                           3.7

DEGREE_DAYS
HEATING TOTAL    1104              1415    -311     1348
 SINCE 7/1         MM              5672      MM       MM
COOLING TOTAL      70                52      18      134
 SINCE 1/1         70                52      18      134
..................................................

WIND (MPH)
AVERAGE WIND SPEED              7.8
HIGHEST WIND SPEED/DIRECTION    35/320    DATE  04/02
HIGHEST GUST SPEED/DIRECTION    46/280    DATE  04/02

AVERAGE RH (PERCENT)     58

WEATHER CONDITIONS. NUMBER OF DAYS WITH
THUNDERSTORM              0     MIXED PRECIP               0
HEAVY RAIN                5     RAIN                      11
LIGHT RAIN               46     FREEZING RAIN              0
LT FREEZING RAIN          0     HAIL                       1
HEAVY SNOW                0     SNOW                       1
LIGHT SNOW               14     SLEET                      0
FOG                      45     FOG W/VIS <= 1/4 MILE      1
HAZE                     17

-  INDICATES NEGATIVE NUMBERS.
R  INDICATES RECORD WAS SET OR TIED.
MM INDICATES DATA IS MISSING.
T  INDICATES TRACE AMOUNT.

$$
