000
CXUS51 KRLX 061628
CLMPKB


CLIMATE REPORT
NATIONAL WEATHER SERVICE CHARLESTON WV
1228 PM EDT SAT AUG 6 2016

...................................

...THE PARKERSBURG CLIMATE SUMMARY FOR THE MONTH OF JULY 2016...

CLIMATE NORMAL PERIOD 1981 TO 2010
CLIMATE RECORD PERIOD 1889 TO 2016

WEATHER         OBSERVED          NORMAL  DEPART  LAST YEAR`S
                 VALUE   DATE(S)  VALUE   FROM    VALUE  DATE(S)
                                          NORMAL
................................................................
TEMPERATURE (F)
RECORD
 HIGH             104   MM
 LOW               49   07/01/2010
HIGHEST            94   07/24        MM      MM       92  07/29
                                                          07/28
LOWEST             55   07/02        MM      MM       55  07/16
AVG. MAXIMUM     85.6              84.9     0.7     83.8
AVG. MINIMUM     66.2              63.9     2.3     63.8
MEAN             75.9              74.4     1.5     73.8
DAYS MAX >= 90      5               5.4    -0.4        2
DAYS MAX <= 32      0               0.0     0.0        0
DAYS MIN <= 32      0               0.0     0.0        0
DAYS MIN <= 0       0               0.0     0.0        0

PRECIPITATION (INCHES)
RECORD
 MAXIMUM        11.46   1896
 MINIMUM         0.01   2013
TOTALS           4.19              4.21   -0.02     1.15
DAILY AVG.       0.14              0.14    0.00     0.04
DAYS >= .01        14              11.5     2.5        7
DAYS >= .10         7               8.0    -1.0        4
DAYS >= .50         4               2.9     1.1
DAYS >= 1.00        1               1.4    -0.4        0
GREATEST
 24 HR. TOTAL    1.31   07/04 TO 07/04           07/14 TO 07/14
                                                          07/14 TO 07/14
                                                          07/14 TO 07/14
 STORM TOTAL       MM                                 MM
 (MM/DD(HH))            MM                    07/14(00) TO 07/14(00)
                                                 07/14(00) TO 07/14(00)4
                                                 07/14(00) TO 07/14(00)4

SNOWFALL (INCHES)
TOTALS             MM

DEGREE_DAYS
HEATING TOTAL       0                 1      -1        0
 SINCE 7/1          0                 1      -1        0
COOLING TOTAL     346               292      54      279
 SINCE 1/1        666               567      99      663
.....................................................

WIND (MPH)
AVERAGE WIND SPEED              3.7
HIGHEST WIND SPEED/DIRECTION    32/310    DATE  07/15
HIGHEST GUST SPEED/DIRECTION    43/320    DATE  07/15

SKY COVER
POSSIBLE SUNSHINE (PERCENT)   MM
AVERAGE SKY COVER           0.40
NUMBER OF DAYS FAIR           16
NUMBER OF DAYS PC             14
NUMBER OF DAYS CLOUDY          1

AVERAGE RH (PERCENT)     77

WEATHER CONDITIONS. NUMBER OF DAYS WITH
THUNDERSTORM              0     MIXED PRECIP               0
HEAVY RAIN                5     RAIN                       7
LIGHT RAIN               15     FREEZING RAIN              0
LT FREEZING RAIN          0     HAIL                       0
HEAVY SNOW                0     SNOW                       0
LIGHT SNOW                0     SLEET                      0
FOG                      26     FOG W/VIS <= 1/4 MILE      6
HAZE                      4

-  INDICATES NEGATIVE NUMBERS.
R  INDICATES RECORD WAS SET OR TIED.
MM INDICATES DATA IS MISSING.
T  INDICATES TRACE AMOUNT.

$$
