000
CXUS46 KLOX 011420
CLMPMD


CLIMATE REPORT
NATIONAL WEATHER SERVICE LOS ANGELES/OXNARD CA
720 AM PDT WED JUL 1 2015

...................................

...THE PALMDALE AIRPORT CA CLIMATE SUMMARY FOR THE MONTH OF JUNE 2015...

CLIMATE NORMAL PERIOD 1981 TO 2010
CLIMATE RECORD PERIOD 1931 TO 2015

WEATHER         OBSERVED          NORMAL  DEPART  LAST YEAR`S
                 VALUE   DATE(S)  VALUE   FROM    VALUE
                                          NORMAL
.............................................................
TEMPERATURE (F)
HIGHEST           105   06/20
LOWEST             50   06/05
AVG. MAXIMUM     94.8              91.0     3.8
AVG. MINIMUM     64.6              58.9     5.7
MEAN             79.7              75.0     4.7
DAYS MAX >= 90     22
DAYS MAX <= 32      0
DAYS MIN <= 32      0
DAYS MIN <= 0       0

PRECIPITATION (INCHES)
TOTALS           0.03              0.09   -0.06
DAILY AVG.       0.00
DAYS >= .01         3
DAYS >= .10         0
DAYS >= .50         0
DAYS >= 1.00        0
GREATEST
 24 HR. TOTAL    0.01   06/30 TO 06/30
                        06/08 TO 06/09
                        06/09 TO 06/09
 STORM TOTAL       MM
 (MM/DD(HH))

DEGREE_DAYS
HEATING TOTAL       0                 7      -7        0
 SINCE 7/1       2099              2925    -826     2331
COOLING TOTAL     448               306     142      404
 SINCE 1/1        573               476      97      623
..............................................................

WIND (MPH)
AVERAGE WIND SPEED              11.6
HIGHEST WIND SPEED/DIRECTION    37/360    DATE  06/06
HIGHEST GUST SPEED/DIRECTION    45/360    DATE  06/06

SKY COVER
POSSIBLE SUNSHINE (PERCENT)   MM
AVERAGE SKY COVER           0.00
NUMBER OF DAYS FAIR           29
NUMBER OF DAYS PC              1
NUMBER OF DAYS CLOUDY          0

AVERAGE RH (PERCENT)     28

WEATHER CONDITIONS. NUMBER OF DAYS WITH
THUNDERSTORM              0     MIXED PRECIP               0
HEAVY RAIN                0     RAIN                       0
LIGHT RAIN                1     FREEZING RAIN              0
LT FREEZING RAIN          0     HAIL                       0
HEAVY SNOW                0     SNOW                       0
LIGHT SNOW                0     SLEET                      0
FOG                       0     FOG W/VIS <= 1/4 MILE      0
HAZE                      1

-  INDICATES NEGATIVE NUMBERS.
R  INDICATES RECORD WAS SET OR TIED.
MM INDICATES DATA IS MISSING.
T  INDICATES TRACE AMOUNT.

$$
