000
CXUS54 KMOB 010713
CLMPNS


CLIMATE REPORT
NATIONAL WEATHER SERVICE MOBILE AL
206 AM CDT THU SEP 1 2016

...................................

...THE PENSACOLA CLIMATE SUMMARY FOR THE MONTH OF AUGUST 2016...

CLIMATE NORMAL PERIOD 1981 TO 2010
CLIMATE RECORD PERIOD 1879 TO 2016

WEATHER         OBSERVED          NORMAL  DEPART  LAST YEAR`S
                 VALUE   DATE(S)  VALUE   FROM    VALUE  DATE(S)
                                          NORMAL
................................................................
TEMPERATURE (F)
RECORD
 HIGH             104   08/01/1986
 LOW               60   08/14/2004
HIGHEST            95   08/23                         97  08/12
                        08/07
                        08/06
LOWEST             74   08/04        74       0       65  08/27
AVG. MAXIMUM     89.8              89.4     0.4     90.5
AVG. MINIMUM     76.8              74.2     2.6     74.6
MEAN             83.3              81.8     1.5     82.6
DAYS MAX >= 90     20              14.1     5.9       20
DAYS MAX <= 32      0               0.0     0.0        0
DAYS MIN <= 32      0               0.0     0.0        0
DAYS MIN <= 0       0               0.0     0.0        0

PRECIPITATION (INCHES)

TOTALS          12.04              6.76    5.28     6.71
DAILY AVG.       0.39              0.22    0.17     0.22
DAYS >= .01        17              13.6     3.4       13
DAYS >= .10        12               9.4     2.6        8
DAYS >= .50         5               4.5     0.5        5
DAYS >= 1.00        5               2.0     3.0        2
GREATEST
 24 HR. TOTAL    2.73   08/10 TO 08/11

DEGREE_DAYS
COOLING TOTAL     576               521      55      553
 SINCE 1/1       2303              1967     336     2300
.................................................................

WIND (MPH)
AVERAGE WIND SPEED              6.0
HIGHEST WIND SPEED/DIRECTION    32/150    DATE  08/13
HIGHEST GUST SPEED/DIRECTION    38/140    DATE  08/13

SKY COVER
POSSIBLE SUNSHINE (PERCENT)   MM
AVERAGE SKY COVER           0.30
NUMBER OF DAYS FAIR           22
NUMBER OF DAYS PC              6
NUMBER OF DAYS CLOUDY          3

AVERAGE RH (PERCENT)     78

WEATHER CONDITIONS. NUMBER OF DAYS WITH
THUNDERSTORM             20     MIXED PRECIP               0
HEAVY RAIN               12     RAIN                      10
LIGHT RAIN               16     FREEZING RAIN              0
LT FREEZING RAIN          0     HAIL                       0
HEAVY SNOW                0     SNOW                       0
LIGHT SNOW                0     SLEET                      0
FOG                      18     FOG W/VIS <= 1/4 MILE      1
HAZE                      5

-  INDICATES NEGATIVE NUMBERS.
R  INDICATES RECORD WAS SET OR TIED.
MM INDICATES DATA IS MISSING.
T  INDICATES TRACE AMOUNT.

$$
