000
CXUS56 KPDT 011500
CLMPSC

CLIMATE REPORT
NATIONAL WEATHER SERVICE PENDLETON OREGON
730 AM PDT FRI MAY 01 2015

....................................

...THE PASCO WA CLIMATE SUMMARY FOR THE MONTH OF APRIL 2015...

CLIMATE NORMAL PERIOD 1981 TO 2010
CLIMATE RECORD PERIOD 1942 TO 2015

WEATHER         OBSERVED          NORMAL  DEPART  LAST YEAR`S
                 VALUE   DATE(S)  VALUE   FROM    VALUE  DATE(S)
                                          NORMAL

................................................................

TEMPERATURE (F)
RECORD
 HIGH              94   4/30/1998
 LOW               21   4/ 1/2008
HIGHEST            86   4/28       36        50            82   4/30
LOWEST             25   4/ 5       10        15            27   4/14
AVG. MAXIMUM     67.9            67.4       0.5          68.0
AVG. MINUMUM     36.4            38.5      -2.1          39.8
MEAN             52.1            53.0      -0.9          53.9
DAYS MAX >= 90      0               0         0             0
DAYS MAX <= 32      0               0         0             0
DAYS MIN <= 32      8               4         4             M
DAYS MIN <= 0       0               0         0             M


PRECIPITATION (INCHES)
RECORD
 MAXIMUM          3.79   2015
 MINIMUM          0.15   1946
TOTALS            0.20            0.65     -0.45          0.35
DAILY AVG.        0.01            0.02     -0.01          0.01
DAYS >=  0.01        4               2         2             6
DAYS >=  0.10        1               1         0             2
DAYS >=  0.50        0               0         0             0
DAYS >=  1.00        0               0         0             0
GREATEST
 24 HR. TOTAL     0.14   4/ 6



SNOWFALL (INCHES)
RECORD
 MAXIMUM         -3274   2015
 MINIMUM           0.0   2014
TOTALS             0.0             0.0       0.0           0.0
SINCE 7/1          0.9             0.0       0.9           4.7
DAYS >=  TRACE                       0         0
DAYS >=  1.0         0               0         0             0
GREATEST
 24 HR. TOTAL      0.0   4/30


DEGREE DAYS
HEATING TOTAL      379             363        16           325
 SINCE 7/1        4284            4818      -534          5113
COOLING TOTAL        0               0         0             0
 SINCE 1/1           0               0         0             0

.............................................................

WIND (MPH)
AVERAGE WIND SPEED                     6.8
RESULTANT WIND SPEED/DIRECTION         5/205
HIGHEST WIND SPEED/DIRECTION          33/300      DATE          04/14
HIGHEST GUST SPEED/DIRECTION          44/290      DATE          04/14


WEATHER CONDITIONS. NUMBER OF DAYS WITH
THUNDERSTORM               0    MIXED PRECIP                           0
HEAVY RAIN                 0    RAIN                                   1
LIGHT RAIN                 8    FREEZING RAIN                          0
LT FREEZING RAIN           0    HAIL                                   0
HEAVY SNOW                 0    SNOW                                   0
LIGHT SNOW                 0    SLEET                                  0
FOG                        0    FOG W/VIS <=1/4 MILE                   0
HAZE                       0

-  INDICATES NEGATIVE NUMBERS.
R  INDICATES RECORD WAS SET OR TIED.
MM INDICATES DATA IS MISSING.
T  INDICATES TRACE AMOUNT.

$$
