000
CXUS51 KGYX 031627 CCA
CLMPWM

PWMCLMPWM 000
TTAA00 KGYX 020940


CLIMATE REPORT
NATIONAL WEATHER SERVICE GRAY ME
1044 AM EST WED MAR 3 2017

...................................

...THE PORTLAND ME CLIMATE SUMMARY FOR THE MONTH OF FEBRUARY 2017...

CLIMATE NORMAL PERIOD 1981 TO 2010
CLIMATE RECORD PERIOD 1941 TO 2017 /FOR TEMPERATURES/
CLIMATE RECORD PERIOD 1871 TO 2017 /FOR PRECIPITATION/
CLIMATE RECORD PERIOD 1882 TO 2017 /FOR SNOWFALL/

WEATHER         OBSERVED          NORMAL  DEPART  LAST YEAR`S
                 VALUE   DATE(S)  VALUE   FROM    VALUE  DATE(S)
                                          NORMAL
................................................................
TEMPERATURE (F)
RECORD
 HIGH              64   02/26/1957
 LOW              -39   02/16/1943
HIGHEST            55   02/19        51       4       59  02/29
                                                          02/01
LOWEST              3   02/10        -3       6      -10  02/15
                                                          02/14
AVG. MAXIMUM     37.8              34.6     3.2     39.5
AVG. MINIMUM     19.7              16.4     3.3     18.0
MEAN             28.7              25.5     3.2     28.8
DAYS MAX >= 90      0               0.0     0.0        0
DAYS MAX <= 32      8              10.1    -2.1        7
DAYS MIN <= 32     26              25.8     0.2       27
DAYS MIN <= 0       0               1.9    -1.9        4

PRECIPITATION (INCHES)
RECORD
 MAXIMUM         9.25   1900
 MINIMUM         0.04   1987
TOTALS           4.55              3.25    1.30     4.17
DAILY AVG.       0.16              0.12    0.04     0.14
DAYS >= .01        12               9.8     2.2       10
DAYS >= .10        10               5.8     4.2        9
DAYS >= .50         3               2.1     0.9        4
DAYS >= 1.00        1               0.8     0.2        0
GREATEST
 24 HR. TOTAL    1.13   02/12

SNOWFALL (INCHES)
RECORDS
 TOTAL           61.2   1969
TOTALS           39.7              12.1    27.6     20.5
SINCE 7/1        66.2              46.4    19.8     41.0
SNOWDEPTH AVG.      7
DAYS >= TRACE      11               6.1     4.9
DAYS >= 1.0         7               3.3     3.7
GREATEST
 SNOW DEPTH        20   02/13
 24 HR TOTAL     15.1   02/12 TO 02/13

DEGREE_DAYS
HEATING TOTAL    1008              1106     -98     1044
 SINCE 7/1       4478              5042    -564     4291
COOLING TOTAL       0                 0       0        0
 SINCE 1/1          0                 0       0        0
.................................................................

WIND (MPH)
AVERAGE WIND SPEED              8.3
HIGHEST WIND SPEED/DIRECTION    31/320    DATE  02/09
HIGHEST GUST SPEED/DIRECTION    42/340    DATE  02/13

SKY COVER
AVERAGE SKY COVER           0.50

AVERAGE RH (PERCENT)     66

WEATHER CONDITIONS. NUMBER OF DAYS WITH
THUNDERSTORM              0     HEAVY RAIN                 0
RAIN                      2     LIGHT RAIN                 4
FREEZING RAIN             0     LT FREEZING RAIN           1
HEAVY SNOW                2     SNOW                       6
LIGHT SNOW               10     FOG                       13
FOG W/VIS <= 1/4 MILE     4     HAZE                       9

-  INDICATES NEGATIVE NUMBERS.
R  INDICATES RECORD WAS SET OR TIED.
MM INDICATES DATA IS MISSING.
T  INDICATES TRACE AMOUNT.

&&

THE MILD WEATHER AT THE END OF JANUARY CONTINUED THROUGH THE FIRST
PART OF FEBRUARY. BY THE SECOND WEEK OF THE MONTH THE WEATHER BEGAN
TO CHANGE. A SNOWSTORM ON FEBRUARY 7 BROUGHT 4 INCHES OF SNOW, BUT
WAS JUST THE START OF A NEW COLD AND SNOWY WEATHER PATTERN. SNOW WAS
OBSERVED ON 9 OUT OF 10 DAYS FROM THE 7TH THROUGH THE 16TH. THE
HEAVIEST SNOW CAME FROM THE 9TH THROUGH THE 13TH WHEN 4 OUT OF 5
DAYS RECEIVED AT LEAST 6 INCHES OF SNOW ALONG WITH SOME VERY COLD
TEMPERATURES. DURING THE ENTIRE 10-DAY PERIOD PORTLAND RECEIVED MORE
THAN 39 INCHES OF SNOWFALL, ENOUGH TO ENSURE 2017 WAS ONE OF THE
SNOWIEST FEBRUARYS ON RECORD. ONCE THIS COLD AND SNOWY STRETCH OF
WEATHER WAS OVER, THE WEATHER PATTERN BEGAN TO CHANGE AGAIN. THE
TEMPERATURE TOPPED 40 DEGREES FOR 10 OF THE LAST 11 DAYS OF THE
MONTH INCLUDING 5 DAYS OVER 50 DEGREES. THIS PROLONGED PERIOD OF
WARM WEATHER WAS ENOUGH TO MELT MOST OF THE MID FEBRUARY SNOWFALL,
WITH ONLY 1 INCH OF SNOW LEFT ON THE GROUND AT THE END OF THE MONTH.

THE AVERAGE TEMPERATURE FOR THE MONTH WAS 28.7 DEGREES WHICH WAS 3.2
ABOVE NORMAL. THE WARMEST FEBRUARY WAS IN 1981 WHEN THE AVERAGE
TEMPERATURE WAS 32.2 DEGREES. THE COLDEST WAS 13.8 DEGREES IN 2015.

A TOTAL OF 4.55 INCHES OF PRECIPITATION FELL WHICH WAS 1.30 INCHES
ABOVE NORMAL AND THE WETTEST FEBRUARY SINCE 2013. THE HEAVIEST
PRECIPITATION FELL DURING THE MIDDLE OF THE MONTH WHEN PORTLAND
ENDURED A VERY SNOWY STRETCH OF WEATHER. MORE THAN 1.5 INCHES OF
PRECIPITATION WAS MEASURED ON THE 12TH AND 13TH. THE WETTEST
FEBRUARY WAS IN 1900 WHEN 9.25 INCHES OF PRECIPITATION FELL. THE
DRIEST WAS IN 1987 WITH ONLY 0.04 INCHES.

THERE WAS 39.7 INCHES OF SNOWFALL WHICH WAS 27.6 INCHES ABOVE NORMAL
AND THE 8TH SNOWIEST ON RECORD. THREE QUARTERS OF THAT SNOW FELL IN
JUST A FEW DAYS TIME WHEN 29.6 INCHES WAS MEASURED FROM THE 9TH
THROUGH THE 13TH. THE SNOWIEST FEBRUARY ON RECORD WAS IN 1969 WHEN
61.2 INCHES WAS OBSERVED. THE LEAST SNOWY FEBRUARY WAS 1941 WITH
ONLY 0.3 INCHES. THE FOLLOWING TABLE LISTS THE TOP TEN SNOWIEST
FEBRUARYS AT PORTLAND.

SNOWIEST FEBRUARYS (SINCE 1882)...
RANK  SNOW  YEAR
1     61.2  1969
2     50.9  1893
3     49.6  2013
4     47.7  1934
5     45.8  1967
6     44.6  1920
7     43.9  1884
8     39.7  2017 <===
9     38.0  1972
10    37.5  1910

THE FOLLOWING RECORDS WERE SET OR TIED IN FEBRUARY 2017...
DATE RECORD                                  PREVIOUS
13   7 - SMALLEST TEMPERATURE RANGE          8 IN 1977
24   37 - WARMEST LOW TEMPERATURE            37 IN 1985 /TIED/
24   45 - WARMEST AVERAGE TEMPERATURE        44 IN 2000

$$

KIMBLE
