000
CXUS56 KSTO 011750
CLMRDD


CLIMATE REPORT
NATIONAL WEATHER SERVICE SACRAMENTO, CA
1050 AM PDT FRI MAY 1 2015

...................................

...THE REDDING AIRPORT CA CLIMATE SUMMARY FOR THE MONTH OF APRIL 2015...

CLIMATE NORMAL PERIOD 1981 TO 2010
CLIMATE RECORD PERIOD 1986 TO 2015

WEATHER         OBSERVED          NORMAL  DEPART  LAST YEAR`S
                 VALUE   DATE(S)  VALUE   FROM    VALUE
                                          NORMAL
.............................................................
TEMPERATURE (F)
RECORD
 HIGH              96   04/20/2009
 LOW               28   04/09/1999
HIGHEST            93   04/19        MM      MM
LOWEST             37   04/09        MM      MM
                        04/06
                        04/03
AVG. MAXIMUM     77.7              70.5     7.2
AVG. MINIMUM     48.7              46.1     2.6
MEAN             63.2              58.3     4.9
DAYS MAX >= 90      5               0.6     4.4
DAYS MAX <= 32      0               0.0     0.0
DAYS MIN <= 32      0               0.3    -0.3
DAYS MIN <= 0       0               0.0     0.0

PRECIPITATION (INCHES)
RECORD
 MAXIMUM         6.09   2006
 MINIMUM         0.14   1987
TOTALS           1.18              2.48   -1.30     0.17
DAYS >= .01         4
DAYS >= .10         2
DAYS >= .50         1
DAYS >= 1.00        0

SNOWFALL (INCHES)
RECORDS
 TOTAL             MM   MM
 24 HR TOTAL       MM
TOTALS            0.0                MM      MM
 LIQUID EQUIV    0.00                MM      MM
SINCE 7/1         0.0                MM      MM
 LIQUID 7/1      0.00
DAYS >= TRACE       0                MM      MM
DAYS >= 1.0         0                MM      MM
GREATEST
 SNOW DEPTH         0   MM
 24 HR TOTAL      0.0   04/30 TO 04/30
 STORM TOTAL       MM
 (MM/DD(HH))            MM

DEGREE_DAYS
HEATING TOTAL     132               222     -90
 SINCE 7/1       1748              2736    -988
COOLING TOTAL      86                21      65
 SINCE 1/1        102                24      78

FREEZE DATES
RECORD
 EARLIEST     MM
 LATEST       MM
EARLIEST                        MM
LATEST                          MM
..............................................................

WIND (MPH)
AVERAGE WIND SPEED              6.7
HIGHEST WIND SPEED/DIRECTION    32/010    DATE  04/15
HIGHEST GUST SPEED/DIRECTION    39/360    DATE  04/15

SKY COVER
POSSIBLE SUNSHINE (PERCENT)   MM
AVERAGE SKY COVER           0.20
NUMBER OF DAYS FAIR           25
NUMBER OF DAYS PC              4
NUMBER OF DAYS CLOUDY          1

AVERAGE RH (PERCENT)     47

WEATHER CONDITIONS. NUMBER OF DAYS WITH
THUNDERSTORM              0     MIXED PRECIP               0
HEAVY RAIN                0     RAIN                       2
LIGHT RAIN                5     FREEZING RAIN              0
LT FREEZING RAIN          0     HAIL                       0
HEAVY SNOW                0     SNOW                       0
LIGHT SNOW                0     SLEET                      0
FOG                       5     FOG W/VIS <= 1/4 MILE      0
HAZE                      2

-  INDICATES NEGATIVE NUMBERS.
R  INDICATES RECORD WAS SET OR TIED.
MM INDICATES DATA IS MISSING.
T  INDICATES TRACE AMOUNT.

$$
