000
CXUS56 KPDT 011442
CLMRDM

CLIMATE REPORT
NATIONAL WEATHER SERVICE PENDLETON OREGON
726 AM PDT MON JUN 01 2015

....................................

...THE REDMOND OR CLIMATE SUMMARY FOR THE MONTH OF MAY 2015...

CLIMATE NORMAL PERIOD 1981 TO 2010
CLIMATE RECORD PERIOD 1949 TO 2015

WEATHER         OBSERVED          NORMAL  DEPART  LAST YEAR`S
                 VALUE   DATE(S)  VALUE   FROM    VALUE  DATE(S)
                                          NORMAL

................................................................

TEMPERATURE (F)
RECORD
 HIGH              99   5/30/1986
 LOW               12   5/ 2/1964
HIGHEST            85   5/31       82         3            88   5/15
LOWEST             26   5/ 5       21         5            26   5/ 7
AVG. MAXIMUM     69.0            67.5       1.5          70.1
AVG. MINUMUM     37.9            35.4       2.5          35.4
MEAN             53.5            51.5       2.0          52.7


PRECIPITATION (INCHES)
RECORD
 MAXIMUM          4.62   1998
 MINIMUM          0.02   2001
TOTALS            2.39            1.02      1.37          0.36
DAILY AVG.        0.08            0.03      0.05          0.01
DAYS >=  0.01       11               7         4             6
DAYS >=  0.10        6               3         3             1
DAYS >=  0.50        1               1         0             0
DAYS >=  1.00        1               0         1             0
GREATEST
 24 HR. TOTAL     1.14   5/21



SNOWFALL (INCHES)
RECORD
 MAXIMUM           0.5   1986
 MINIMUM           0.0   2014
TOTALS             0.0             0.0       0.0           0.0
SINCE 7/1          5.3            16.6     -11.3           8.5
DAYS >=  TRACE                       0         0
DAYS >=  1.0         0               0         0             0
GREATEST
 24 HR. TOTAL      0.0   5/31


DEGREE DAYS
HEATING TOTAL      359             427       -68           371
 SINCE 7/1        5705            6500      -795          6466
COOLING TOTAL        9               0         9             0
 SINCE 1/1           9               0         9             0

.............................................................

WIND (MPH)
AVERAGE WIND SPEED                     6.2
RESULTANT WIND SPEED/DIRECTION         3/270
HIGHEST WIND SPEED/DIRECTION          26/290      DATE          05/04
HIGHEST GUST SPEED/DIRECTION          34/290      DATE          05/04


WEATHER CONDITIONS. NUMBER OF DAYS WITH
THUNDERSTORM               5    MIXED PRECIP                           0
HEAVY RAIN                 1    RAIN                                   4
LIGHT RAIN                13    FREEZING RAIN                          0
LT FREEZING RAIN           0    HAIL                                   0
HEAVY SNOW                 0    SNOW                                   0
LIGHT SNOW                 0    SLEET                                  0
FOG                        8    FOG W/VIS <=1/4 MILE                   0
HAZE                       0

-  INDICATES NEGATIVE NUMBERS.
R  INDICATES RECORD WAS SET OR TIED.
MM INDICATES DATA IS MISSING.
T  INDICATES TRACE AMOUNT.

$$
