000
CXUS56 KPDT 011548
CLMRDM

CLIMATE REPORT
NATIONAL WEATHER SERVICE PENDLETON OREGON
744 AM PST SUN JAN 01 2017

....................................

...THE REDMOND OR CLIMATE SUMMARY FOR THE MONTH OF DECEMBER 2016...

CLIMATE NORMAL PERIOD 1981 TO 2010
CLIMATE RECORD PERIOD 1949 TO 2016

WEATHER         OBSERVED          NORMAL  DEPART  LAST YEAR`S
                 VALUE   DATE(S)  VALUE   FROM    VALUE  DATE(S)
                                          NORMAL

................................................................

TEMPERATURE (F)
RECORD
 HIGH              67  12/ 3/1965
 LOW              -28  12/ 8/1972
HIGHEST            49  12/ 3       55        -6            62  12/ 8
LOWEST             -7  12/17        2        -9             0  12/ 1
AVG. MAXIMUM     35.8            40.5      -4.7          42.5
AVG. MINUMUM     12.5            20.7      -8.2          27.7
MEAN             24.1            30.6      -6.5          35.1
DAYS MAX >= 90      0               0         0             0
DAYS MAX <= 32     10               7         3             3
DAYS MIN <= 32     31              27         4            22
DAYS MIN <= 0       4               3         1            22


PRECIPITATION (INCHES)
RECORD
 MAXIMUM          5.48   1964
 MINIMUM             T   1976
TOTALS            1.74            1.16      0.58          1.88
DAILY AVG.        0.06            0.04      0.02          0.06
DAYS >=  0.01        9               9         0            12
DAYS >=  0.10        4               3         1             6
DAYS >=  0.50        1               0         1             0
DAYS >=  1.00        0               0         0             0
GREATEST
 24 HR. TOTAL     0.83  12/14



SNOWFALL (INCHES)
RECORD
 MAXIMUM          22.7   1992
 MINIMUM           0.0   1999
TOTALS             8.0             5.1       2.9           3.9
SINCE 7/1          8.0             7.7       0.3           7.9
DAYS >=  TRACE      12               3         9            13
DAYS >=  1.0         1               1         0             2
GREATEST
 24 HR. TOTAL      6.5  12/14


DEGREE DAYS
HEATING TOTAL     1259            1068       191           920
 SINCE 7/1        2723            2843      -120          2638
COOLING TOTAL        0               0         0             0
 SINCE 1/1         240             216        24           363

.............................................................

WIND (MPH)
AVERAGE WIND SPEED                     5.1
RESULTANT WIND SPEED/DIRECTION         3/195
HIGHEST WIND SPEED/DIRECTION          32/290      DATE          12/27
HIGHEST GUST SPEED/DIRECTION          41/290      DATE          12/27


WEATHER CONDITIONS. NUMBER OF DAYS WITH
THUNDERSTORM               0    MIXED PRECIP                           0
HEAVY RAIN                 0    RAIN                                   1
LIGHT RAIN                 5    FREEZING RAIN                          0
LT FREEZING RAIN           0    HAIL                                   0
HEAVY SNOW                 2    SNOW                                   2
LIGHT SNOW                15    SLEET                                  1
FOG                       11    FOG W/VIS <=1/4 MILE                   1
HAZE                       7

-  INDICATES NEGATIVE NUMBERS.
R  INDICATES RECORD WAS SET OR TIED.
MM INDICATES DATA IS MISSING.
T  INDICATES TRACE AMOUNT.

$$
