307
CXUS51 KAKQ 012130
CLMRIC


CLIMATE REPORT
NATIONAL WEATHER SERVICE WAKEFIELD, VA
418 PM EST WED FEB 1 2017

...................................

...THE RICHMOND VA CLIMATE SUMMARY FOR THE MONTH OF JANUARY 2017...

CLIMATE NORMAL PERIOD 1981 TO 2010
CLIMATE RECORD PERIOD 1871 TO 2017

WEATHER         OBSERVED          NORMAL  DEPART  LAST YEAR`S
                 VALUE   DATE(S)  VALUE   FROM    VALUE  DATE(S)
                                          NORMAL
................................................................
TEMPERATURE (F)
RECORD
 HIGH              81   01/30/2002
 LOW              -12   01/29/1940
HIGHEST            70   01/12        70       0       65  01/31
                                                          01/10
LOWEST              0   01/09        10     -10       13  01/20
AVG. MAXIMUM     49.9              47.4     2.5     45.1
AVG. MINIMUM     33.3              28.3     5.0     26.2
MEAN             41.6              37.9     3.7     35.7
DAYS MAX >= 90      0               0.0     0.0        0
DAYS MAX <= 32      3               2.6     0.4        4
DAYS MIN <= 32     10              20.5   -10.5       24
DAYS MIN <= 0       1               0.0     1.0        0

PRECIPITATION (INCHES)
RECORD
 MAXIMUM        10.08   1937
 MINIMUM         0.55   1876
TOTALS           4.29              3.04    1.25     3.30
DAILY AVG.       0.14              0.10    0.04     0.11
DAYS >= .01        14               9.7     4.3        9
DAYS >= .10         8               6.0     2.0        6
DAYS >= .50         4               2.2     1.8        3
DAYS >= 1.00        0               0.7    -0.7        0
GREATEST
 24 HR. TOTAL    1.08   01/02 TO 01/03

SNOWFALL (INCHES)
RECORDS
 TOTAL
TOTALS            7.1
SINCE 7/1         7.1               6.2     0.9     12.1
SNOWDEPTH AVG.      1                MM      MM        1
DAYS >= 1.0         1               0.9     0.1        2
GREATEST
 SNOW DEPTH         6   01/08                          9  01/24
 24 HR TOTAL      7.0   01/07 TO 01/07           01/23 TO 01/23
                                                          01/23 TO 01/23
                                                          01/23 TO 01/23

DEGREE_DAYS
HEATING TOTAL     718
 SINCE 7/1       2042              2261    -219     1896
COOLING TOTAL       0                 0       0        0
 SINCE 1/1          0                 0       0        0
....................................................

WIND (MPH)
AVERAGE WIND SPEED              8.2
HIGHEST WIND SPEED/DIRECTION    33/270    DATE  01/26
HIGHEST GUST SPEED/DIRECTION    46/270    DATE  01/26

SKY COVER
POSSIBLE SUNSHINE (PERCENT)   MM
AVERAGE SKY COVER           0.70

AVERAGE RH (PERCENT)     72

WEATHER CONDITIONS. NUMBER OF DAYS WITH
THUNDERSTORM              0     MIXED PRECIP               0
HEAVY RAIN                5     RAIN                       5
LIGHT RAIN               17     FREEZING RAIN              0
LT FREEZING RAIN          0     HAIL                       0
HEAVY SNOW                1     SNOW                       1
LIGHT SNOW                3     SLEET                      0
FOG                      18     FOG W/VIS <= 1/4 MILE      4
HAZE                      0

-  INDICATES NEGATIVE NUMBERS.
R  INDICATES RECORD WAS SET OR TIED.
MM INDICATES DATA IS MISSING.
T  INDICATES TRACE AMOUNT.

$$
