000
CXUS56 KSGX 011754
CLMRNM


CLIMATE REPORT
NATIONAL WEATHER SERVICE SAN DIEGO, CA
1054 AM PDT TUE JUL 1 2014

...................................

...THE RAMONA AIRPORT CA CLIMATE SUMMARY FOR THE MONTH OF JUNE 2014...

CLIMATE NORMAL PERIOD 1981 TO 2010
CLIMATE RECORD PERIOD 1974 TO 2014

WEATHER         OBSERVED          NORMAL  DEPART  LAST YEAR`S
                 VALUE   DATE(S)  VALUE   FROM    VALUE  DATE(S)
                                          NORMAL
................................................................
TEMPERATURE (F)
RECORD
 HIGH             108   06/17/1981
                        06/28/1974
 LOW               36   06/02/2011
HIGHEST            90   06/21        84       6      101  06/29
LOWEST             41   06/05        51     -10       45  06/21
                                                          06/11
AVG. MAXIMUM     84.7              82.5     2.2     84.2
AVG. MINIMUM     50.2              51.4    -1.2     52.5
MEAN             67.5              67.0     0.5     68.4
DAYS MAX >= 90      1               4.2    -3.2        6
DAYS MAX <= 32      0               0.0     0.0        0
DAYS MAX >= 100     0                                  1
DAYS MAX >= 110     0                                  0
DAYS MIN <= 32      0               0.0     0.0        0
DAYS MIN <= 0       0               0.0     0.0        0

PRECIPITATION (INCHES)
RECORD
 MAXIMUM         0.80   1990
 MINIMUM         0.00   2013
                        2012
                        2010
TOTALS           0.00R             0.12   -0.12     0.00
DAILY AVG.       0.00              0.00    0.00     0.00
DAYS >= .01         0                MM      MM        0
DAYS >= .10         0                MM      MM        0
DAYS >= .50         0                MM      MM        0
DAYS >= 1.00        0                MM      MM        0
DAYS >= 1.50        0                                  0
DAYS >= 2.00        0                                  0
GREATEST
 24 HR. TOTAL    0.00   06/30 TO 06/30           06/17 TO 06/18
                                                          06/30 TO 06/30
                                                          06/30 TO 06/30
 STORM TOTAL       MM                                 MM
 (MM/DD(HH))            MM                    06/18(00) TO 06/18(00)
                                                 06/30(00) TO 06/30(00)0
                                                 06/30(00) TO 06/30(00)0

SNOWFALL (INCHES)
TOTALS            0.0

DEGREE_DAYS
HEATING TOTAL       7                27     -20        2
 SINCE 7/1       1937              2551    -614     2344
COOLING TOTAL      88                86       2      110
 SINCE 1/1        171               113      58      158

FREEZE DATES
RECORD
 EARLIEST     10/10/1974
 LATEST       05/07/1975
EARLIEST      12/05             11/24
LATEST        02/05             03/25
.................................................

WIND (MPH)
AVERAGE WIND SPEED              5.6
RESULTANT WIND SPEED/DIRECTION   5/282
HIGHEST WIND SPEED/DIRECTION    18/270    DATE  06/20
HIGHEST GUST SPEED/DIRECTION    24/270    DATE  06/17

SKY COVER
POSSIBLE SUNSHINE (PERCENT)   MM
AVERAGE SKY COVER           0.20
NUMBER OF DAYS FAIR           28
NUMBER OF DAYS PC              2
NUMBER OF DAYS CLOUDY          0

AVERAGE RH (PERCENT)     63

WEATHER CONDITIONS. NUMBER OF DAYS WITH
THUNDERSTORM              0     MIXED PRECIP               0
HEAVY RAIN                0     RAIN                       0
LIGHT RAIN                0     FREEZING RAIN              0
LT FREEZING RAIN          0     HAIL                       0
HEAVY SNOW                0     SNOW                       0
LIGHT SNOW                0     SLEET                      0
FOG                      22     FOG W/VIS <= 1/4 MILE     16
HAZE                     10

-  INDICATES NEGATIVE NUMBERS.
R  INDICATES RECORD WAS SET OR TIED.
MM INDICATES DATA IS MISSING.
T  INDICATES TRACE AMOUNT.

$$
