889
CXUS55 KREV 012121
CLMRNO

CLIMATE REPORT
NATIONAL WEATHER SERVICE RENO NV
218 PM PDT MON MAY 1 2017

...................................

...THE RENO-TAHOE INTL AIRPORT NV CLIMATE SUMMARY FOR THE MONTH OF APRIL 2017...

THE AVERAGE TEMPERATURE FOR APRIL 2017 AT THE RENO TAHOE
INTERNATIONAL AIRPORT WAS 51.7 DEGREES WHICH IS 0.8 DEGREE ABOVE
NORMAL. THE HIGHEST TEMPERATURE FOR APRIL WAS 78 DEGREES WHICH
OCCURRED ON THE 30TH. THE LOWEST TEMPERATURE FOR THE MONTH WAS 28
DEGREES WHICH WAS RECORDED ON THE 9TH.

FOR APRIL 2017 0.68 INCH OF PRECIPITATION WAS RECORDED AT THE RENO
TAHOE INTERNATIONAL AIRPORT. THIS IS 0.21 INCH ABOVE NORMAL.

A TRACE OF SNOWFALL WAS REPORTED FOR APRIL AT RENO.

THE AVERAGE WIND SPEED FOR THE MONTH WAS 9.2 MPH. THE PEAK WIND GUST
FOR THE MONTH WAS 61 MPH FROM THE SOUTH WHICH OCCURRED ON THE 6TH.

CLIMATE NORMAL PERIOD 1981 TO 2010
CLIMATE RECORD PERIOD 1888 TO 2017

WEATHER         OBSERVED          NORMAL  DEPART
                 VALUE   DATE(S)  VALUE   FROM
                                          NORMAL
................................................
TEMPERATURE (F)
RECORD
 HIGH              90   04/22/2012
 LOW               13   04/03/1956
                        04/07/1953
                        04/13/1945
HIGHEST            78   04/30        89     -11
LOWEST             28   04/09        13      15
AVG. MAXIMUM     63.8              63.9    -0.1
AVG. MINIMUM     39.5              37.8     1.7
MEAN             51.7              50.9     0.8
DAYS MAX >= 90      0               0.0     0.0
DAYS MAX <= 32      0               0.0     0.0
DAYS MIN <= 32      3               5.7    -2.7
DAYS MIN <= 0       0               0.0     0.0

PRECIPITATION (INCHES)
RECORD
 MAXIMUM         3.00   1880
 MINIMUM         0.00   1886
TOTALS           0.68              0.47    0.21
DAILY AVG.       0.02              0.02    0.00
DAYS >= .01         8               4.2     3.8
DAYS >= .10         3               1.6     1.4
DAYS >= .50         0               0.1    -0.1
DAYS >= 1.00        0               0.0     0.0
GREATEST
 24 HR. TOTAL    0.23   04/06 TO 04/06
 STORM TOTAL       MM
 (MM/DD(HH))            MM

SNOWFALL (INCHES)
RECORDS
 TOTAL           12.7   5
                        0
 24 HR TOTAL       MM
TOTALS              T               0.5    -0.5
 LIQUID EQUIV      MM              0.10      MM
SINCE 7/1        27.0              21.5     5.5
 LIQUID 7/1      2.70
DAYS >= TRACE       3               1.0     2.0
DAYS >= 1.0         0               0.1    -0.1
GREATEST
 SNOW DEPTH         0   MM
 24 HR TOTAL        T   04/14 TO 04/14
 STORM TOTAL       MM
 (MM/DD(HH))            MM

DEGREE_DAYS
HEATING TOTAL     393               426     -33
 SINCE 7/1       4267              4662    -395
COOLING TOTAL       0                 1      -1
 SINCE 1/1          0                 1      -1

FREEZE DATES
RECORD
 EARLIEST     08/23/1973
 LATEST       06/27/1974
EARLIEST                        10/03
LATEST                          05/21
.................................................

WIND (MPH)
AVERAGE WIND SPEED              9.2
HIGHEST WIND SPEED/DIRECTION    51/180    DATE  04/06
HIGHEST GUST SPEED/DIRECTION    61/200    DATE  04/06

AVERAGE RH (PERCENT)     44

WEATHER CONDITIONS. NUMBER OF DAYS WITH
THUNDERSTORM              0     MIXED PRECIP               0
HEAVY RAIN                1     RAIN                       2
LIGHT RAIN                9     FREEZING RAIN              0
LT FREEZING RAIN          0     HAIL                       0
HEAVY SNOW                0     SNOW                       0
LIGHT SNOW                2     SLEET                      1
FOG                       4     FOG W/VIS <= 1/4 MILE      0
HAZE                      1

-  INDICATES NEGATIVE NUMBERS.
R  INDICATES RECORD WAS SET OR TIED.
MM INDICATES DATA IS MISSING.
T  INDICATES TRACE AMOUNT.

$$
