000
CXUS56 KSTO 082136
CLMSAC


CLIMATE REPORT
NATIONAL WEATHER SERVICE SACRAMENTO, CA
235 PM PDT MON MAY 8 2017

...................................

...THE SACRAMENTO EXEC. AIRPORT CA CLIMATE SUMMARY FOR THE MONTH OF APRIL 2017...

CLIMATE NORMAL PERIOD 1981 TO 2010
CLIMATE RECORD PERIOD 1930 TO 2017

WEATHER         OBSERVED          NORMAL  DEPART  LAST YEAR`S
                 VALUE   DATE(S)  VALUE   FROM    VALUE
                                          NORMAL
.............................................................
TEMPERATURE (F)
RECORD
 HIGH              95   04/26/2004
                        04/30/1996
 LOW               31   04/09/1999
HIGHEST            84   04/30        MM      MM
LOWEST             37   04/09        MM      MM
AVG. MAXIMUM     69.7              71.1    -1.4
AVG. MINIMUM     47.9              46.2     1.7
MEAN             58.8              58.7     0.1
DAYS MAX >= 90      0               0.4    -0.4
DAYS MAX <= 32      0               0.0     0.0
DAYS MIN <= 32      0               0.0     0.0
DAYS MIN <= 0       0               0.0     0.0

PRECIPITATION (INCHES)
RECORD
 MAXIMUM         4.76   1941
 MINIMUM         0.00   1949
TOTALS           2.93              1.15    1.78     1.03
DAYS >= .01         9
DAYS >= .10         6
DAYS >= .50         2
DAYS >= 1.00        1

SNOWFALL (INCHES)
RECORDS
 TOTAL             MM   MM
 24 HR TOTAL       MM
TOTALS            0.0               0.0     0.0
 LIQUID EQUIV    0.00              0.00    0.00
SINCE 7/1         0.0               0.0     0.0
 LIQUID 7/1      0.00
DAYS >= TRACE       0               0.0     0.0
DAYS >= 1.0         0               0.0     0.0
GREATEST
 SNOW DEPTH         0   MM
 24 HR TOTAL      0.0   04/30 TO 04/30
 STORM TOTAL       MM
 (MM/DD(HH))            MM

DEGREE_DAYS
HEATING TOTAL     180               205     -25
 SINCE 7/1       2321              2538    -217
COOLING TOTAL       3                15     -12
 SINCE 1/1          3                16     -13

FREEZE DATES
RECORD
 EARLIEST     MM
 LATEST       MM
EARLIEST                        MM
LATEST                          MM
..............................................................

WIND (MPH)
AVERAGE WIND SPEED              6.4
HIGHEST WIND SPEED/DIRECTION    29/340    DATE  04/28
HIGHEST GUST SPEED/DIRECTION    37/340    DATE  04/28

SKY COVER
POSSIBLE SUNSHINE (PERCENT)   MM
AVERAGE SKY COVER           0.30
NUMBER OF DAYS FAIR           20
NUMBER OF DAYS PC              6
NUMBER OF DAYS CLOUDY          4

AVERAGE RH (PERCENT)     68

WEATHER CONDITIONS. NUMBER OF DAYS WITH
THUNDERSTORM              0     MIXED PRECIP               0
HEAVY RAIN                3     RAIN                       4
LIGHT RAIN               11     FREEZING RAIN              0
LT FREEZING RAIN          0     HAIL                       0
HEAVY SNOW                0     SNOW                       0
LIGHT SNOW                0     SLEET                      0
FOG                       9     FOG W/VIS <= 1/4 MILE      1
HAZE                      0

-  INDICATES NEGATIVE NUMBERS.
R  INDICATES RECORD WAS SET OR TIED.
MM INDICATES DATA IS MISSING.
T  INDICATES TRACE AMOUNT.

$$
