000
CXUS56 KSGX 012052
CLMSAN


CLIMATE REPORT
NATIONAL WEATHER SERVICE SAN DIEGO, CA
152 PM PDT MON AUG 1 2016

...................................

...THE SAN DIEGO/LINDBERGH FIELD CA CLIMATE SUMMARY FOR THE MONTH OF JULY 2016...

CLIMATE NORMAL PERIOD 1981 TO 2010
CLIMATE RECORD PERIOD 1874 TO 2016

WEATHER         OBSERVED          NORMAL  DEPART  LAST YEAR`S
                 VALUE   DATE(S)  VALUE   FROM    VALUE  DATE(S)
                                          NORMAL
................................................................
TEMPERATURE (F)
RECORD
 HIGH             100   07/30/1930
 LOW               54   07/16/1884
                        07/04/1880
HIGHEST            85   07/22        76       9       88  07/19
LOWEST             63   07/01        66      -3       64  07/18
                                                          07/07
AVG. MAXIMUM     75.8              74.6     1.2     77.1
AVG. MINIMUM     66.0              65.4     0.6     67.7
MEAN             70.9              70.0     0.9     72.4
DAYS MAX >= 90      0               0.1    -0.1        0
DAYS MAX <= 32      0               0.0     0.0        0
DAYS MAX >= 100     0                                  0
DAYS MIN <= 32      0               0.0     0.0        0

PRECIPITATION (INCHES)
RECORD
 MAXIMUM         1.71   2015
 MINIMUM         0.00   2011
                        2009
                        2008
TOTALS              T              0.03   -0.03     1.71
DAILY AVG.          T              0.00    0.00     0.06
DAYS >= .01         0               0.7    -0.7        4
DAYS >= .10         0               0.1    -0.1        2
DAYS >= .50         0               0.0     0.0        2
DAYS >= 1.00        0               0.0     0.0        1
DAYS >= 1.50        0                                  0
DAYS >= 2.00        0                                  0
GREATEST
 24 HR. TOTAL       T   07/25 TO 07/25           07/18 TO 07/18
                                                          07/31 TO 07/31
                                                          07/31 TO 07/31
 STORM TOTAL       MM                                 MM
 (MM/DD(HH))            MM                    07/18(00) TO 07/18(00)
                                                 07/31(00) TO 07/31(00)1
                                                 07/31(00) TO 07/31(00)1

DEGREE_DAYS
HEATING TOTAL       0                 1      -1        0
 SINCE 7/1          0                 1      -1        0
COOLING TOTAL     191               156      35      237
 SINCE 1/1        434               265     169      543

FREEZE DATES
RECORD
 EARLIEST     MM
 LATEST       MM
EARLIEST                        MM
LATEST                          MM
..................................................

WIND (MPH)
AVERAGE WIND SPEED              6.3
RESULTANT WIND SPEED/DIRECTION   4/269
HIGHEST WIND SPEED/DIRECTION    20/200    DATE  07/23
HIGHEST GUST SPEED/DIRECTION    24/210    DATE  07/23

SKY COVER
POSSIBLE SUNSHINE (PERCENT)   MM
AVERAGE SKY COVER           0.60
NUMBER OF DAYS FAIR            0
NUMBER OF DAYS PC             30
NUMBER OF DAYS CLOUDY          1

AVERAGE RH (PERCENT)     75

WEATHER CONDITIONS. NUMBER OF DAYS WITH
THUNDERSTORM              0     MIXED PRECIP               0
HEAVY RAIN                0     RAIN                       0
LIGHT RAIN                1     FREEZING RAIN              0
LT FREEZING RAIN          0     HAIL                       0
HEAVY SNOW                0     SNOW                       0
LIGHT SNOW                0     SLEET                      0
FOG                       4     FOG W/VIS <= 1/4 MILE      0
HAZE                      5

-  INDICATES NEGATIVE NUMBERS.
R  INDICATES RECORD WAS SET OR TIED.
MM INDICATES DATA IS MISSING.
T  INDICATES TRACE AMOUNT.

$$
