000
CXUS51 KAKQ 011252
CLMSBY


CLIMATE REPORT
NATIONAL WEATHER SERVICE WAKEFIELD, VA
749 AM EST THU FEB 1 2018

...................................

...THE SALISBURY MD CLIMATE SUMMARY FOR THE MONTH OF JANUARY 2018...

CLIMATE NORMAL PERIOD 1981 TO 2010
CLIMATE RECORD PERIOD 1900 TO 2018

WEATHER         OBSERVED          NORMAL  DEPART  LAST YEAR`S
                 VALUE   DATE(S)  VALUE   FROM    VALUE  DATE(S)
                                          NORMAL
................................................................
TEMPERATURE (F)
RECORD
 HIGH              77   01/30/2002
 LOW               -9   01/21/1918
HIGHEST            68   01/23        49      19       67  01/12
LOWEST              3   01/07        31     -28        0  01/09
AVG. MAXIMUM     44.0              44.2    -0.2     47.8
AVG. MINIMUM     23.6              26.6    -3.0     32.6
MEAN             33.8              35.4    -1.6     40.2
DAYS MAX >= 90      0               0.0     0.0        0
DAYS MAX <= 32      7               4.4     2.6        3
DAYS MIN <= 32     24              21.9     2.1       14
DAYS MIN <= 0       0               0.1    -0.1        1

PRECIPITATION (INCHES)
RECORD
 MAXIMUM         9.86   1937
 MINIMUM         0.10   1921
TOTALS           3.53              3.61   -0.08     3.35
DAILY AVG.       0.11              0.12   -0.01     0.11
DAYS >= .01         9              10.2    -1.2       12
DAYS >= .10         7               6.6     0.4        8
DAYS >= .50         4               2.6     1.4        3
DAYS >= 1.00        1               0.8     0.2        0
GREATEST
 24 HR. TOTAL    1.06   01/23 TO 01/23

SNOWFALL (INCHES)
RECORDS
 TOTAL             MM
TOTALS            9.4
SINCE 7/1        16.4               5.0    11.4      9.6
SNOWDEPTH AVG.      0                MM      MM        0
DAYS >= 1.0         2               1.1     0.9        1
GREATEST
 SNOW DEPTH         0   MM                             1  01/30
 24 HR TOTAL      8.3   01/04 TO 01/04           01/07 TO 01/07
                                                          01/07 TO 01/07
                                                          01/07 TO 01/07

DEGREE_DAYS
HEATING TOTAL     959               917      42      762
 SINCE 7/1       2506              2541     -35     2202
COOLING TOTAL       0                 0       0        0
 SINCE 1/1          0                 0       0        0
........................................................

WIND (MPH)
AVERAGE WIND SPEED              8.9
HIGHEST WIND SPEED/DIRECTION    38/330    DATE  01/04
HIGHEST GUST SPEED/DIRECTION    46/330    DATE  01/04

SKY COVER
POSSIBLE SUNSHINE (PERCENT)   MM
AVERAGE SKY COVER           0.40

AVERAGE RH (PERCENT)     68

WEATHER CONDITIONS. NUMBER OF DAYS WITH
THUNDERSTORM              0     MIXED PRECIP               0
HEAVY RAIN                1     RAIN                       5
LIGHT RAIN                6     FREEZING RAIN              0
LT FREEZING RAIN          0     HAIL                       0
HEAVY SNOW                0     SNOW                       0
LIGHT SNOW                5     SLEET                      0
FOG                      13     FOG W/VIS <= 1/4 MILE      2
HAZE                      4

-  INDICATES NEGATIVE NUMBERS.
R  INDICATES RECORD WAS SET OR TIED.
MM INDICATES DATA IS MISSING.
T  INDICATES TRACE AMOUNT.

$$
