000
CXUS53 KSGF 010634
CLMSGF


CLIMATE REPORT
NATIONAL WEATHER SERVICE SPRINGFIELD MO
1234 AM CST SUN FEB 1 2015

...................................

...THE SPRINGFIELD MO CLIMATE SUMMARY FOR THE MONTH OF JANUARY 2015...

CLIMATE NORMAL PERIOD 1981 TO 2010
CLIMATE RECORD PERIOD 1888 TO 2015

WEATHER         OBSERVED          NORMAL  DEPART
                 VALUE   DATE(S)  VALUE   FROM
                                          NORMAL
................................................
TEMPERATURE (F)
RECORD
 HIGH              76   01/24/1950
 LOW              -19   01/12/1918
HIGHEST            68   01/28        42      26
LOWEST              2   01/08        20     -18
AVG. MAXIMUM     45.7              42.9     2.8
AVG. MINIMUM     23.5              22.4     1.1
MEAN             34.6              32.6     2.0
DAYS MAX >= 90      0               0.0     0.0
DAYS MAX <= 32      3               6.2    -3.2
DAYS MIN <= 32     24              25.0    -1.0
DAYS MIN <= 0       0               1.3    -1.3

PRECIPITATION (INCHES)
RECORD
 MAXIMUM         9.31   1916
 MINIMUM         0.07   1943
TOTALS           0.81              2.47   -1.66
DAILY AVG.       0.03              0.08   -0.05
DAYS >= .01         8               8.2    -0.2
DAYS >= .10         2               4.2    -2.2
DAYS >= .50         0               1.5    -1.5
DAYS >= 1.00        0               0.6    -0.6
GREATEST
 24 HR. TOTAL    0.53   01/02 TO 01/03

SNOWFALL (INCHES)
TOTALS            0.3
SINCE 7/1         2.5
DAYS >= TRACE       5

DEGREE_DAYS
HEATING TOTAL     938              1003     -65
 SINCE 7/1       2708              2813    -105
COOLING TOTAL       0                 0       0
 SINCE 1/1          0                 0       0
.................................................

WIND (MPH)
AVERAGE WIND SPEED              9.4
HIGHEST WIND SPEED/DIRECTION    31/360    DATE  01/07
HIGHEST GUST SPEED/DIRECTION    38/330    DATE  01/07

SKY COVER
POSSIBLE SUNSHINE (PERCENT)   MM
AVERAGE SKY COVER           0.40
NUMBER OF DAYS FAIR           20
NUMBER OF DAYS PC              5
NUMBER OF DAYS CLOUDY          6

AVERAGE RH (PERCENT)     62

WEATHER CONDITIONS. NUMBER OF DAYS WITH
THUNDERSTORM              0     MIXED PRECIP               0
HEAVY RAIN                1     RAIN                       3
LIGHT RAIN                9     FREEZING RAIN              0
LT FREEZING RAIN          3     HAIL                       0
HEAVY SNOW                0     SNOW                       0
LIGHT SNOW                4     SLEET                      2
FOG                      11     FOG W/VIS <= 1/4 MILE      1
HAZE                      2

-  INDICATES NEGATIVE NUMBERS.
R  INDICATES RECORD WAS SET OR TIED.
MM INDICATES DATA IS MISSING.
T  INDICATES TRACE AMOUNT.

$$
